{"id":3277,"date":"2017-12-18T18:33:11","date_gmt":"2017-12-18T18:33:11","guid":{"rendered":"http:\/\/biblian.is\/gudbrandsbiblia\/salmarnir-105-kafli\/"},"modified":"2017-12-18T18:33:11","modified_gmt":"2017-12-18T18:33:11","slug":"salmarnir-105-kafli","status":"publish","type":"page","link":"https:\/\/biblian.is\/gudbrandsbiblia\/salmarnir-105-kafli\/","title":{"rendered":"S\u00e1lmarnir 105. kafli"},"content":{"rendered":"<p>CV.<\/p>\n<p>\u00deakki \u00fe\u00e9r Drottni og pr\u00e9diki\u00f0 hans nafn, vi\u00f0fr\u00e6gi\u00f0 hans verk \u00e1 me\u00f0al f\u00f3lksins. <span class=\"athugasemd\" title=\"1. Para. 16 \/ Esa. 12\">[<\/span><\/p>\n<p>\tSyngi\u00f0 af honum og lofi\u00f0 hann, segi\u00f0 \u00fat af \u00f6llum hans d\u00e1semdum.<\/p>\n<p>\tHr\u00f3si\u00f0 hans heilaga nafni, hjarta\u00f0 \u00feeirra sem Drottni leita \u00fea\u00f0 gle\u00f0ji sig.<\/p>\n<p>\tSpyrji\u00f0 eftir Drottni og eftir hans styrk, leiti\u00f0 hans andlits alla t\u00edma.<\/p>\n<p>\tMinnist hans d\u00e1semdarverka \u00feau e\u00f0 hann hefur gj\u00f6rt, hans st\u00f3rmerkja og hans or\u00f0s,<\/p>\n<p>\t\u00fe\u00e9r s\u00e6\u00f0i\u00f0 Abrahams, hans \u00fej\u00f3nustumanns, \u00fe\u00e9r synir Jakobs, \u00feess hins \u00fatvalda.<\/p>\n<p>\tHann er Drottinn vor Gu\u00f0, hann d\u00e6mir \u00fat \u00ed allri ver\u00f6ld.<\/p>\n<p>\tHann minnist s\u00edns s\u00e1ttm\u00e1la eil\u00edflega, \u00feess or\u00f0sins sem hann hefur fyrirheiti\u00f0 \u00ed marga \u00fe\u00fasund li\u00f0u,<\/p>\n<p>\t\u00fea\u00f0 hann hefur bundi\u00f0 vi\u00f0 Abraham og s\u00edns ei\u00f0s vi\u00f0 \u00cdsak. <span class=\"athugasemd\" title=\"Gen. 12 \/ 26. 28\">[<\/span><\/p>\n<p>\tOg hann setti Jakob \u00fea\u00f0 sama fyrir bo\u00f0or\u00f0 og \u00cdsrael til eil\u00edfs s\u00e1ttm\u00e1la<\/p>\n<p>\tog sag\u00f0i: &#8222;\u00de\u00e9r vil eg gefa landi\u00f0 Kanaan, hlutskipti y\u00f0ar arfleif\u00f0ar&#8220;<\/p>\n<p>\t\u00fe\u00e1 e\u00f0 \u00feeir voru f\u00e1ir a\u00f0 t\u00f6lu og ei margir og framandi \u00fear inni.<\/p>\n<p>\tOg \u00feeir f\u00f3ru \u00ed fr\u00e1 einni \u00fej\u00f3\u00f0 til annarrar, \u00far \u00f6\u00f0ru r\u00edkinu til eins annars f\u00f3lks.<\/p>\n<p>\t\u00d6ngvan mann l\u00e9t hann \u00feeim ska\u00f0a gj\u00f6ra og k\u00f3ngana \u00fe\u00e1 straffa\u00f0i hann \u00feeirra vegna. <span class=\"athugasemd\" title=\"Gen. 12. 20 \/ 1. Para. 16 \/ 2. Reg. 1\">[<\/span> <\/p>\n<p>\t&#8222;Snerti\u00f0 ekki m\u00edna \u00fe\u00e1 hina smur\u00f0u og gj\u00f6ri\u00f0 m\u00ednum prophetum \u00f6ngva meinsemd.&#8220;<\/p>\n<p>\tOg hann l\u00e9t hall\u00e6ri\u00f0 koma yfir landi\u00f0 og \u00ed burtsvipti \u00f6llum tilf\u00f6ngum f\u00e6\u00f0slunnar. <span class=\"athugasemd\" title=\"Gen. 41\">[<\/span> <\/p>\n<p>\tHann sendi einn mann undan \u00feeim, J\u00f3sef var seldur \u00fat \u00ed \u00fer\u00e6ld\u00f3m. <span class=\"athugasemd\" title=\"Gen. 37\">[<\/span> <\/p>\n<p>\t\u00deeir \u00fevingu\u00f0u hans f\u00e6tur \u00ed fj\u00f6trum, hans l\u00edkami hlaut \u00ed j\u00e1rnum a\u00f0 liggja. <span class=\"athugasemd\" title=\"Gen. 39\">[<\/span> <\/p>\n<p>\tAllt \u00feanga\u00f0 til a\u00f0 hans or\u00f0 \u00fea\u00f0 kom fram og r\u00e6\u00f0a Drottins gagnhreinsa\u00f0i hann.<\/p>\n<p>\t\u00de\u00e1 sendi k\u00f3ngurinn \u00fat og l\u00e9t l\u00e1ta hann lausan, h\u00f6f\u00f0inginn f\u00f3lksins skipa\u00f0i hann \u00fat a\u00f0 l\u00e1ta. <span class=\"athugasemd\" title=\"Gen. 41\">[<\/span> <\/p>\n<p>\tHann setti hann herra yfir sitt h\u00fas og h\u00f6f\u00f0ingja yfir allar s\u00ednar eignir<\/p>\n<p>\tsvo \u00fea\u00f0 hann mennta\u00f0i hans h\u00f6f\u00f0ingja eftir sinni speki og v\u00edsd\u00f3m kenndi hans \u00f6ldungum.<\/p>\n<p>\tOg \u00cdsrael f\u00f3r \u00ed Egyptaland og Jakob var\u00f0 einn framandi mann \u00ed landinu Kam. <span class=\"athugasemd\" title=\"Gen. 46\">[<\/span> <\/p>\n<p>\tOg hann l\u00e9t sitt f\u00f3lk aukast mj\u00f6g og gj\u00f6r\u00f0i \u00fe\u00e1 megtugri en \u00feeirra \u00f3vini. <span class=\"athugasemd\" title=\"Exod. 1 \/ Act. 7 \/ Exod. 3\">[<\/span> <\/p>\n<p>\tHann umsneri hj\u00f6rtum hinna annarra so a\u00f0 \u00feeir h\u00f6f\u00f0u hans f\u00f3lk a\u00f0 hatri og \u00feenktu s\u00e9r me\u00f0 sl\u00e6g\u00f0 hans \u00fe\u00e9nara ni\u00f0ur a\u00f0 kefja.<\/p>\n<p>\tHann sendi sinn \u00fej\u00f3n Moysen, Aron \u00feann e\u00f0 hann \u00fatvaldi.<\/p>\n<p>\t\u00deeir hinir s\u00f6mu gj\u00f6r\u00f0u hans teikn \u00e1 me\u00f0al \u00feeirra og hans st\u00f3rmerki \u00ed landinu Kam. <span class=\"athugasemd\" title=\"Exod. 7\">[<\/span> <\/p>\n<p>\tHann sendi myrkurin og l\u00e9t dimmt ver\u00f0a og \u00feeir <span class=\"athugasemd\" title=\"sword M\u00f3ses og Aron \/ Exod. 7\">[<\/span> voru ekki \u00f3hl\u00fd\u00f0ugir hans or\u00f0um. <span class=\"athugasemd\" title=\"Exod. 10\">[<\/span> <\/p>\n<p>\tHann sneri v\u00f6tnum \u00feeirra \u00ed bl\u00f3\u00f0 og drap so \u00feeirra fiska.<\/p>\n<p>\t\u00deeirra land \u00fatleiddi p\u00f6ddur af s\u00e9r, inn \u00ed \u00feau hinu innstu herbergi \u00feeirra konunga.<\/p>\n<p>\tHann sag\u00f0i, \u00fe\u00e1 komu ilskuormar og l\u00fds \u00ed allar \u00feeirrar lands\u00e1lfur. <span class=\"athugasemd\" title=\"Exod. 8\">[<\/span> <\/p>\n<p>\tHann gaf \u00feeim hagl fyrir regn, eldsloga \u00fat \u00ed \u00feeirra land <span class=\"athugasemd\" title=\"Exod. 9\">[<\/span> <\/p>\n<p>\tog sl\u00f3 \u00feeirra v\u00ednvi\u00f0 og f\u00edknatr\u00e9 og \u00ed sundurbraut \u00f6ll aldintr\u00e9 \u00ed \u00feeirra takm\u00f6rkum.<\/p>\n<p>\tHann sag\u00f0i, \u00fe\u00e1 komu engisprettur og grasma\u00f0kar \u00f3tal <span class=\"athugasemd\" title=\"Exod. 10\">[<\/span> <\/p>\n<p>\tog \u00feeir \u00e1tu upp allt gras \u00ed \u00feeirra landi og \u00feeir \u00e1tu upp allan \u00e1v\u00f6xt \u00e1 \u00feeirra akurl\u00f6ndum.<\/p>\n<p>\tOg hann sl\u00f3 allan frumgetna\u00f0 \u00e1 Egyptalandi, alla \u00feeirra fyrstu erfingja. <span class=\"athugasemd\" title=\"Exod. 12. 13\">[<\/span> <\/p>\n<p>\tOg hann \u00fatleiddi \u00fe\u00e1 me\u00f0 gulli og silfri og \u00ed bland \u00feeirra slektis var enginn vanf\u00e6r.<\/p>\n<p>\tEgyptaland gladdist vi\u00f0 a\u00f0 \u00feeir \u00fatf\u00f3ru \u00fev\u00ed a\u00f0 hr\u00e6\u00f0slan af \u00feeim til var yfir \u00fe\u00e1 dottin.<\/p>\n<p>\tHann breiddi \u00fat sk\u00fdi\u00f0 til a\u00f0 sk\u00fdla \u00feeim og eldinn \u00e1 n\u00f3ttinni til a\u00f0 l\u00fdsa \u00feeim. <span class=\"athugasemd\" title=\"Exod. 13 \/ S\u00e1l. 78\">[<\/span> <\/p>\n<p>\t\u00deeir beiddu, \u00fe\u00e1 l\u00e9t hann <span class=\"athugasemd\" title=\"sword Eru sj\u00f3fuglar, \u00f3kenndir h\u00e9r\">[<\/span> coturnices koma og hann saddi \u00fe\u00e1 me\u00f0 himnabrau\u00f0i.<\/p>\n<p>\tHann opna\u00f0i hellubjargi\u00f0, \u00fe\u00e1 rann vatn \u00fat \u00fea\u00f0an so a\u00f0 \u00fear runnu l\u00e6kir \u00ed \u00feurrlendri ey\u00f0im\u00f6rku. <span class=\"athugasemd\" title=\"Exod. 17 \/ Num. 20 \/ Gen. 12\">[<\/span> <\/p>\n<p>\t\u00dev\u00ed a\u00f0 hann minntist \u00e1 sitt heilaga or\u00f0 sem hann haf\u00f0i tala\u00f0 til Abrahams s\u00edns \u00fej\u00f3nustumanns.<\/p>\n<p>\t\u00deannin \u00fatleiddi hann sitt f\u00f3lk me\u00f0 fagna\u00f0i og s\u00edna \u00fatvalda me\u00f0 gle\u00f0i<\/p>\n<p>\tog gaf \u00feeim l\u00f6ndin hei\u00f0ingjanna so \u00fea\u00f0 \u00feeir eignu\u00f0ust au\u00f0\u00e6fin \u00fej\u00f3\u00f0anna <span class=\"athugasemd\" title=\"J\u00f3s. 3\">[<\/span> \t<\/p>\n<p>\tupp \u00e1 \u00fea\u00f0 a\u00f0 \u00feeir skyldi halda hans r\u00e9ttl\u00e6tingar og var\u00f0veita hans l\u00f6gm\u00e1l. Halel\u00faja.<\/p>\n","protected":false},"excerpt":{"rendered":"<p>CV. \u00deakki \u00fe\u00e9r Drottni og pr\u00e9diki\u00f0 hans nafn, vi\u00f0fr\u00e6gi\u00f0 hans verk \u00e1 me\u00f0al f\u00f3lksins. [ Syngi\u00f0 af honum og lofi\u00f0 hann, segi\u00f0 \u00fat af \u00f6llum hans d\u00e1semdum. Hr\u00f3si\u00f0 hans heilaga nafni, hjarta\u00f0 \u00feeirra sem Drottni leita \u00fea\u00f0 gle\u00f0ji sig. Spyrji\u00f0 eftir Drottni og eftir hans styrk, leiti\u00f0 hans andlits alla t\u00edma. Minnist hans d\u00e1semdarverka \u00feau e\u00f0 hann hefur gj\u00f6rt, hans st\u00f3rmerkja og hans or\u00f0s, \u00fe\u00e9r s\u00e6\u00f0i\u00f0 Abrahams, hans \u00fej\u00f3nustumanns, \u00fe\u00e9r synir Jakobs, \u00feess hins \u00fatvalda. Hann er Drottinn vor Gu\u00f0, hann d\u00e6mir \u00fat \u00ed allri ver\u00f6ld. Hann minnist s\u00edns s\u00e1ttm\u00e1la eil\u00edflega, \u00feess or\u00f0sins sem hann hefur fyrirheiti\u00f0 \u00ed marga \u00fe\u00fasund <a href=\"https:\/\/biblian.is\/gudbrandsbiblia\/salmarnir-105-kafli\/\"> [&#8230;]<\/a><\/p>\n","protected":false},"author":1,"featured_media":0,"parent":0,"menu_order":0,"comment_status":"open","ping_status":"open","template":"bibliukaflar.php","meta":{"footnotes":""},"class_list":["post-3277","page","type-page","status-publish","hentry"],"_links":{"self":[{"href":"https:\/\/biblian.is\/gudbrandsbiblia\/wp-json\/wp\/v2\/pages\/3277","targetHints":{"allow":["GET"]}}],"collection":[{"href":"https:\/\/biblian.is\/gudbrandsbiblia\/wp-json\/wp\/v2\/pages"}],"about":[{"href":"https:\/\/biblian.is\/gudbrandsbiblia\/wp-json\/wp\/v2\/types\/page"}],"author":[{"embeddable":true,"href":"https:\/\/biblian.is\/gudbrandsbiblia\/wp-json\/wp\/v2\/users\/1"}],"replies":[{"embeddable":true,"href":"https:\/\/biblian.is\/gudbrandsbiblia\/wp-json\/wp\/v2\/comments?post=3277"}],"version-history":[{"count":0,"href":"https:\/\/biblian.is\/gudbrandsbiblia\/wp-json\/wp\/v2\/pages\/3277\/revisions"}],"wp:attachment":[{"href":"https:\/\/biblian.is\/gudbrandsbiblia\/wp-json\/wp\/v2\/media?parent=3277"}],"curies":[{"name":"wp","href":"https:\/\/api.w.org\/{rel}","templated":true}]}}