{"id":3269,"date":"2017-12-18T18:33:08","date_gmt":"2017-12-18T18:33:08","guid":{"rendered":"http:\/\/biblian.is\/gudbrandsbiblia\/salmarnir-97-kafli\/"},"modified":"2017-12-18T18:33:08","modified_gmt":"2017-12-18T18:33:08","slug":"salmarnir-97-kafli","status":"publish","type":"page","link":"https:\/\/biblian.is\/gudbrandsbiblia\/salmarnir-97-kafli\/","title":{"rendered":"S\u00e1lmarnir 97. kafli"},"content":{"rendered":"<p>XCVII.<\/p>\n<p>Drottinn hann er konungurinn, \u00feess gle\u00f0ur sig jar\u00f0r\u00edki\u00f0 og eyjarnar s\u00e9 gla\u00f0v\u00e6rar svo margar sem \u00fe\u00e6r eru.<\/p>\n<p>\tSk\u00fdin og \u00feokan eru \u00ed kringum hann, r\u00e9ttv\u00edsin og d\u00f3murinn eru grundvallan hans tignars\u00e6tis.<\/p>\n<p>\tEldurinn \u00fatgengur fyrir honum og brennir allt um kring hans \u00f3vini.<\/p>\n<p>\tHans eldingar leiftra um jar\u00f0arkringluna svo \u00fea\u00f0 j\u00f6r\u00f0in s\u00e9r \u00fea\u00f0 og skelfist vi\u00f0.<\/p>\n<p>\tBj\u00f6rgin br\u00e1\u00f0na ni\u00f0ur sem anna\u00f0 vax fyrir Drottni, fyri drottnaranum alls jar\u00f0r\u00edkis.<\/p>\n<p>\tHimnarnir kunngj\u00f6ra hans r\u00e9ttl\u00e6ti og allar \u00fej\u00f3\u00f0ir \u00fe\u00e1 sj\u00e1 hans vegsemd.<\/p>\n<p>\tSkammist \u00feeir s\u00edn allir sem g\u00f6fga l\u00edkneskin og hr\u00f3sast \u00ed sk\u00fargo\u00f0um, tilbi\u00f0ji\u00f0 hann, allir gu\u00f0ir. <span class=\"athugasemd\" title=\"Exod. 20 \/ Levit. 26 \/ Deut. 5 \/ Heb. 1\">[<\/span> <\/p>\n<p>\tS\u00edon heyr\u00f0i \u00fea\u00f0 og gladdist vi\u00f0 og d\u00e6turnar J\u00fada \u00fe\u00e6r gle\u00f0ja sig, Drottinn, yfir \u00feinni r\u00edkisstj\u00f3rnan.<\/p>\n<p>\t\u00dev\u00ed a\u00f0 \u00fe\u00fa, Drottinn, ert s\u00e1 Hinn h\u00e6\u00f0sti \u00ed \u00f6llum l\u00f6ndum, \u00fe\u00fa ert mj\u00f6g upphafinn yfir alla gu\u00f0i.<\/p>\n<p>\t\u00de\u00e9r sem elski\u00f0 Drottin, hati\u00f0 hi\u00f0 vonda, Drottinn hann var\u00f0veitir s\u00e1lir sinna heilagra, \u00fat af hendi \u00f3gu\u00f0hr\u00e6ddra \u00fe\u00e1 mun hann frelsa \u00fe\u00e6r.<\/p>\n<p>\tHinum r\u00e9ttl\u00e1ta hl\u00fdtur \u00e6t\u00ed\u00f0 <span class=\"athugasemd\" title=\"a \/ Lukka og fars\u00e6ld\">[<\/span> lj\u00f3si\u00f0 upp aftur a\u00f0 renna og f\u00f6gnu\u00f0urinn \u00feeim r\u00e9ttfer\u00f0ugum \u00ed hjarta.<\/p>\n<p>\t\u00de\u00e9r r\u00e9ttl\u00e1tir, gle\u00f0ji\u00f0 y\u00f0ur \u00ed Drottni og \u00feakki\u00f0 honum og pr\u00edsi\u00f0 hans heilagleik.<\/p>\n","protected":false},"excerpt":{"rendered":"<p>XCVII. Drottinn hann er konungurinn, \u00feess gle\u00f0ur sig jar\u00f0r\u00edki\u00f0 og eyjarnar s\u00e9 gla\u00f0v\u00e6rar svo margar sem \u00fe\u00e6r eru. Sk\u00fdin og \u00feokan eru \u00ed kringum hann, r\u00e9ttv\u00edsin og d\u00f3murinn eru grundvallan hans tignars\u00e6tis. Eldurinn \u00fatgengur fyrir honum og brennir allt um kring hans \u00f3vini. Hans eldingar leiftra um jar\u00f0arkringluna svo \u00fea\u00f0 j\u00f6r\u00f0in s\u00e9r \u00fea\u00f0 og skelfist vi\u00f0. Bj\u00f6rgin br\u00e1\u00f0na ni\u00f0ur sem anna\u00f0 vax fyrir Drottni, fyri drottnaranum alls jar\u00f0r\u00edkis. Himnarnir kunngj\u00f6ra hans r\u00e9ttl\u00e6ti og allar \u00fej\u00f3\u00f0ir \u00fe\u00e1 sj\u00e1 hans vegsemd. Skammist \u00feeir s\u00edn allir sem g\u00f6fga l\u00edkneskin og hr\u00f3sast \u00ed sk\u00fargo\u00f0um, tilbi\u00f0ji\u00f0 hann, allir gu\u00f0ir. [ S\u00edon heyr\u00f0i \u00fea\u00f0 og gladdist <a href=\"https:\/\/biblian.is\/gudbrandsbiblia\/salmarnir-97-kafli\/\"> [&#8230;]<\/a><\/p>\n","protected":false},"author":1,"featured_media":0,"parent":0,"menu_order":0,"comment_status":"open","ping_status":"open","template":"bibliukaflar.php","meta":{"footnotes":""},"class_list":["post-3269","page","type-page","status-publish","hentry"],"_links":{"self":[{"href":"https:\/\/biblian.is\/gudbrandsbiblia\/wp-json\/wp\/v2\/pages\/3269","targetHints":{"allow":["GET"]}}],"collection":[{"href":"https:\/\/biblian.is\/gudbrandsbiblia\/wp-json\/wp\/v2\/pages"}],"about":[{"href":"https:\/\/biblian.is\/gudbrandsbiblia\/wp-json\/wp\/v2\/types\/page"}],"author":[{"embeddable":true,"href":"https:\/\/biblian.is\/gudbrandsbiblia\/wp-json\/wp\/v2\/users\/1"}],"replies":[{"embeddable":true,"href":"https:\/\/biblian.is\/gudbrandsbiblia\/wp-json\/wp\/v2\/comments?post=3269"}],"version-history":[{"count":0,"href":"https:\/\/biblian.is\/gudbrandsbiblia\/wp-json\/wp\/v2\/pages\/3269\/revisions"}],"wp:attachment":[{"href":"https:\/\/biblian.is\/gudbrandsbiblia\/wp-json\/wp\/v2\/media?parent=3269"}],"curies":[{"name":"wp","href":"https:\/\/api.w.org\/{rel}","templated":true}]}}