{"id":3268,"date":"2017-12-18T18:33:08","date_gmt":"2017-12-18T18:33:08","guid":{"rendered":"http:\/\/biblian.is\/gudbrandsbiblia\/salmarnir-96-kafli\/"},"modified":"2017-12-18T18:33:08","modified_gmt":"2017-12-18T18:33:08","slug":"salmarnir-96-kafli","status":"publish","type":"page","link":"https:\/\/biblian.is\/gudbrandsbiblia\/salmarnir-96-kafli\/","title":{"rendered":"S\u00e1lmarnir 96. kafli"},"content":{"rendered":"<p>XCVI.<\/p>\n<p>Syngi\u00f0 Drottni n\u00fdjan lofs\u00f6ng, syngi Drottni \u00f6ll ver\u00f6ldin,<\/p>\n<p>\tsyngi\u00f0 Drottni og lofi\u00f0 hans nafn, kunngj\u00f6ri\u00f0 dag fr\u00e1 degi hans hj\u00e1lpr\u00e6\u00f0i.<\/p>\n<p>\tKunngj\u00f6ri\u00f0 \u00e1 me\u00f0al hei\u00f0inna \u00fej\u00f3\u00f0a hans d\u00fdr\u00f0, me\u00f0al allsh\u00e1tta\u00f0ra \u00fej\u00f3\u00f0a hans d\u00e1semdir.<\/p>\n<p>\t\u00dev\u00ed a\u00f0 Drottinn er mikill og mj\u00f6g loflegur, d\u00e1samlegur fram yfir alla gu\u00f0i.<\/p>\n<p>\t\u00dev\u00ed a\u00f0 allir gu\u00f0ir \u00fej\u00f3\u00f0anna eru afgu\u00f0ir en Drottinn hann hefur himinninn gj\u00f6rt,<\/p>\n<p>\t\u00e1g\u00e6ta vel og fagurlega \u00fe\u00e1 stendur fyrir hans augs\u00fdn og gengur volduglega og loflega til \u00ed hans helgid\u00f3mi.<\/p>\n<p>\t\u00de\u00e9r \u00fej\u00f3\u00f0ir, f\u00e6ri\u00f0 hinga\u00f0 Drottni, f\u00e6ri\u00f0 hinga\u00f0 Drottni d\u00fdr\u00f0 og magt,<\/p>\n<p>\tf\u00e6ri\u00f0 hinga\u00f0 Drottni d\u00fdr\u00f0ina hans nafns, f\u00e6ri\u00f0 gjafir og gangi\u00f0 inn \u00ed hans fordyri.<\/p>\n<p>\tTilbi\u00f0ji\u00f0 Drottin \u00ed heil\u00f6gum skr\u00fa\u00f0a, \u00f6ll ver\u00f6ldin h\u00fan \u00f3ttist hann.<\/p>\n<p>\tSegi\u00f0 \u00e1 me\u00f0al hei\u00f0inna \u00fej\u00f3\u00f0a \u00fea\u00f0 Drottinn hann er konungurinn og hafi sitt r\u00edki tilreitt svo v\u00edtt sem \u00f6ll ver\u00f6ldin er a\u00f0 \u00fea\u00f0 skuli bl\u00edfa og hann d\u00e6mir f\u00f3lki\u00f0 r\u00e9ttv\u00edslega.<\/p>\n<p>\tHiminninn hann gle\u00f0ji sig og j\u00f6r\u00f0in s\u00e9 gla\u00f0v\u00e6r, sj\u00e1varhafi\u00f0 \u00fea\u00f0 \u00fej\u00f3ti upp og allt hva\u00f0 \u00fear er inni,<\/p>\n<p>\tjar\u00f0arfoldin gle\u00f0ji sig og allt hva\u00f0 \u00fear er upp \u00e1 og \u00f6ll tr\u00e9n \u00ed sk\u00f3ginum \u00fe\u00e1 s\u00e9u gla\u00f0v\u00e6r<\/p>\n<p>\tfyrir Drottni \u00fev\u00ed a\u00f0 hann kemur, \u00fev\u00ed a\u00f0 hann kemur til a\u00f0 d\u00e6ma jar\u00f0r\u00edki\u00f0,<\/p>\n<p>\thann mun jar\u00f0arkringluna d\u00e6ma me\u00f0 r\u00e9ttv\u00edsi og f\u00f3lki\u00f0 me\u00f0 s\u00ednum sannleika.<\/p>\n","protected":false},"excerpt":{"rendered":"<p>XCVI. Syngi\u00f0 Drottni n\u00fdjan lofs\u00f6ng, syngi Drottni \u00f6ll ver\u00f6ldin, syngi\u00f0 Drottni og lofi\u00f0 hans nafn, kunngj\u00f6ri\u00f0 dag fr\u00e1 degi hans hj\u00e1lpr\u00e6\u00f0i. Kunngj\u00f6ri\u00f0 \u00e1 me\u00f0al hei\u00f0inna \u00fej\u00f3\u00f0a hans d\u00fdr\u00f0, me\u00f0al allsh\u00e1tta\u00f0ra \u00fej\u00f3\u00f0a hans d\u00e1semdir. \u00dev\u00ed a\u00f0 Drottinn er mikill og mj\u00f6g loflegur, d\u00e1samlegur fram yfir alla gu\u00f0i. \u00dev\u00ed a\u00f0 allir gu\u00f0ir \u00fej\u00f3\u00f0anna eru afgu\u00f0ir en Drottinn hann hefur himinninn gj\u00f6rt, \u00e1g\u00e6ta vel og fagurlega \u00fe\u00e1 stendur fyrir hans augs\u00fdn og gengur volduglega og loflega til \u00ed hans helgid\u00f3mi. \u00de\u00e9r \u00fej\u00f3\u00f0ir, f\u00e6ri\u00f0 hinga\u00f0 Drottni, f\u00e6ri\u00f0 hinga\u00f0 Drottni d\u00fdr\u00f0 og magt, f\u00e6ri\u00f0 hinga\u00f0 Drottni d\u00fdr\u00f0ina hans nafns, f\u00e6ri\u00f0 gjafir og gangi\u00f0 inn \u00ed <a href=\"https:\/\/biblian.is\/gudbrandsbiblia\/salmarnir-96-kafli\/\"> [&#8230;]<\/a><\/p>\n","protected":false},"author":1,"featured_media":0,"parent":0,"menu_order":0,"comment_status":"open","ping_status":"open","template":"bibliukaflar.php","meta":{"footnotes":""},"class_list":["post-3268","page","type-page","status-publish","hentry"],"_links":{"self":[{"href":"https:\/\/biblian.is\/gudbrandsbiblia\/wp-json\/wp\/v2\/pages\/3268","targetHints":{"allow":["GET"]}}],"collection":[{"href":"https:\/\/biblian.is\/gudbrandsbiblia\/wp-json\/wp\/v2\/pages"}],"about":[{"href":"https:\/\/biblian.is\/gudbrandsbiblia\/wp-json\/wp\/v2\/types\/page"}],"author":[{"embeddable":true,"href":"https:\/\/biblian.is\/gudbrandsbiblia\/wp-json\/wp\/v2\/users\/1"}],"replies":[{"embeddable":true,"href":"https:\/\/biblian.is\/gudbrandsbiblia\/wp-json\/wp\/v2\/comments?post=3268"}],"version-history":[{"count":0,"href":"https:\/\/biblian.is\/gudbrandsbiblia\/wp-json\/wp\/v2\/pages\/3268\/revisions"}],"wp:attachment":[{"href":"https:\/\/biblian.is\/gudbrandsbiblia\/wp-json\/wp\/v2\/media?parent=3268"}],"curies":[{"name":"wp","href":"https:\/\/api.w.org\/{rel}","templated":true}]}}