{"id":3267,"date":"2017-12-18T18:33:08","date_gmt":"2017-12-18T18:33:08","guid":{"rendered":"http:\/\/biblian.is\/gudbrandsbiblia\/salmarnir-95-kafli\/"},"modified":"2017-12-18T18:33:08","modified_gmt":"2017-12-18T18:33:08","slug":"salmarnir-95-kafli","status":"publish","type":"page","link":"https:\/\/biblian.is\/gudbrandsbiblia\/salmarnir-95-kafli\/","title":{"rendered":"S\u00e1lmarnir 95. kafli"},"content":{"rendered":"<p>XCV.<\/p>\n<p>Komi\u00f0 hinga\u00f0, l\u00e1tum oss lofsyngja Drottni og lofsyngja styrkleik vors hj\u00e1lpr\u00e6\u00f0is.<\/p>\n<p>\tL\u00e1tum oss me\u00f0 \u00feakkargj\u00f6r\u00f0 fyrir hans \u00e1sj\u00f3nu koma og me\u00f0 s\u00e1lmum honum lofsyngja.<\/p>\n<p>\t\u00dev\u00ed a\u00f0 Drottinn hann er mikill Gu\u00f0 og einn m\u00e1ttugur konungur fram yfir alla gu\u00f0i.<\/p>\n<p>\t\u00dev\u00ed a\u00f0 \u00ed hans hendi er allt \u00fea\u00f0 sem j\u00f6r\u00f0in hefur og h\u00e6\u00f0ir fjallanna eru hans einnin,<\/p>\n<p>\t\u00fev\u00ed hans er sj\u00e1varhafi\u00f0 og hann hefur \u00fea\u00f0 gj\u00f6rt og hans hendur hafa <span class=\"athugasemd\" title=\"sword \u00dea\u00f0 er, j\u00f6r\u00f0ina\">[<\/span> \u00feurrlendi\u00f0 tilb\u00fai\u00f0.<\/p>\n<p>\tKomi\u00f0, l\u00e1tum oss tilbi\u00f0ja og ni\u00f0ur krj\u00fapa og framfalla fyrir \u00feeim Drottni sem oss hefur gj\u00f6rt.<\/p>\n<p>\t\u00dev\u00ed a\u00f0 hann er vor Gu\u00f0 og v\u00e9r f\u00f3lk hans haglendis og sau\u00f0ir hans handa.<\/p>\n<p>\t\u00cd dag \u00fe\u00f3 a\u00f0 \u00fe\u00e9r heyri\u00f0 hans r\u00f6dd \u00fe\u00e1 forher\u00f0i\u00f0 ekki y\u00f0ar hj\u00f6rtu, svo sem a\u00f0 ske\u00f0i til Mer\u00edba, l\u00edka sem til Massa \u00e1 ey\u00f0im\u00f6rkinni, <span class=\"athugasemd\" title=\"Ebre. 3 \/ Exod. 17\">[<\/span> <\/p>\n<p>\thvar e\u00f0 fe\u00f0ur y\u00f0ar freistu\u00f0u m\u00edn, fundu \u00fe\u00f3 og s\u00e1u m\u00edn verk,<\/p>\n<p>\tsvo \u00fea\u00f0 \u00ed fj\u00f6rut\u00edgir \u00e1r haf\u00f0a eg deilur vi\u00f0 \u00feetta f\u00f3lk og eg sag\u00f0a: <span class=\"athugasemd\" title=\"Ebre. 4\">[<\/span> &#8222;\u00dea\u00f0 eru \u00feeir menn sem \u00e6t\u00ed\u00f0 fara villt \u00ed s\u00ednum hj\u00f6rtum og \u00feeir e\u00f0 ei vilja l\u00e6ra m\u00edna vegu.&#8220;<\/p>\n<p>\tSvo \u00fea\u00f0 eg s\u00f3r \u00ed minni rei\u00f0i a\u00f0 eigi skyldu \u00feeir koma til minnar hv\u00edldar. <span class=\"athugasemd\" title=\"Num. 14\">[<\/span><\/p>\n","protected":false},"excerpt":{"rendered":"<p>XCV. Komi\u00f0 hinga\u00f0, l\u00e1tum oss lofsyngja Drottni og lofsyngja styrkleik vors hj\u00e1lpr\u00e6\u00f0is. L\u00e1tum oss me\u00f0 \u00feakkargj\u00f6r\u00f0 fyrir hans \u00e1sj\u00f3nu koma og me\u00f0 s\u00e1lmum honum lofsyngja. \u00dev\u00ed a\u00f0 Drottinn hann er mikill Gu\u00f0 og einn m\u00e1ttugur konungur fram yfir alla gu\u00f0i. \u00dev\u00ed a\u00f0 \u00ed hans hendi er allt \u00fea\u00f0 sem j\u00f6r\u00f0in hefur og h\u00e6\u00f0ir fjallanna eru hans einnin, \u00fev\u00ed hans er sj\u00e1varhafi\u00f0 og hann hefur \u00fea\u00f0 gj\u00f6rt og hans hendur hafa [ \u00feurrlendi\u00f0 tilb\u00fai\u00f0. Komi\u00f0, l\u00e1tum oss tilbi\u00f0ja og ni\u00f0ur krj\u00fapa og framfalla fyrir \u00feeim Drottni sem oss hefur gj\u00f6rt. \u00dev\u00ed a\u00f0 hann er vor Gu\u00f0 og v\u00e9r f\u00f3lk hans haglendis <a href=\"https:\/\/biblian.is\/gudbrandsbiblia\/salmarnir-95-kafli\/\"> [&#8230;]<\/a><\/p>\n","protected":false},"author":1,"featured_media":0,"parent":0,"menu_order":0,"comment_status":"open","ping_status":"open","template":"bibliukaflar.php","meta":{"footnotes":""},"class_list":["post-3267","page","type-page","status-publish","hentry"],"_links":{"self":[{"href":"https:\/\/biblian.is\/gudbrandsbiblia\/wp-json\/wp\/v2\/pages\/3267","targetHints":{"allow":["GET"]}}],"collection":[{"href":"https:\/\/biblian.is\/gudbrandsbiblia\/wp-json\/wp\/v2\/pages"}],"about":[{"href":"https:\/\/biblian.is\/gudbrandsbiblia\/wp-json\/wp\/v2\/types\/page"}],"author":[{"embeddable":true,"href":"https:\/\/biblian.is\/gudbrandsbiblia\/wp-json\/wp\/v2\/users\/1"}],"replies":[{"embeddable":true,"href":"https:\/\/biblian.is\/gudbrandsbiblia\/wp-json\/wp\/v2\/comments?post=3267"}],"version-history":[{"count":0,"href":"https:\/\/biblian.is\/gudbrandsbiblia\/wp-json\/wp\/v2\/pages\/3267\/revisions"}],"wp:attachment":[{"href":"https:\/\/biblian.is\/gudbrandsbiblia\/wp-json\/wp\/v2\/media?parent=3267"}],"curies":[{"name":"wp","href":"https:\/\/api.w.org\/{rel}","templated":true}]}}