{"id":3264,"date":"2017-12-18T18:33:08","date_gmt":"2017-12-18T18:33:08","guid":{"rendered":"http:\/\/biblian.is\/gudbrandsbiblia\/salmarnir-92-kafli\/"},"modified":"2017-12-18T18:33:08","modified_gmt":"2017-12-18T18:33:08","slug":"salmarnir-92-kafli","status":"publish","type":"page","link":"https:\/\/biblian.is\/gudbrandsbiblia\/salmarnir-92-kafli\/","title":{"rendered":"S\u00e1lmarnir 92. kafli"},"content":{"rendered":"<p>XCII.<\/p>\n<p>S\u00e1lmas\u00f6ngur \u00e1 sabbatsdegi.<\/p>\n<p>\u00c1g\u00e6tlegt er Drottni \u00feakkir a\u00f0 gj\u00f6ra og lofsyngja \u00fe\u00ednu nafni, \u00fe\u00fa Hinn h\u00e6\u00f0sti,<\/p>\n<p>\ta\u00f0 morni \u00fe\u00edna miskunn og a\u00f0 kveldi \u00feinn sannleik a\u00f0 kunngj\u00f6ra,<\/p>\n<p>\t\u00e1 t\u00edu strengja hlj\u00f3\u00f0f\u00e6ri og psalterio, me\u00f0 lofsl\u00e6tti \u00e1 h\u00f6rpunni.<\/p>\n<p>\t\u00dev\u00ed a\u00f0 \u00fe\u00fa, Drottinn, l\u00e6tur mig gla\u00f0v\u00e6ran syngja \u00fat af \u00fe\u00ednum verkum og \u00fea\u00f0 eg hr\u00f3si verkunum \u00feinna handa.<\/p>\n<p>\tDrottinn, hversu merkileg a\u00f0 eru \u00fe\u00edn verk, \u00fe\u00ednir \u00feankar eru mj\u00f6g <span class=\"athugasemd\" title=\"a \/ (Dj\u00fapir) \/ \u00dea\u00f0 er, svo d\u00e1samlegir, me\u00f0 hverjum hann hj\u00e1lpar oss, svo a\u00f0 engin ma\u00f0ur kann \u00fea\u00f0 a\u00f0 grunda e\u00f0ur hugsa\">[<\/span> dj\u00fapir.<\/p>\n<p>\tHinn f\u00e1v\u00edsi tr\u00fair \u00fev\u00ed ekki og s\u00e1 hinn sj\u00e1lfheimski skynjar \u00fea\u00f0 ekki.<\/p>\n<p>\tHinir \u00f3gu\u00f0hr\u00e6ddu spretta upp sem gras og \u00feeir illgj\u00f6r\u00f0amenn bl\u00f3mgast allir, \u00feanga\u00f0 til \u00feeir afm\u00e1\u00f0ir ver\u00f0a um aldur og \u00e6vi.<\/p>\n<p>\tEn \u00fe\u00fa, Drottinn, ert s\u00e1 Hinn h\u00e6\u00f0sti og bl\u00edfur eil\u00edflegana.<\/p>\n<p>\t\u00dev\u00ed a\u00f0 sj\u00e1 \u00fe\u00fa, Drottinn, \u00fe\u00ednir \u00f3vinir, sj\u00e1 \u00fe\u00fa, \u00fe\u00ednir \u00f3vinir munu fyrirfarast og allir illvirkjar munu \u00ed sundurdreif\u00f0ir ver\u00f0a.<\/p>\n<p>\tEn mitt horn mun upphafi\u00f0 ver\u00f0a so sem annars einhyrnings og eg mun ver\u00f0a <span class=\"athugasemd\" title=\"b \/ Eg mun endurl\u00edfgast og gle\u00f0jast\">[<\/span> smur\u00f0ur me\u00f0 fersku vi\u00f0smj\u00f6ri.<\/p>\n<p>\tOg m\u00edn augu munu sj\u00e1 s\u00edna vild \u00e1 \u00f3vinum m\u00ednum og mitt eyra mun heyra sinn vilja \u00e1 \u00feeim illskufullum sem setja sig upp \u00e1 m\u00f3ti m\u00e9r.<\/p>\n<p>\tHinn r\u00e9ttl\u00e1ti mun bl\u00f3mgast svo sem p\u00e1lmavi\u00f0ur, hann mun vaxa so sem anna\u00f0 sedrustr\u00e9 \u00ed L\u00edbanon.<\/p>\n<p>\t\u00deeir sem innplanta\u00f0ir eru \u00ed h\u00fasi Drottins munu \u00ed fordyrum Gu\u00f0s vors bl\u00f3mgast<\/p>\n<p>\tog n\u00e6r e\u00f0 \u00feeir taka einnin aldra\u00f0ir a\u00f0 ver\u00f0a \u00fe\u00e1 munu \u00feeir \u00fe\u00f3 bl\u00f3mgast samt einnin og \u00e1vaxtasamir og ferskir vera<\/p>\n<p>\tso \u00fea\u00f0 \u00feeir kunngj\u00f6ri a\u00f0 Drottinn s\u00e9 r\u00e9ttl\u00e1tur, mitt <span class=\"athugasemd\" title=\"sword styrkur\">[<\/span> bjarg og engin <span class=\"athugasemd\" title=\"c \/ Hann \u00e1l\u00edtur eigi pers\u00f3nu n\u00e9 m\u00e1lefni hins \u00f3gu\u00f0hr\u00e6dda svo sem hann hyggur og \u00e6tlar\">[<\/span> rangindi eru me\u00f0 honum.<\/p>\n","protected":false},"excerpt":{"rendered":"<p>XCII. S\u00e1lmas\u00f6ngur \u00e1 sabbatsdegi. \u00c1g\u00e6tlegt er Drottni \u00feakkir a\u00f0 gj\u00f6ra og lofsyngja \u00fe\u00ednu nafni, \u00fe\u00fa Hinn h\u00e6\u00f0sti, a\u00f0 morni \u00fe\u00edna miskunn og a\u00f0 kveldi \u00feinn sannleik a\u00f0 kunngj\u00f6ra, \u00e1 t\u00edu strengja hlj\u00f3\u00f0f\u00e6ri og psalterio, me\u00f0 lofsl\u00e6tti \u00e1 h\u00f6rpunni. \u00dev\u00ed a\u00f0 \u00fe\u00fa, Drottinn, l\u00e6tur mig gla\u00f0v\u00e6ran syngja \u00fat af \u00fe\u00ednum verkum og \u00fea\u00f0 eg hr\u00f3si verkunum \u00feinna handa. Drottinn, hversu merkileg a\u00f0 eru \u00fe\u00edn verk, \u00fe\u00ednir \u00feankar eru mj\u00f6g [ dj\u00fapir. Hinn f\u00e1v\u00edsi tr\u00fair \u00fev\u00ed ekki og s\u00e1 hinn sj\u00e1lfheimski skynjar \u00fea\u00f0 ekki. Hinir \u00f3gu\u00f0hr\u00e6ddu spretta upp sem gras og \u00feeir illgj\u00f6r\u00f0amenn bl\u00f3mgast allir, \u00feanga\u00f0 til \u00feeir afm\u00e1\u00f0ir ver\u00f0a um aldur <a href=\"https:\/\/biblian.is\/gudbrandsbiblia\/salmarnir-92-kafli\/\"> [&#8230;]<\/a><\/p>\n","protected":false},"author":1,"featured_media":0,"parent":0,"menu_order":0,"comment_status":"open","ping_status":"open","template":"bibliukaflar.php","meta":{"footnotes":""},"class_list":["post-3264","page","type-page","status-publish","hentry"],"_links":{"self":[{"href":"https:\/\/biblian.is\/gudbrandsbiblia\/wp-json\/wp\/v2\/pages\/3264","targetHints":{"allow":["GET"]}}],"collection":[{"href":"https:\/\/biblian.is\/gudbrandsbiblia\/wp-json\/wp\/v2\/pages"}],"about":[{"href":"https:\/\/biblian.is\/gudbrandsbiblia\/wp-json\/wp\/v2\/types\/page"}],"author":[{"embeddable":true,"href":"https:\/\/biblian.is\/gudbrandsbiblia\/wp-json\/wp\/v2\/users\/1"}],"replies":[{"embeddable":true,"href":"https:\/\/biblian.is\/gudbrandsbiblia\/wp-json\/wp\/v2\/comments?post=3264"}],"version-history":[{"count":0,"href":"https:\/\/biblian.is\/gudbrandsbiblia\/wp-json\/wp\/v2\/pages\/3264\/revisions"}],"wp:attachment":[{"href":"https:\/\/biblian.is\/gudbrandsbiblia\/wp-json\/wp\/v2\/media?parent=3264"}],"curies":[{"name":"wp","href":"https:\/\/api.w.org\/{rel}","templated":true}]}}

Sálmarnir 92. kafli

<p>XCII.</p>
<p>Sálmasöngur á sabbatsdegi.</p>
<p>Ágætlegt er Drottni þakkir að gjöra og lofsyngja þínu nafni, þú Hinn hæðsti,</p>
<p>	að morni þína miskunn og að kveldi þinn sannleik að kunngjöra,</p>
<p>	á tíu strengja hljóðfæri og psalterio, með lofslætti á hörpunni.</p>
<p>	Því að þú, Drottinn, lætur mig glaðværan syngja út af þínum verkum og það eg hrósi verkunum þinna handa.</p>
<p>	Drottinn, hversu merkileg að eru þín verk, þínir þankar eru mjög <span class="athugasemd" title="a / (Djúpir) / Það er, svo dásamlegir, með hverjum hann hjálpar oss, svo að engin maður kann það að grunda eður hugsa">[</span> djúpir.</p>
<p>	Hinn fávísi trúir því ekki og sá hinn sjálfheimski skynjar það ekki.</p>
<p>	Hinir óguðhræddu spretta upp sem gras og þeir illgjörðamenn blómgast allir, þangað til þeir afmáðir verða um aldur og ævi.</p>
<p>	En þú, Drottinn, ert sá Hinn hæðsti og blífur eilíflegana.</p>
<p>	Því að sjá þú, Drottinn, þínir óvinir, sjá þú, þínir óvinir munu fyrirfarast og allir illvirkjar munu í sundurdreifðir verða.</p>
<p>	En mitt horn mun upphafið verða so sem annars einhyrnings og eg mun verða <span class="athugasemd" title="b / Eg mun endurlífgast og gleðjast">[</span> smurður með fersku viðsmjöri.</p>
<p>	Og mín augu munu sjá sína vild á óvinum mínum og mitt eyra mun heyra sinn vilja á þeim illskufullum sem setja sig upp á móti mér.</p>
<p>	Hinn réttláti mun blómgast svo sem pálmaviður, hann mun vaxa so sem annað sedrustré í Líbanon.</p>
<p>	Þeir sem innplantaðir eru í húsi Drottins munu í fordyrum Guðs vors blómgast</p>
<p>	og nær eð þeir taka einnin aldraðir að verða þá munu þeir þó blómgast samt einnin og ávaxtasamir og ferskir vera</p>
<p>	so það þeir kunngjöri að Drottinn sé réttlátur, mitt <span class="athugasemd" title="sword styrkur">[</span> bjarg og engin <span class="athugasemd" title="c / Hann álítur eigi persónu né málefni hins óguðhrædda svo sem hann hyggur og ætlar">[</span> rangindi eru með honum.</p>

<p>XCII. Sálmasöngur á sabbatsdegi. Ágætlegt er Drottni þakkir að gjöra og lofsyngja þínu nafni, þú Hinn hæðsti, að morni þína miskunn og að kveldi þinn sannleik að kunngjöra, á tíu strengja hljóðfæri og psalterio, með lofslætti á hörpunni. Því að þú, Drottinn, lætur mig glaðværan syngja út af þínum verkum og það eg hrósi verkunum þinna handa. Drottinn, hversu merkileg að eru þín verk, þínir þankar eru mjög [ djúpir. Hinn fávísi trúir því ekki og sá hinn sjálfheimski skynjar það ekki. Hinir óguðhræddu spretta upp sem gras og þeir illgjörðamenn blómgast allir, þangað til þeir afmáðir verða um aldur <a href="https://biblian.is/gudbrandsbiblia/salmarnir-92-kafli/"> [&#8230;]</a></p>
