{"id":3259,"date":"2017-12-18T18:33:08","date_gmt":"2017-12-18T18:33:08","guid":{"rendered":"http:\/\/biblian.is\/gudbrandsbiblia\/salmarnir-87-kafli\/"},"modified":"2017-12-18T18:33:08","modified_gmt":"2017-12-18T18:33:08","slug":"salmarnir-87-kafli","status":"publish","type":"page","link":"https:\/\/biblian.is\/gudbrandsbiblia\/salmarnir-87-kafli\/","title":{"rendered":"S\u00e1lmarnir 87. kafli"},"content":{"rendered":"<p>LXXXVII.<\/p>\n<p>Lofs\u00f6ngur sona K\u00f3ra.<\/p>\n<p>Styrklega er h\u00fan grundv\u00f6llu\u00f0 upp \u00e1 heil\u00f6gum fj\u00f6llum, Drottinn hann elskar portin S\u00edon fram yfir allar tjaldb\u00fa\u00f0ir Jakob.<\/p>\n<p>\tD\u00fdr\u00f0arlegar fagnir ver\u00f0a \u00ed \u00fe\u00e9r pr\u00e9dika\u00f0ar, \u00fe\u00fa borgin Gu\u00f0s. Sela.<\/p>\n<p>\tEn eg mun <span class=\"athugasemd\" title=\"a \/ (Rahab) \/ merkir Egyptaland\">[<\/span> Rahab og Babel pr\u00e9dika l\u00e1ta a\u00f0 \u00fe\u00e6r skuli me\u00f0kenna mig. <span class=\"athugasemd\" title=\"Esa. 30 \/ S\u00e1l. 89\">[<\/span> Sj\u00e1 \u00fe\u00fa, Philistei og Tyri me\u00f0 \u00feeim Bl\u00e1lendingum munu \u00fear f\u00e6ddir ver\u00f0a.<\/p>\n<p>\tTil S\u00edon mun sagt vera \u00fea\u00f0 allsh\u00e1tta\u00f0ir menn skuli \u00fear f\u00e6ddir ver\u00f0a og \u00fea\u00f0 hann s\u00e1 Hinn h\u00e6\u00f0sti grundvalli hana.<\/p>\n<p>\tDrottinn hann mun pr\u00e9dika l\u00e1ta \u00ed allsh\u00e1ttu\u00f0u tungum\u00e1li so \u00fea\u00f0 einnin nokkrir skulu \u00fear <span class=\"athugasemd\" title=\"sword Til S\u00edon\">[<\/span> \u00ed \u00feeim sta\u00f0 f\u00e6ddir ver\u00f0a. Sela.<\/p>\n<p>\tOg \u00feeir s\u00f6ngvararnir svo sem dansmennirnir munu allir syngja \u00ed \u00fe\u00e9r, einn sem annar.<\/p>\n","protected":false},"excerpt":{"rendered":"<p>LXXXVII. Lofs\u00f6ngur sona K\u00f3ra. Styrklega er h\u00fan grundv\u00f6llu\u00f0 upp \u00e1 heil\u00f6gum fj\u00f6llum, Drottinn hann elskar portin S\u00edon fram yfir allar tjaldb\u00fa\u00f0ir Jakob. D\u00fdr\u00f0arlegar fagnir ver\u00f0a \u00ed \u00fe\u00e9r pr\u00e9dika\u00f0ar, \u00fe\u00fa borgin Gu\u00f0s. Sela. En eg mun [ Rahab og Babel pr\u00e9dika l\u00e1ta a\u00f0 \u00fe\u00e6r skuli me\u00f0kenna mig. [ Sj\u00e1 \u00fe\u00fa, Philistei og Tyri me\u00f0 \u00feeim Bl\u00e1lendingum munu \u00fear f\u00e6ddir ver\u00f0a. Til S\u00edon mun sagt vera \u00fea\u00f0 allsh\u00e1tta\u00f0ir menn skuli \u00fear f\u00e6ddir ver\u00f0a og \u00fea\u00f0 hann s\u00e1 Hinn h\u00e6\u00f0sti grundvalli hana. Drottinn hann mun pr\u00e9dika l\u00e1ta \u00ed allsh\u00e1ttu\u00f0u tungum\u00e1li so \u00fea\u00f0 einnin nokkrir skulu \u00fear [ \u00ed \u00feeim sta\u00f0 f\u00e6ddir ver\u00f0a. Sela. <a href=\"https:\/\/biblian.is\/gudbrandsbiblia\/salmarnir-87-kafli\/\"> [&#8230;]<\/a><\/p>\n","protected":false},"author":1,"featured_media":0,"parent":0,"menu_order":0,"comment_status":"open","ping_status":"open","template":"bibliukaflar.php","meta":{"footnotes":""},"class_list":["post-3259","page","type-page","status-publish","hentry"],"_links":{"self":[{"href":"https:\/\/biblian.is\/gudbrandsbiblia\/wp-json\/wp\/v2\/pages\/3259","targetHints":{"allow":["GET"]}}],"collection":[{"href":"https:\/\/biblian.is\/gudbrandsbiblia\/wp-json\/wp\/v2\/pages"}],"about":[{"href":"https:\/\/biblian.is\/gudbrandsbiblia\/wp-json\/wp\/v2\/types\/page"}],"author":[{"embeddable":true,"href":"https:\/\/biblian.is\/gudbrandsbiblia\/wp-json\/wp\/v2\/users\/1"}],"replies":[{"embeddable":true,"href":"https:\/\/biblian.is\/gudbrandsbiblia\/wp-json\/wp\/v2\/comments?post=3259"}],"version-history":[{"count":0,"href":"https:\/\/biblian.is\/gudbrandsbiblia\/wp-json\/wp\/v2\/pages\/3259\/revisions"}],"wp:attachment":[{"href":"https:\/\/biblian.is\/gudbrandsbiblia\/wp-json\/wp\/v2\/media?parent=3259"}],"curies":[{"name":"wp","href":"https:\/\/api.w.org\/{rel}","templated":true}]}}