{"id":3254,"date":"2017-12-18T18:33:08","date_gmt":"2017-12-18T18:33:08","guid":{"rendered":"http:\/\/biblian.is\/gudbrandsbiblia\/salmarnir-82-kafli\/"},"modified":"2017-12-18T18:33:08","modified_gmt":"2017-12-18T18:33:08","slug":"salmarnir-82-kafli","status":"publish","type":"page","link":"https:\/\/biblian.is\/gudbrandsbiblia\/salmarnir-82-kafli\/","title":{"rendered":"S\u00e1lmarnir 82. kafli"},"content":{"rendered":"<p>LXXXII.<\/p>\n<p>S\u00e1lmur Assaf.<\/p>\n<p>Gu\u00f0 hann stendur \u00ed samkundu Gu\u00f0s og er d\u00f3mari \u00e1 me\u00f0al gu\u00f0anna:<\/p>\n<p>\t&#8222;Hversu lengi vilji \u00fe\u00e9r ranglegana d\u00e6ma og hinn \u00f3gu\u00f0hr\u00e6dda meta eftir yfirliti? Sela.<\/p>\n<p>\tL\u00e1ti\u00f0 hinn f\u00e1r\u00e1\u00f0a og f\u00f6\u00f0urlausa r\u00e9tt ske og hj\u00e1lpi\u00f0 hinum f\u00e1t\u00e6ka og f\u00f6\u00f0urlausa til r\u00e9ttarins.<\/p>\n<p>\tLeysi\u00f0 hinn fyrirlitna og f\u00e1t\u00e6ka og frelsi\u00f0 hann \u00fat af valdi hins \u00f3gu\u00f0lega.&#8220; <span class=\"athugasemd\" title=\"Pro. 24\">[<\/span><\/p>\n<p>\tEn \u00feeir l\u00e1ta s\u00e9r ei segjast og skeyta \u00fev\u00ed ekki, \u00ed myrkrunum ganga \u00feeir \u00e6t\u00ed\u00f0, \u00fear fyrir munu allir grundvellir landsins ni\u00f0ur hrynja. <\/p>\n<p>\tEg sag\u00f0a a\u00f0 v\u00edsu: &#8222;\u00de\u00e9r eru\u00f0 gu\u00f0ir og allir saman synir Hins h\u00e6\u00f0sta <span class=\"athugasemd\" title=\"J\u00f3h. 10\">[<\/span><\/p>\n<p>\ten \u00fe\u00e9r munu\u00f0 \u00fe\u00f3 deyja svo sem a\u00f0rir menn og l\u00edka sem einn af v\u00edkingum ni\u00f0ur falla.&#8220;<\/p>\n<p>\tGu\u00f0, tak \u00feig upp og d\u00e6m landi\u00f0 \u00fev\u00ed a\u00f0 \u00fe\u00fa ert arfherra yfir \u00f6llum \u00fej\u00f3\u00f0um.<\/p>\n","protected":false},"excerpt":{"rendered":"<p>LXXXII. S\u00e1lmur Assaf. Gu\u00f0 hann stendur \u00ed samkundu Gu\u00f0s og er d\u00f3mari \u00e1 me\u00f0al gu\u00f0anna: &#8222;Hversu lengi vilji \u00fe\u00e9r ranglegana d\u00e6ma og hinn \u00f3gu\u00f0hr\u00e6dda meta eftir yfirliti? Sela. L\u00e1ti\u00f0 hinn f\u00e1r\u00e1\u00f0a og f\u00f6\u00f0urlausa r\u00e9tt ske og hj\u00e1lpi\u00f0 hinum f\u00e1t\u00e6ka og f\u00f6\u00f0urlausa til r\u00e9ttarins. Leysi\u00f0 hinn fyrirlitna og f\u00e1t\u00e6ka og frelsi\u00f0 hann \u00fat af valdi hins \u00f3gu\u00f0lega.&#8220; [ En \u00feeir l\u00e1ta s\u00e9r ei segjast og skeyta \u00fev\u00ed ekki, \u00ed myrkrunum ganga \u00feeir \u00e6t\u00ed\u00f0, \u00fear fyrir munu allir grundvellir landsins ni\u00f0ur hrynja. Eg sag\u00f0a a\u00f0 v\u00edsu: &#8222;\u00de\u00e9r eru\u00f0 gu\u00f0ir og allir saman synir Hins h\u00e6\u00f0sta [ en \u00fe\u00e9r munu\u00f0 \u00fe\u00f3 deyja svo <a href=\"https:\/\/biblian.is\/gudbrandsbiblia\/salmarnir-82-kafli\/\"> [&#8230;]<\/a><\/p>\n","protected":false},"author":1,"featured_media":0,"parent":0,"menu_order":0,"comment_status":"open","ping_status":"open","template":"bibliukaflar.php","meta":{"footnotes":""},"class_list":["post-3254","page","type-page","status-publish","hentry"],"_links":{"self":[{"href":"https:\/\/biblian.is\/gudbrandsbiblia\/wp-json\/wp\/v2\/pages\/3254","targetHints":{"allow":["GET"]}}],"collection":[{"href":"https:\/\/biblian.is\/gudbrandsbiblia\/wp-json\/wp\/v2\/pages"}],"about":[{"href":"https:\/\/biblian.is\/gudbrandsbiblia\/wp-json\/wp\/v2\/types\/page"}],"author":[{"embeddable":true,"href":"https:\/\/biblian.is\/gudbrandsbiblia\/wp-json\/wp\/v2\/users\/1"}],"replies":[{"embeddable":true,"href":"https:\/\/biblian.is\/gudbrandsbiblia\/wp-json\/wp\/v2\/comments?post=3254"}],"version-history":[{"count":0,"href":"https:\/\/biblian.is\/gudbrandsbiblia\/wp-json\/wp\/v2\/pages\/3254\/revisions"}],"wp:attachment":[{"href":"https:\/\/biblian.is\/gudbrandsbiblia\/wp-json\/wp\/v2\/media?parent=3254"}],"curies":[{"name":"wp","href":"https:\/\/api.w.org\/{rel}","templated":true}]}}