{"id":3251,"date":"2017-12-18T18:33:04","date_gmt":"2017-12-18T18:33:04","guid":{"rendered":"http:\/\/biblian.is\/gudbrandsbiblia\/salmarnir-80-kafli\/"},"modified":"2017-12-18T18:33:04","modified_gmt":"2017-12-18T18:33:04","slug":"salmarnir-80-kafli","status":"publish","type":"page","link":"https:\/\/biblian.is\/gudbrandsbiblia\/salmarnir-80-kafli\/","title":{"rendered":"S\u00e1lmarnir 80. kafli"},"content":{"rendered":"<p>LXXX.<\/p>\n<p>S\u00e1lmur Assaf. \u00dat af <span class=\"athugasemd\" title=\"sword R\u00f3sarnisti gj\u00f6rt sem r\u00f3s og merkir \u00cdsraelsr\u00edki\">[<\/span> r\u00f3sarnistinu fyrir a\u00f0 syngja.<\/p>\n<p>Heyr \u00fe\u00fa, hir\u00f0ir \u00cdsraels, \u00fe\u00fa sem g\u00e6tir J\u00f3sefs svo sem sau\u00f0a, au\u00f0s\u00fdn \u00feig, \u00fe\u00fa sem situr yfir ker\u00fab\u00edm.<\/p>\n<p>\tUppvek \u00feitt veldi, \u00fe\u00fa sem ert frammi fyrir Efra\u00edm, Benjam\u00edn og Manasses, og kom oss til hj\u00e1lpar.<\/p>\n<p>\tGu\u00f0, hugga oss og augl\u00fds \u00feitt andlit og munum v\u00e9r \u00fe\u00e1 hj\u00e1lpast.<\/p>\n<p>\tDrottinn Gu\u00f0 allsherjar, hversu lengi viltu rei\u00f0ur vera yfir b\u00e6nir \u00fe\u00edns l\u00fd\u00f0s?<\/p>\n<p>\t\u00de\u00fa f\u00e6\u00f0ir \u00fe\u00e1 me\u00f0 harmabrau\u00f0i og byrlar \u00feeim drykk me\u00f0 st\u00f3rum m\u00e6lir n\u00f3gra t\u00e1rfallra.<\/p>\n<p>\tAlla vora n\u00e1granna l\u00e6tur \u00fe\u00fa m\u00f3tkasta oss og vorir \u00f3vinir \u00feeir gj\u00f6ra sp\u00e9 a\u00f0 oss.<\/p>\n<p>\tGu\u00f0 Seba\u00f3t, hugga oss, augl\u00fds \u00feitt andlit, \u00fe\u00e1 hj\u00e1lpunst v\u00e9r.<\/p>\n<p>\tV\u00ednvi\u00f0 hefur \u00fe\u00fa af Egyptalandi \u00ed burt flutt og \u00fe\u00e1 hei\u00f0nu \u00fatreki\u00f0 og innplanta\u00f0 \u00feann hinn sama. <span class=\"athugasemd\" title=\"Jere. 2 \/ Esa. 3 \/ Math. 20\">[<\/span><\/p>\n<p>\tFyrir honum hefur \u00fe\u00fa veginn tilreitt og l\u00e1ti\u00f0 hann gr\u00f3\u00f0ursetjast so hann hefur landi\u00f0 uppfyllt.<\/p>\n<p>\tFj\u00f6llin hylur hann me\u00f0 s\u00ednum skugga, me\u00f0 s\u00ednum v\u00ednkvistum <span class=\"athugasemd\" title=\"sword \u00dea\u00f0 r\u00edki t\u00f3k allt til L\u00edbanon\">[<\/span> sedrustr\u00e9n Gu\u00f0s.<\/p>\n<p>\tHans kvistu hefur hann \u00fat\u00feani\u00f0 allt til sj\u00e1varins og hans greinir allt \u00fat til <span class=\"athugasemd\" title=\"a \/ \u00dea\u00f0 er, Euphrates \/ 2. Reg. 8\">[<\/span> vatsfallsins.<\/p>\n<p>\tHvar fyri hefur \u00fe\u00fa hans gir\u00f0ingar ni\u00f0ur broti\u00f0 so hann uppr\u00edfa n\u00fa allir \u00feeir e\u00f0 framhj\u00e1 ganga?<\/p>\n<p>\tVillug\u00f6ltur af sk\u00f3gi hefur um velt honum og \u00feau villud\u00fdrin hafa hann fordjarfa\u00f0.<\/p>\n<p>\tGu\u00f0 allsherjar, sn\u00fa \u00fe\u00fa \u00fe\u00e9r vi\u00f0, l\u00edttu af himnum og sj\u00e1 \u00fe\u00fa \u00fear til og vitja \u00feessa v\u00ednvi\u00f0ar<\/p>\n<p>\tog halt honum vi\u00f0 magt hvern e\u00f0 \u00fe\u00edn h\u00e6gri h\u00f6nd hefur gr\u00f3\u00f0ursett og \u00feann e\u00f0 \u00fe\u00fa hefur \u00fe\u00e9r sta\u00f0fastlega \u00fatvali\u00f0.<\/p>\n<p>\tHygg \u00fear a\u00f0 og straffa \u00fea\u00f0 svo a\u00f0 s\u00fa eldsbrennan og ni\u00f0urbroti\u00f0 f\u00e1 einn enda.<\/p>\n<p>\t\u00de\u00edn h\u00e6gri h\u00f6nd h\u00fan verndi \u00fea\u00f0 f\u00f3llk \u00feinnar h\u00e6gri handar og \u00feann mann sem \u00fe\u00fa hefur \u00fe\u00e9r fastlega \u00fatvali\u00f0.<\/p>\n<p>\tSvo viljum v\u00e9r \u00fe\u00e1 ekki burtsn\u00faa fr\u00e1 \u00fe\u00e9r, l\u00e1t \u00fe\u00fa oss l\u00edfi halda, svo munum v\u00e9r \u00feitt nafn \u00e1kalla.<\/p>\n<p>\tDrottinn Gu\u00f0 allsherjar, hugga oss, l\u00e1t \u00feitt andlit l\u00fdsa og \u00fe\u00e1 hj\u00e1lpumst v\u00e9r.<\/p>\n","protected":false},"excerpt":{"rendered":"<p>LXXX. S\u00e1lmur Assaf. \u00dat af [ r\u00f3sarnistinu fyrir a\u00f0 syngja. Heyr \u00fe\u00fa, hir\u00f0ir \u00cdsraels, \u00fe\u00fa sem g\u00e6tir J\u00f3sefs svo sem sau\u00f0a, au\u00f0s\u00fdn \u00feig, \u00fe\u00fa sem situr yfir ker\u00fab\u00edm. Uppvek \u00feitt veldi, \u00fe\u00fa sem ert frammi fyrir Efra\u00edm, Benjam\u00edn og Manasses, og kom oss til hj\u00e1lpar. Gu\u00f0, hugga oss og augl\u00fds \u00feitt andlit og munum v\u00e9r \u00fe\u00e1 hj\u00e1lpast. Drottinn Gu\u00f0 allsherjar, hversu lengi viltu rei\u00f0ur vera yfir b\u00e6nir \u00fe\u00edns l\u00fd\u00f0s? \u00de\u00fa f\u00e6\u00f0ir \u00fe\u00e1 me\u00f0 harmabrau\u00f0i og byrlar \u00feeim drykk me\u00f0 st\u00f3rum m\u00e6lir n\u00f3gra t\u00e1rfallra. Alla vora n\u00e1granna l\u00e6tur \u00fe\u00fa m\u00f3tkasta oss og vorir \u00f3vinir \u00feeir gj\u00f6ra sp\u00e9 a\u00f0 oss. Gu\u00f0 Seba\u00f3t, <a href=\"https:\/\/biblian.is\/gudbrandsbiblia\/salmarnir-80-kafli\/\"> [&#8230;]<\/a><\/p>\n","protected":false},"author":1,"featured_media":0,"parent":0,"menu_order":0,"comment_status":"open","ping_status":"open","template":"bibliukaflar.php","meta":{"footnotes":""},"class_list":["post-3251","page","type-page","status-publish","hentry"],"_links":{"self":[{"href":"https:\/\/biblian.is\/gudbrandsbiblia\/wp-json\/wp\/v2\/pages\/3251","targetHints":{"allow":["GET"]}}],"collection":[{"href":"https:\/\/biblian.is\/gudbrandsbiblia\/wp-json\/wp\/v2\/pages"}],"about":[{"href":"https:\/\/biblian.is\/gudbrandsbiblia\/wp-json\/wp\/v2\/types\/page"}],"author":[{"embeddable":true,"href":"https:\/\/biblian.is\/gudbrandsbiblia\/wp-json\/wp\/v2\/users\/1"}],"replies":[{"embeddable":true,"href":"https:\/\/biblian.is\/gudbrandsbiblia\/wp-json\/wp\/v2\/comments?post=3251"}],"version-history":[{"count":0,"href":"https:\/\/biblian.is\/gudbrandsbiblia\/wp-json\/wp\/v2\/pages\/3251\/revisions"}],"wp:attachment":[{"href":"https:\/\/biblian.is\/gudbrandsbiblia\/wp-json\/wp\/v2\/media?parent=3251"}],"curies":[{"name":"wp","href":"https:\/\/api.w.org\/{rel}","templated":true}]}}