{"id":3250,"date":"2017-12-18T18:33:04","date_gmt":"2017-12-18T18:33:04","guid":{"rendered":"http:\/\/biblian.is\/gudbrandsbiblia\/salmarnir-79-kafli\/"},"modified":"2017-12-18T18:33:04","modified_gmt":"2017-12-18T18:33:04","slug":"salmarnir-79-kafli","status":"publish","type":"page","link":"https:\/\/biblian.is\/gudbrandsbiblia\/salmarnir-79-kafli\/","title":{"rendered":"S\u00e1lmarnir 79. kafli"},"content":{"rendered":"<p>LXXIX.<\/p>\n<p>S\u00e1lmur Assaf.<\/p>\n<p>Gu\u00f0, hinir hei\u00f0nu eru innkomnir \u00ed \u00fe\u00edna arfleif\u00f0, \u00feitt hi\u00f0 heilaga musteri hafa \u00feeir saurga\u00f0 og af Jer\u00fasalem steinhr\u00fagu gj\u00f6rt.<\/p>\n<p>\tL\u00edkami \u00feinna \u00fej\u00f3nustumanna hafa \u00feeir fuglum loftsins til \u00e1tu gefi\u00f0 og hold \u00feinna heilagra hr\u00e6d\u00fdrum \u00ed landinu.<\/p>\n<p>\t\u00deeirra bl\u00f3\u00f0i hafa \u00feeir l\u00edka sem vatninu \u00fathellt \u00ed kringum Jer\u00fasalem og \u00fear var s\u00e1 enginn sem \u00fe\u00e1 jar\u00f0a\u00f0i.<\/p>\n<p>\tVorum n\u00e1gr\u00f6nnum erum v\u00e9r a\u00f0 forsm\u00e1n or\u00f0nir, a\u00f0 h\u00e1\u00f0i og spotti \u00feeim sem \u00ed kringum oss eru.\t<\/p>\n<p>\tDrottinn, hversu lengi vilt \u00fe\u00fa so rei\u00f0ur vera og l\u00e1ta \u00feitt vandl\u00e6ti brenna sem heitan eld?<\/p>\n<p>\tHellt \u00feinni rei\u00f0i \u00fat yfir hei\u00f0nar \u00fej\u00f3\u00f0ir, \u00fe\u00e6r sem ekki \u00feekkja \u00feig og yfir \u00feau k\u00f3ngar\u00edkin sem ekki \u00e1kalla \u00feitt nafn, <span class=\"athugasemd\" title=\"Jere. 10\">[<\/span><\/p>\n<p>\t\u00fev\u00ed a\u00f0 \u00feeir hafa Jakob upp eti\u00f0 og hans h\u00edb\u00fdli \u00ed ey\u00f0i lagt.<\/p>\n<p>\tMinnstu ekki \u00e1 vorar hinar g\u00f6mlu misgj\u00f6r\u00f0ir, miskunna \u00fe\u00fa oss snarlegana \u00fev\u00ed a\u00f0 v\u00e9r erum mj\u00f6g f\u00e1r\u00e1\u00f0ir or\u00f0nir. <span class=\"athugasemd\" title=\"Esa. 64\">[<\/span><\/p>\n<p>\tHj\u00e1lpa \u00fe\u00fa oss, Gu\u00f0 vor hj\u00e1lpari, fyrir d\u00fdr\u00f0ar sakir \u00fe\u00edns nafns, frelsa \u00fe\u00fa oss og fyrirgef \u00fe\u00fa oss vorar syndir fyrir \u00fe\u00edns nafns sakir.<\/p>\n<p>\t\u00dev\u00ed l\u00e6tur \u00fe\u00fa hina hei\u00f0nu segja: &#8222;Hvar er n\u00fa \u00feeirra Gu\u00f0?&#8220; L\u00e1ttu me\u00f0al hei\u00f0ingjanna kunniga ver\u00f0a fyrir vorum augum hefndina bl\u00f3\u00f0sins \u00feinna \u00fej\u00f3nustumanna \u00fea\u00f0 sem \u00fathellt er.<\/p>\n<p>\tL\u00e1t fyrir \u00feig koma andvarpan \u00feeirra hinna herleiddu, eftir mikilleik \u00fe\u00edns armleggs \u00fe\u00e1 b\u00edvara \u00fe\u00fa \u00feau <span class=\"athugasemd\" title=\"a \/ \u00deau e\u00f0 daglega deydd eru hvert eftir anna\u00f0 svo sem skyldu \u00feau aull afm\u00e1st\">[<\/span> b\u00f6rnin dau\u00f0ans<\/p>\n<p>\tog gjaltu vorum n\u00e1gr\u00f6nnum sj\u00f6falt aftur \u00ed \u00feeirra skaut, \u00feeirra forsm\u00e1nir \u00fe\u00e6r e\u00f0 \u00feeir hafa \u00feig me\u00f0 lasta\u00f0, Drottinn.<\/p>\n<p>\tEn v\u00e9r, \u00feitt f\u00f3lk og sau\u00f0ir \u00feinnar hjar\u00f0ar, \u00fe\u00f6kkum \u00fe\u00e9r eil\u00edflegana og kunngj\u00f6rum \u00feinn lofst\u00edr um aldur og \u00e6vi.<\/p>\n","protected":false},"excerpt":{"rendered":"<p>LXXIX. S\u00e1lmur Assaf. Gu\u00f0, hinir hei\u00f0nu eru innkomnir \u00ed \u00fe\u00edna arfleif\u00f0, \u00feitt hi\u00f0 heilaga musteri hafa \u00feeir saurga\u00f0 og af Jer\u00fasalem steinhr\u00fagu gj\u00f6rt. L\u00edkami \u00feinna \u00fej\u00f3nustumanna hafa \u00feeir fuglum loftsins til \u00e1tu gefi\u00f0 og hold \u00feinna heilagra hr\u00e6d\u00fdrum \u00ed landinu. \u00deeirra bl\u00f3\u00f0i hafa \u00feeir l\u00edka sem vatninu \u00fathellt \u00ed kringum Jer\u00fasalem og \u00fear var s\u00e1 enginn sem \u00fe\u00e1 jar\u00f0a\u00f0i. Vorum n\u00e1gr\u00f6nnum erum v\u00e9r a\u00f0 forsm\u00e1n or\u00f0nir, a\u00f0 h\u00e1\u00f0i og spotti \u00feeim sem \u00ed kringum oss eru. Drottinn, hversu lengi vilt \u00fe\u00fa so rei\u00f0ur vera og l\u00e1ta \u00feitt vandl\u00e6ti brenna sem heitan eld? Hellt \u00feinni rei\u00f0i \u00fat yfir hei\u00f0nar \u00fej\u00f3\u00f0ir, \u00fe\u00e6r <a href=\"https:\/\/biblian.is\/gudbrandsbiblia\/salmarnir-79-kafli\/\"> [&#8230;]<\/a><\/p>\n","protected":false},"author":1,"featured_media":0,"parent":0,"menu_order":0,"comment_status":"open","ping_status":"open","template":"bibliukaflar.php","meta":{"footnotes":""},"class_list":["post-3250","page","type-page","status-publish","hentry"],"_links":{"self":[{"href":"https:\/\/biblian.is\/gudbrandsbiblia\/wp-json\/wp\/v2\/pages\/3250","targetHints":{"allow":["GET"]}}],"collection":[{"href":"https:\/\/biblian.is\/gudbrandsbiblia\/wp-json\/wp\/v2\/pages"}],"about":[{"href":"https:\/\/biblian.is\/gudbrandsbiblia\/wp-json\/wp\/v2\/types\/page"}],"author":[{"embeddable":true,"href":"https:\/\/biblian.is\/gudbrandsbiblia\/wp-json\/wp\/v2\/users\/1"}],"replies":[{"embeddable":true,"href":"https:\/\/biblian.is\/gudbrandsbiblia\/wp-json\/wp\/v2\/comments?post=3250"}],"version-history":[{"count":0,"href":"https:\/\/biblian.is\/gudbrandsbiblia\/wp-json\/wp\/v2\/pages\/3250\/revisions"}],"wp:attachment":[{"href":"https:\/\/biblian.is\/gudbrandsbiblia\/wp-json\/wp\/v2\/media?parent=3250"}],"curies":[{"name":"wp","href":"https:\/\/api.w.org\/{rel}","templated":true}]}}

Sálmarnir 79. kafli

<p>LXXIX.</p>
<p>Sálmur Assaf.</p>
<p>Guð, hinir heiðnu eru innkomnir í þína arfleifð, þitt hið heilaga musteri hafa þeir saurgað og af Jerúsalem steinhrúgu gjört.</p>
<p>	Líkami þinna þjónustumanna hafa þeir fuglum loftsins til átu gefið og hold þinna heilagra hrædýrum í landinu.</p>
<p>	Þeirra blóði hafa þeir líka sem vatninu úthellt í kringum Jerúsalem og þar var sá enginn sem þá jarðaði.</p>
<p>	Vorum nágrönnum erum vér að forsmán orðnir, að háði og spotti þeim sem í kringum oss eru.	</p>
<p>	Drottinn, hversu lengi vilt þú so reiður vera og láta þitt vandlæti brenna sem heitan eld?</p>
<p>	Hellt þinni reiði út yfir heiðnar þjóðir, þær sem ekki þekkja þig og yfir þau kóngaríkin sem ekki ákalla þitt nafn, <span class="athugasemd" title="Jere. 10">[</span></p>
<p>	því að þeir hafa Jakob upp etið og hans híbýli í eyði lagt.</p>
<p>	Minnstu ekki á vorar hinar gömlu misgjörðir, miskunna þú oss snarlegana því að vér erum mjög fáráðir orðnir. <span class="athugasemd" title="Esa. 64">[</span></p>
<p>	Hjálpa þú oss, Guð vor hjálpari, fyrir dýrðar sakir þíns nafns, frelsa þú oss og fyrirgef þú oss vorar syndir fyrir þíns nafns sakir.</p>
<p>	Því lætur þú hina heiðnu segja: &#8222;Hvar er nú þeirra Guð?&#8220; Láttu meðal heiðingjanna kunniga verða fyrir vorum augum hefndina blóðsins þinna þjónustumanna það sem úthellt er.</p>
<p>	Lát fyrir þig koma andvarpan þeirra hinna herleiddu, eftir mikilleik þíns armleggs þá bívara þú þau <span class="athugasemd" title="a / Þau eð daglega deydd eru hvert eftir annað svo sem skyldu þau aull afmást">[</span> börnin dauðans</p>
<p>	og gjaltu vorum nágrönnum sjöfalt aftur í þeirra skaut, þeirra forsmánir þær eð þeir hafa þig með lastað, Drottinn.</p>
<p>	En vér, þitt fólk og sauðir þinnar hjarðar, þökkum þér eilíflegana og kunngjörum þinn lofstír um aldur og ævi.</p>

<p>LXXIX. Sálmur Assaf. Guð, hinir heiðnu eru innkomnir í þína arfleifð, þitt hið heilaga musteri hafa þeir saurgað og af Jerúsalem steinhrúgu gjört. Líkami þinna þjónustumanna hafa þeir fuglum loftsins til átu gefið og hold þinna heilagra hrædýrum í landinu. Þeirra blóði hafa þeir líka sem vatninu úthellt í kringum Jerúsalem og þar var sá enginn sem þá jarðaði. Vorum nágrönnum erum vér að forsmán orðnir, að háði og spotti þeim sem í kringum oss eru. Drottinn, hversu lengi vilt þú so reiður vera og láta þitt vandlæti brenna sem heitan eld? Hellt þinni reiði út yfir heiðnar þjóðir, þær <a href="https://biblian.is/gudbrandsbiblia/salmarnir-79-kafli/"> [&#8230;]</a></p>
