{"id":3245,"date":"2017-12-18T18:33:04","date_gmt":"2017-12-18T18:33:04","guid":{"rendered":"http:\/\/biblian.is\/gudbrandsbiblia\/salmarnir-74-kafli\/"},"modified":"2017-12-18T18:33:04","modified_gmt":"2017-12-18T18:33:04","slug":"salmarnir-74-kafli","status":"publish","type":"page","link":"https:\/\/biblian.is\/gudbrandsbiblia\/salmarnir-74-kafli\/","title":{"rendered":"S\u00e1lmarnir 74. kafli"},"content":{"rendered":"<p>LXXIIII.<\/p>\n<p>Eitt menntanarfr\u00e6\u00f0i Assaf<\/p>\n<p>Hvar fyrir fordr\u00edfur \u00fe\u00fa, Gu\u00f0, oss svo me\u00f0 \u00f6llu og ert svo geysilega rei\u00f0ur \u00e1 sau\u00f0i \u00fe\u00edns haglendis?<\/p>\n<p>\tMinnstu \u00e1 \u00fe\u00edna samkundu \u00fe\u00e1 e\u00f0 \u00fe\u00fa hefur \u00feegar \u00ed fr\u00e1 upphafi endurleyst, \u00e1 fjalli\u00f0 S\u00edon \u00e1 hverju \u00fe\u00fa byggir.<\/p>\n<p>\tTrottu \u00fe\u00e1 undir f\u00f3tum og steyp \u00feeim me\u00f0 \u00f6llu ni\u00f0ur \u00ed grunn \u00fev\u00ed s\u00e1 \u00f3vinurinn hefur alla hluti fordjarfa\u00f0 \u00ed helgid\u00f3minum.<\/p>\n<p>\t\u00de\u00ednir m\u00f3tst\u00f6\u00f0umenn grenja \u00ed \u00fe\u00ednu <span class=\"athugasemd\" title=\"sword Sk\u00f3lum, samkundum, musteri, \u00fear \u00feitt or\u00f0 kennist\">[<\/span> h\u00fasi og setja s\u00edn sk\u00fargo\u00f0 \u00fear inn.<\/p>\n<p>\tMenn sj\u00e1 \u00fea\u00f0 gj\u00e1ir \u00e1 auxarnar \u00fear uppi yfir svo sem a\u00f0 \u00ed sk\u00f3gi v\u00e6ri h\u00f6ggvi\u00f0<\/p>\n<p>\tog \u00ed sundurh\u00f6ggva svo allar \u00feess br\u00edkur me\u00f0 handb\u00edlum og snar\u00f6xum.<\/p>\n<p>\t\u00deinn helgid\u00f3m brenna \u00feeir upp, \u00ed bygging \u00fe\u00edns nafns saurga \u00feeir ni\u00f0ur a\u00f0 grunni.<\/p>\n<p>\t\u00deeir segja \u00ed s\u00ednu hjarta: &#8222;L\u00e1tum oss forey\u00f0a \u00feeim!&#8220; \u00deeir uppbrenna \u00f6ll Gu\u00f0s h\u00fas \u00ed landinu.<\/p>\n<p>\tVor sigurmerki sj\u00e1um v\u00e9r ekki og enginn propheti pr\u00e9dikar n\u00fa meir og eigi s\u00e1 neinn l\u00e6rifa\u00f0ir sem oss l\u00e6ri lengur.<\/p>\n<p>\t\u00d3 Gu\u00f0, hversu lengi \u00fe\u00e1 skal s\u00e1 m\u00f3tstandarinn br\u00edgsla og s\u00e1 \u00f3vinurinn sv\u00edvir\u00f0ir \u00feitt nafn so me\u00f0 \u00f6llu?<\/p>\n<p>\tHvar fyrir sn\u00fdr \u00fe\u00fa \u00feinni hendi h\u00e9r fr\u00e1 og \u00feinni h\u00e6gri hendi svo me\u00f0 \u00f6llu \u00ed burt fr\u00e1 \u00fe\u00ednu <span class=\"athugasemd\" title=\"sword \u00dea\u00f0 er, musteri, \u00fea\u00f0 er Gu\u00f0s f\u00f3lk til samans kemur svo sem m\u00f3\u00f0ir ber sitt barn \u00ed skauti s\u00e9r\">[<\/span> skauti?<\/p>\n<p>\tEn Gu\u00f0 er minn konungur \u00feegar fr\u00e1 \u00f6ndver\u00f0u, hann s\u00e1 sem alla hj\u00e1lp gj\u00f6rir \u00fea sem \u00e1 j\u00f6r\u00f0u sker.<\/p>\n<p>\t\u00de\u00fa \u00ed sundurskiptir hafinu fyrir \u00feinn kraft og \u00fe\u00fa \u00ed sundursl\u00e6r h\u00f6fu\u00f0in <span class=\"athugasemd\" title=\"a \/ V\u00edkinganna, sem var fara\u00f3 og h\u00f6f\u00f0ingjar, \u00fea\u00f0 merkja og hvalfiskarnir\">[<\/span> drekanna \u00ed vatninu.<\/p>\n<p>\t\u00de\u00fa \u00ed sundursl\u00e6r h\u00f6fu\u00f0 hvalfiskanna og gefur \u00fe\u00e1 til f\u00e6\u00f0u f\u00f3lki ey\u00f0imerkurinnar.<\/p>\n<p>\t\u00de\u00fa l\u00e9st <span class=\"athugasemd\" title=\"b \/ Gu\u00f0 uppbyggir l\u00f6nd og borgir og br\u00fdtur \u00fea\u00f0 ni\u00f0ur aftur\">[<\/span> uppspretta l\u00e6ki og vatsr\u00e1sir, \u00fe\u00fa l\u00e9st upp\u00feorna hin str\u00ed\u00f0u vatsf\u00f6llin.<\/p>\n<p>\tDagurinn og n\u00f3ttin \u00feau eru \u00fe\u00edn, \u00fe\u00fa veldur \u00fev\u00ed \u00fea\u00f0 b\u00e6\u00f0i s\u00f3lin og stj\u00f6rnurnar hafa sinn vissan gang.<\/p>\n<p>\t\u00de\u00fa setur s\u00e9rhverju landi s\u00edn endim\u00f6rk, sumar og vetur gj\u00f6rir \u00fe\u00fa.<\/p>\n<p>\tSvo minnst \u00fe\u00fa \u00e1 \u00fea\u00f0 a\u00f0 \u00f3vinurinn sv\u00edvir\u00f0ir svo Drottin og \u00fea\u00f0 f\u00e1v\u00edslegt f\u00f3lk lastar \u00feitt nafn.<\/p>\n<p>\tGef \u00fe\u00fa ekki hr\u00e6kvikindum s\u00e1lir \u00feinna turtild\u00fafna og forgleym ekki \u00fe\u00ednum f\u00e1t\u00e6kum kindum svo me\u00f0 \u00f6llu.<\/p>\n<p>\tMinnstu \u00e1 s\u00e1ttm\u00e1lann \u00fev\u00ed a\u00f0 landi\u00f0 er allavegana aumlega foreytt og h\u00fasin ni\u00f0urbrotin.<\/p>\n<p>\tL\u00e1t \u00fe\u00fa ekki hinn f\u00e1r\u00e1\u00f0a me\u00f0 hneisu \u00fear fr\u00e1 ganga \u00fev\u00ed a\u00f0 hinir f\u00e1t\u00e6ku og volu\u00f0u lofa \u00feitt nafn.<\/p>\n<p>\tR\u00eds upp, \u00fe\u00fa Gu\u00f0, og legg d\u00f3m \u00e1 mitt m\u00e1l, huglei\u00f0 \u00fe\u00fa \u00fe\u00e1 forsm\u00e1n sem \u00fe\u00e9r af \u00feeim f\u00e1v\u00edsu daglega veitist.<\/p>\n<p>\tForgleym ekki hr\u00f3pinu \u00f3vina \u00feinna \u00fev\u00ed a\u00f0 ofsinn \u00feinna m\u00f3tst\u00f6\u00f0umanna hann geisar einatt meir og meir.<\/p>\n","protected":false},"excerpt":{"rendered":"<p>LXXIIII. Eitt menntanarfr\u00e6\u00f0i Assaf Hvar fyrir fordr\u00edfur \u00fe\u00fa, Gu\u00f0, oss svo me\u00f0 \u00f6llu og ert svo geysilega rei\u00f0ur \u00e1 sau\u00f0i \u00fe\u00edns haglendis? Minnstu \u00e1 \u00fe\u00edna samkundu \u00fe\u00e1 e\u00f0 \u00fe\u00fa hefur \u00feegar \u00ed fr\u00e1 upphafi endurleyst, \u00e1 fjalli\u00f0 S\u00edon \u00e1 hverju \u00fe\u00fa byggir. Trottu \u00fe\u00e1 undir f\u00f3tum og steyp \u00feeim me\u00f0 \u00f6llu ni\u00f0ur \u00ed grunn \u00fev\u00ed s\u00e1 \u00f3vinurinn hefur alla hluti fordjarfa\u00f0 \u00ed helgid\u00f3minum. \u00de\u00ednir m\u00f3tst\u00f6\u00f0umenn grenja \u00ed \u00fe\u00ednu [ h\u00fasi og setja s\u00edn sk\u00fargo\u00f0 \u00fear inn. Menn sj\u00e1 \u00fea\u00f0 gj\u00e1ir \u00e1 auxarnar \u00fear uppi yfir svo sem a\u00f0 \u00ed sk\u00f3gi v\u00e6ri h\u00f6ggvi\u00f0 og \u00ed sundurh\u00f6ggva svo allar \u00feess br\u00edkur me\u00f0 <a href=\"https:\/\/biblian.is\/gudbrandsbiblia\/salmarnir-74-kafli\/\"> [&#8230;]<\/a><\/p>\n","protected":false},"author":1,"featured_media":0,"parent":0,"menu_order":0,"comment_status":"open","ping_status":"open","template":"bibliukaflar.php","meta":{"footnotes":""},"class_list":["post-3245","page","type-page","status-publish","hentry"],"_links":{"self":[{"href":"https:\/\/biblian.is\/gudbrandsbiblia\/wp-json\/wp\/v2\/pages\/3245","targetHints":{"allow":["GET"]}}],"collection":[{"href":"https:\/\/biblian.is\/gudbrandsbiblia\/wp-json\/wp\/v2\/pages"}],"about":[{"href":"https:\/\/biblian.is\/gudbrandsbiblia\/wp-json\/wp\/v2\/types\/page"}],"author":[{"embeddable":true,"href":"https:\/\/biblian.is\/gudbrandsbiblia\/wp-json\/wp\/v2\/users\/1"}],"replies":[{"embeddable":true,"href":"https:\/\/biblian.is\/gudbrandsbiblia\/wp-json\/wp\/v2\/comments?post=3245"}],"version-history":[{"count":0,"href":"https:\/\/biblian.is\/gudbrandsbiblia\/wp-json\/wp\/v2\/pages\/3245\/revisions"}],"wp:attachment":[{"href":"https:\/\/biblian.is\/gudbrandsbiblia\/wp-json\/wp\/v2\/media?parent=3245"}],"curies":[{"name":"wp","href":"https:\/\/api.w.org\/{rel}","templated":true}]}}