{"id":3243,"date":"2017-12-18T18:33:04","date_gmt":"2017-12-18T18:33:04","guid":{"rendered":"http:\/\/biblian.is\/gudbrandsbiblia\/salmarnir-72-kafli\/"},"modified":"2017-12-18T18:33:04","modified_gmt":"2017-12-18T18:33:04","slug":"salmarnir-72-kafli","status":"publish","type":"page","link":"https:\/\/biblian.is\/gudbrandsbiblia\/salmarnir-72-kafli\/","title":{"rendered":"S\u00e1lmarnir 72. kafli"},"content":{"rendered":"<p>LXXII.<\/p>\n<p>Fyri Sal\u00f3moni<\/p>\n<p>Gu\u00f0, gef \u00fe\u00fa konunginum \u00feinn d\u00f3m og \u00feitt r\u00e9ttl\u00e6ti k\u00f3ngsins syni,<\/p>\n<p>\tsvo a\u00f0 hann stj\u00f3rni \u00fe\u00ednu f\u00f3lki me\u00f0 r\u00e9ttl\u00e6ti og frelsi \u00fe\u00edna f\u00e1t\u00e6ka.<\/p>\n<p>\tL\u00e1ttu fj\u00f6llinn fri\u00f0inn f\u00e6ra f\u00f3lkinu og \u00fe\u00e1 h\u00e1lsana r\u00e9ttl\u00e6ti\u00f0.<\/p>\n<p>\tHann mun l\u00e1ta hina f\u00e1t\u00e6ku af f\u00f3lkinu r\u00e9tt ske og f\u00e1t\u00e6kum hj\u00e1lpa og l\u00f6stunarmennina sundurtro\u00f0a.\t<\/p>\n<p>\t\u00deig munu \u00feeir hr\u00e6\u00f0ast \u00e6 me\u00f0an s\u00f3lin og tungli\u00f0 \u00fea\u00f0 varir, til \u00ed fr\u00e1 einni kynsl\u00f3\u00f0 til annarrar.<\/p>\n<p>\tOfan mun hann koma l\u00edka sem d\u00f6ggin yfir ullarreyfi\u00f0, svo sem droparnir \u00feeir e\u00f0 v\u00e6ta j\u00f6r\u00f0ina. <span class=\"athugasemd\" title=\"So sem Gideon ske\u00f0i. Jud. 6\">[<\/span> <\/p>\n<p>\t\u00c1 hans d\u00f6gum mun bl\u00f3mgast s\u00e1 hinn r\u00e9ttl\u00e1ti og gn\u00f3tt fri\u00f0arins \u00feanga\u00f0 til \u00fea\u00f0 tungli\u00f0 er ei meir.<\/p>\n<p>\tHann mun drottna fr\u00e1 einu hafinu til annars og fr\u00e1 <span class=\"athugasemd\" title=\"sword \u00dea\u00f0 er, J\u00f3rdan\">[<\/span> vatsfallinu allt til veraldarinnar enda.<\/p>\n<p>\tFyrir honum munu krj\u00fapa \u00feeir sem \u00e1 ey\u00f0im\u00f6rkunum eru og hans \u00f3vinir munu jar\u00f0ardufti\u00f0 sleikja.<\/p>\n<p>\tK\u00f3ngarnir vi\u00f0 sj\u00e1varhafi\u00f0 og \u00ed eyj\u00f6num munu honum skenkingar f\u00e6ra, k\u00f3ngar \u00far r\u00edki Arabia og Saba munu honum gjafir til flytja.<\/p>\n<p>\tAllir konungarnir munu tilbij\u00f0a hann, allar \u00fej\u00f3\u00f0ir munu honum \u00fej\u00f3na.<\/p>\n<p>\t\u00dev\u00ed a\u00f0 hann mun frelsa hinn f\u00e1t\u00e6ka \u00feann e\u00f0 kallar og hinn f\u00e1r\u00e1\u00f0a sem \u00f6ngvan hj\u00e1lparmann hefur. <span class=\"athugasemd\" title=\"Christus k\u00f3ngur \u00feeirra f\u00e1t\u00e6ku sem bi\u00f0ja og \u00e1kalla hann\">[<\/span> <\/p>\n<p>\tHann mun l\u00edknsamur vera hinum l\u00edtilmagna og vola\u00f0a og s\u00e1lum \u00feeirra f\u00e1t\u00e6ku mun hann hj\u00e1lpa.<\/p>\n<p>\tHann mun \u00feeirra s\u00e1lir \u00fat af svikr\u00e6\u00f0inu og ofr\u00edkinu frelsa og \u00feeirra bl\u00f3\u00f0dreyri mun d\u00fdrm\u00e6tur haldinn ver\u00f0a fyrir honum.<\/p>\n<p>\tHann mun lifa og menn munu honum gefa af gullinu \u00far r\u00edki Arabia og me\u00f0 jafna\u00f0i munu menn fyrir honum tilbi\u00f0ja, daglegana munu menn lofa hann.<\/p>\n<p>\t\u00c1 j\u00f6r\u00f0unni ofan \u00e1 fj\u00f6llum mun \u00feykkt standa af korni, \u00feess \u00e1v\u00f6xtur mun skj\u00e1lfa sem L\u00edbanon og frj\u00f3vgast \u00ed st\u00f6\u00f0unum sem grasi\u00f0 \u00e1 j\u00f6r\u00f0u.<\/p>\n<p>\tHans nafn mun bl\u00edfa um aldur og \u00e6vi, \u00e6 svo lengi sem \u00fea\u00f0 s\u00f3lin varir \u00fe\u00e1 mun hans nafn n\u00e1 \u00fat yfir alla eftirkomendurnar og munu blessa\u00f0ir ver\u00f0a fyri hann, allar \u00fej\u00f3\u00f0ir munu hann vegsama.<\/p>\n<p>\tLofa\u00f0ur s\u00e9 Gu\u00f0 Drottinn, Gu\u00f0 \u00cdsraels, hann s\u00e1 e\u00f0 einn gj\u00f6rir d\u00e1semdarverkin<\/p>\n<p>\tog blessa\u00f0 s\u00e9 hans d\u00fdr\u00f0arlega nafn eil\u00edflegana og \u00f6ll l\u00f6nd \u00feau uppfyllist me\u00f0 hans d\u00fdr\u00f0. Amen. Amen.<\/p>\n<p>\tH\u00e9r endast b\u00e6nir Dav\u00ed\u00f0s sonar \u00cdsa\u00ed.<\/p>\n","protected":false},"excerpt":{"rendered":"<p>LXXII. Fyri Sal\u00f3moni Gu\u00f0, gef \u00fe\u00fa konunginum \u00feinn d\u00f3m og \u00feitt r\u00e9ttl\u00e6ti k\u00f3ngsins syni, svo a\u00f0 hann stj\u00f3rni \u00fe\u00ednu f\u00f3lki me\u00f0 r\u00e9ttl\u00e6ti og frelsi \u00fe\u00edna f\u00e1t\u00e6ka. L\u00e1ttu fj\u00f6llinn fri\u00f0inn f\u00e6ra f\u00f3lkinu og \u00fe\u00e1 h\u00e1lsana r\u00e9ttl\u00e6ti\u00f0. Hann mun l\u00e1ta hina f\u00e1t\u00e6ku af f\u00f3lkinu r\u00e9tt ske og f\u00e1t\u00e6kum hj\u00e1lpa og l\u00f6stunarmennina sundurtro\u00f0a. \u00deig munu \u00feeir hr\u00e6\u00f0ast \u00e6 me\u00f0an s\u00f3lin og tungli\u00f0 \u00fea\u00f0 varir, til \u00ed fr\u00e1 einni kynsl\u00f3\u00f0 til annarrar. Ofan mun hann koma l\u00edka sem d\u00f6ggin yfir ullarreyfi\u00f0, svo sem droparnir \u00feeir e\u00f0 v\u00e6ta j\u00f6r\u00f0ina. [ \u00c1 hans d\u00f6gum mun bl\u00f3mgast s\u00e1 hinn r\u00e9ttl\u00e1ti og gn\u00f3tt fri\u00f0arins \u00feanga\u00f0 til \u00fea\u00f0 tungli\u00f0 <a href=\"https:\/\/biblian.is\/gudbrandsbiblia\/salmarnir-72-kafli\/\"> [&#8230;]<\/a><\/p>\n","protected":false},"author":1,"featured_media":0,"parent":0,"menu_order":0,"comment_status":"open","ping_status":"open","template":"bibliukaflar.php","meta":{"footnotes":""},"class_list":["post-3243","page","type-page","status-publish","hentry"],"_links":{"self":[{"href":"https:\/\/biblian.is\/gudbrandsbiblia\/wp-json\/wp\/v2\/pages\/3243","targetHints":{"allow":["GET"]}}],"collection":[{"href":"https:\/\/biblian.is\/gudbrandsbiblia\/wp-json\/wp\/v2\/pages"}],"about":[{"href":"https:\/\/biblian.is\/gudbrandsbiblia\/wp-json\/wp\/v2\/types\/page"}],"author":[{"embeddable":true,"href":"https:\/\/biblian.is\/gudbrandsbiblia\/wp-json\/wp\/v2\/users\/1"}],"replies":[{"embeddable":true,"href":"https:\/\/biblian.is\/gudbrandsbiblia\/wp-json\/wp\/v2\/comments?post=3243"}],"version-history":[{"count":0,"href":"https:\/\/biblian.is\/gudbrandsbiblia\/wp-json\/wp\/v2\/pages\/3243\/revisions"}],"wp:attachment":[{"href":"https:\/\/biblian.is\/gudbrandsbiblia\/wp-json\/wp\/v2\/media?parent=3243"}],"curies":[{"name":"wp","href":"https:\/\/api.w.org\/{rel}","templated":true}]}}