{"id":3242,"date":"2017-12-18T18:33:04","date_gmt":"2017-12-18T18:33:04","guid":{"rendered":"http:\/\/biblian.is\/gudbrandsbiblia\/salmarnir-71-kafli\/"},"modified":"2017-12-18T18:33:04","modified_gmt":"2017-12-18T18:33:04","slug":"salmarnir-71-kafli","status":"publish","type":"page","link":"https:\/\/biblian.is\/gudbrandsbiblia\/salmarnir-71-kafli\/","title":{"rendered":"S\u00e1lmarnir 71. kafli"},"content":{"rendered":"<p>LXXI.<\/p>\n<p>\u00c1 \u00feig, Drottinn, treysti eg, l\u00e1ttu mig aldrei til skammar ver\u00f0a.<\/p>\n<p>\tHj\u00e1lpa m\u00e9r \u00fe\u00edns r\u00e9ttl\u00e6tis vegna og leys mig \u00fat \u00fea\u00f0an, hneig \u00feitt eyra til m\u00edn og frelsa mig.<\/p>\n<p>\tVert m\u00e9r \u00f6rugg hl\u00edf svo a\u00f0 eg megi \u00feanga\u00f0 \u00e6t\u00ed\u00f0 h\u00e6lis leita, \u00fe\u00fa sem lofa\u00f0 hefur m\u00e9r a\u00f0 hj\u00e1lpa, \u00fev\u00ed a\u00f0 \u00fe\u00fa ert m\u00edn <span class=\"athugasemd\" title=\"sword styrkur og mitt athvarf\">[<\/span> hella og m\u00edn borg.<\/p>\n<p>\tMinn Gu\u00f0, hj\u00e1lpa \u00fe\u00fa m\u00e9r \u00fat af hendi hinna \u00f3gu\u00f0hr\u00e6ddu, af hendi hins rangl\u00e1ta og v\u00edkingsins.<\/p>\n<p>\t\u00dev\u00ed a\u00f0 \u00fe\u00fa ert mitt traust, Drottinn, Drottinn er m\u00edn von \u00ed fr\u00e1 ungd\u00f3mi m\u00ednum.<\/p>\n<p>\t\u00c1 \u00feig hefi eg treyst \u00feegar \u00ed fr\u00e1 m\u00f3\u00f0urkvi\u00f0i, \u00fe\u00fa hefur \u00fatleitt mig af minnar m\u00f3\u00f0ur l\u00edfi, minn lofst\u00edr er \u00e6t\u00ed\u00f0 af \u00fe\u00e9r.<\/p>\n<p>\tEg em m\u00f6rgum or\u00f0inn a\u00f0 undrun, en \u00fe\u00fa ert mitt styrktartraust.<\/p>\n<p>\tL\u00e1t minn munn \u00fe\u00edns lofs og \u00feinnar d\u00fdr\u00f0ar fullan ver\u00f0a daglegana.<\/p>\n<p>\tBurt kasta m\u00e9r ekki \u00ed minni elli, yfirgef mig ekki \u00fe\u00e1 e\u00f0 minn m\u00e1ttur minnkar.<\/p>\n<p>\t\u00dev\u00ed m\u00ednir \u00f3vinir m\u00e6la \u00e1 m\u00f3ti m\u00e9r og \u00feeir e\u00f0 umsitja m\u00edna s\u00e1l \u00feeir bera s\u00edn r\u00e1\u00f0 saman<\/p>\n<p>\tog segja: &#8222;Gu\u00f0 hefur yfirgefi\u00f0 hann, s\u00e6ki\u00f0 eftir honum og gr\u00edpi\u00f0 \u00fev\u00ed a\u00f0 \u00fear er enginn s\u00e1 e\u00f0 honum hj\u00e1lpar!&#8220;<\/p>\n<p>\tGu\u00f0, vert ekki langt fr\u00e1 m\u00e9r, minn Gu\u00f0, fl\u00fdttu \u00fe\u00e9r m\u00e9r til hj\u00e1lpar.<\/p>\n<p>\tSkammist \u00feeir s\u00edn og fyrirfarist sem umsitja m\u00edna s\u00e1lu, me\u00f0 sk\u00f6mm og hneisu munu \u00feeir yfirskygg\u00f0ir ver\u00f0a sem minnar \u00f3g\u00e6fu leita.<\/p>\n<p>\tEn eg vil \u00e6t\u00ed\u00f0 vona \u00e1 \u00feig og \u00feinn lofst\u00edr einatt m\u00e9r forauka.<\/p>\n<p>\tMinn munnur skal kunngj\u00f6ra \u00feitt r\u00e9ttl\u00e6ti, daglegana \u00feitt hj\u00e1lpr\u00e6\u00f0i hvert eg kann ei allt upp a\u00f0 telja.<\/p>\n<p>\t\u00cd krafti Drottins Drottins \u00fe\u00e1 geng eg fram, eg pr\u00edsa alleinasta \u00feitt r\u00e9ttl\u00e6ti.<\/p>\n<p>\tGu\u00f0, \u00fe\u00fa hefur mig mennta\u00f0 \u00ed fr\u00e1 barnd\u00f3mi m\u00ednum, \u00fear fyri opinbera eg \u00fe\u00ednar d\u00e1semdir.<\/p>\n<p>\tYfirgef \u00fe\u00fa mig ekki, minn Gu\u00f0, \u00ed ellinni, n\u00e6r e\u00f0 eg tek gr\u00e1h\u00e6r\u00f0ur a\u00f0 ver\u00f0a, \u00feanga\u00f0 til a\u00f0 eg kunngj\u00f6ri \u00feinn armlegg barnab\u00f6rnum og \u00feinn kraft \u00f6llum \u00feeim e\u00f0 koma skulu.<\/p>\n<p>\tGu\u00f0, \u00feitt r\u00e9ttl\u00e6ti er h\u00e1leitt, \u00fe\u00fa sem st\u00f3rmerkin gj\u00f6rir, Gu\u00f0, hver er \u00fe\u00e9r l\u00edkur?<\/p>\n<p>\t\u00dev\u00ed a\u00f0 \u00fe\u00fa l\u00e6tur mig rata \u00ed margar mannraunir og endurl\u00edfgar mig aftur og \u00fatleiddir mig aftur ne\u00f0an \u00far dj\u00fapi jar\u00f0arinnar.<\/p>\n<p>\t\u00de\u00fa mikla\u00f0ir \u00fe\u00edn st\u00f3rmerki fyrir m\u00e9r og hugga\u00f0ir mig aftur. \u00dev\u00ed \u00feakka eg \u00fe\u00e9r einnin me\u00f0 hlj\u00f3\u00f0f\u00e6rinu fyri \u00feinn sannleik, minn Gu\u00f0, eg lofsyng \u00fe\u00e9r \u00e1 h\u00f6rpuna, \u00fe\u00fa Hinn heilagi \u00ed \u00cdsrael.<\/p>\n<p>\tM\u00ednar varir og s\u00e1la m\u00edn hverja \u00fe\u00fa hefur endurleyst eru gla\u00f0v\u00e6r og syngja \u00fe\u00e9r lof,<\/p>\n<p>\tsvo yrkir og einnin m\u00edn tunga daglegana um \u00feitt r\u00e9ttl\u00e6ti \u00fev\u00ed a\u00f0 skammist \u00feeir s\u00edn og til skammar ver\u00f0i \u00feeir sem minnar \u00f3g\u00e6fu leita.<\/p>\n","protected":false},"excerpt":{"rendered":"<p>LXXI. \u00c1 \u00feig, Drottinn, treysti eg, l\u00e1ttu mig aldrei til skammar ver\u00f0a. Hj\u00e1lpa m\u00e9r \u00fe\u00edns r\u00e9ttl\u00e6tis vegna og leys mig \u00fat \u00fea\u00f0an, hneig \u00feitt eyra til m\u00edn og frelsa mig. Vert m\u00e9r \u00f6rugg hl\u00edf svo a\u00f0 eg megi \u00feanga\u00f0 \u00e6t\u00ed\u00f0 h\u00e6lis leita, \u00fe\u00fa sem lofa\u00f0 hefur m\u00e9r a\u00f0 hj\u00e1lpa, \u00fev\u00ed a\u00f0 \u00fe\u00fa ert m\u00edn [ hella og m\u00edn borg. Minn Gu\u00f0, hj\u00e1lpa \u00fe\u00fa m\u00e9r \u00fat af hendi hinna \u00f3gu\u00f0hr\u00e6ddu, af hendi hins rangl\u00e1ta og v\u00edkingsins. \u00dev\u00ed a\u00f0 \u00fe\u00fa ert mitt traust, Drottinn, Drottinn er m\u00edn von \u00ed fr\u00e1 ungd\u00f3mi m\u00ednum. \u00c1 \u00feig hefi eg treyst \u00feegar \u00ed fr\u00e1 m\u00f3\u00f0urkvi\u00f0i, \u00fe\u00fa <a href=\"https:\/\/biblian.is\/gudbrandsbiblia\/salmarnir-71-kafli\/\"> [&#8230;]<\/a><\/p>\n","protected":false},"author":1,"featured_media":0,"parent":0,"menu_order":0,"comment_status":"open","ping_status":"open","template":"bibliukaflar.php","meta":{"footnotes":""},"class_list":["post-3242","page","type-page","status-publish","hentry"],"_links":{"self":[{"href":"https:\/\/biblian.is\/gudbrandsbiblia\/wp-json\/wp\/v2\/pages\/3242","targetHints":{"allow":["GET"]}}],"collection":[{"href":"https:\/\/biblian.is\/gudbrandsbiblia\/wp-json\/wp\/v2\/pages"}],"about":[{"href":"https:\/\/biblian.is\/gudbrandsbiblia\/wp-json\/wp\/v2\/types\/page"}],"author":[{"embeddable":true,"href":"https:\/\/biblian.is\/gudbrandsbiblia\/wp-json\/wp\/v2\/users\/1"}],"replies":[{"embeddable":true,"href":"https:\/\/biblian.is\/gudbrandsbiblia\/wp-json\/wp\/v2\/comments?post=3242"}],"version-history":[{"count":0,"href":"https:\/\/biblian.is\/gudbrandsbiblia\/wp-json\/wp\/v2\/pages\/3242\/revisions"}],"wp:attachment":[{"href":"https:\/\/biblian.is\/gudbrandsbiblia\/wp-json\/wp\/v2\/media?parent=3242"}],"curies":[{"name":"wp","href":"https:\/\/api.w.org\/{rel}","templated":true}]}}