{"id":3241,"date":"2017-12-18T18:33:04","date_gmt":"2017-12-18T18:33:04","guid":{"rendered":"http:\/\/biblian.is\/gudbrandsbiblia\/salmarnir-70-kafli\/"},"modified":"2017-12-18T18:33:04","modified_gmt":"2017-12-18T18:33:04","slug":"salmarnir-70-kafli","status":"publish","type":"page","link":"https:\/\/biblian.is\/gudbrandsbiblia\/salmarnir-70-kafli\/","title":{"rendered":"S\u00e1lmarnir 70. kafli"},"content":{"rendered":"<p>LXX.<\/p>\n<p>S\u00e1lmur Dav\u00ed\u00f0s fyrir a\u00f0 syngja minningar til<\/p>\n<p>Fl\u00fdt \u00fe\u00e9r, Gu\u00f0, a\u00f0 frelsa mig, skunda \u00fe\u00fa, Drottinn, m\u00e9r til hj\u00e1lpar.<\/p>\n<p>\tSkammist s\u00edn og a\u00f0 sk\u00f6mm ver\u00f0i \u00feeir e\u00f0 s\u00e6kja eftir minni s\u00e1lu, \u00feeir munu aftur \u00e1 bak sn\u00faa og forsm\u00e1\u00f0ir ver\u00f0a sem m\u00e9r vilja til vonda.<\/p>\n<p>\tVer\u00f0i \u00feeir til skammar aftur \u00feeir sem \u00fear kalla yfir m\u00e9r: &#8222;Vel, vel!&#8220;<\/p>\n<p>\tFagni \u00feeir og gle\u00f0jist \u00ed \u00fe\u00e9r allir \u00feeir sem a\u00f0 \u00fe\u00e9r leita og \u00feeir e\u00f0 \u00feitt hj\u00e1lpr\u00e6\u00f0i elska og me\u00f0 jafna\u00f0i segja: &#8222;H\u00e1leitlega s\u00e9 Gu\u00f0 lofa\u00f0ur!&#8220;<\/p>\n<p>\tEn eg em f\u00e1t\u00e6kur og aumur, Gu\u00f0, fl\u00fdt \u00fe\u00fa \u00fe\u00e9r til m\u00edn \u00fev\u00ed a\u00f0 \u00fe\u00fa ert minn hj\u00e1lpari og lausnari, Drottinn, dvel \u00fe\u00fa ekki.<\/p>\n","protected":false},"excerpt":{"rendered":"<p>LXX. S\u00e1lmur Dav\u00ed\u00f0s fyrir a\u00f0 syngja minningar til Fl\u00fdt \u00fe\u00e9r, Gu\u00f0, a\u00f0 frelsa mig, skunda \u00fe\u00fa, Drottinn, m\u00e9r til hj\u00e1lpar. Skammist s\u00edn og a\u00f0 sk\u00f6mm ver\u00f0i \u00feeir e\u00f0 s\u00e6kja eftir minni s\u00e1lu, \u00feeir munu aftur \u00e1 bak sn\u00faa og forsm\u00e1\u00f0ir ver\u00f0a sem m\u00e9r vilja til vonda. Ver\u00f0i \u00feeir til skammar aftur \u00feeir sem \u00fear kalla yfir m\u00e9r: &#8222;Vel, vel!&#8220; Fagni \u00feeir og gle\u00f0jist \u00ed \u00fe\u00e9r allir \u00feeir sem a\u00f0 \u00fe\u00e9r leita og \u00feeir e\u00f0 \u00feitt hj\u00e1lpr\u00e6\u00f0i elska og me\u00f0 jafna\u00f0i segja: &#8222;H\u00e1leitlega s\u00e9 Gu\u00f0 lofa\u00f0ur!&#8220; En eg em f\u00e1t\u00e6kur og aumur, Gu\u00f0, fl\u00fdt \u00fe\u00fa \u00fe\u00e9r til m\u00edn \u00fev\u00ed a\u00f0 \u00fe\u00fa <a href=\"https:\/\/biblian.is\/gudbrandsbiblia\/salmarnir-70-kafli\/\"> [&#8230;]<\/a><\/p>\n","protected":false},"author":1,"featured_media":0,"parent":0,"menu_order":0,"comment_status":"open","ping_status":"open","template":"bibliukaflar.php","meta":{"footnotes":""},"class_list":["post-3241","page","type-page","status-publish","hentry"],"_links":{"self":[{"href":"https:\/\/biblian.is\/gudbrandsbiblia\/wp-json\/wp\/v2\/pages\/3241","targetHints":{"allow":["GET"]}}],"collection":[{"href":"https:\/\/biblian.is\/gudbrandsbiblia\/wp-json\/wp\/v2\/pages"}],"about":[{"href":"https:\/\/biblian.is\/gudbrandsbiblia\/wp-json\/wp\/v2\/types\/page"}],"author":[{"embeddable":true,"href":"https:\/\/biblian.is\/gudbrandsbiblia\/wp-json\/wp\/v2\/users\/1"}],"replies":[{"embeddable":true,"href":"https:\/\/biblian.is\/gudbrandsbiblia\/wp-json\/wp\/v2\/comments?post=3241"}],"version-history":[{"count":0,"href":"https:\/\/biblian.is\/gudbrandsbiblia\/wp-json\/wp\/v2\/pages\/3241\/revisions"}],"wp:attachment":[{"href":"https:\/\/biblian.is\/gudbrandsbiblia\/wp-json\/wp\/v2\/media?parent=3241"}],"curies":[{"name":"wp","href":"https:\/\/api.w.org\/{rel}","templated":true}]}}