{"id":3226,"date":"2017-12-18T18:33:01","date_gmt":"2017-12-18T18:33:01","guid":{"rendered":"http:\/\/biblian.is\/gudbrandsbiblia\/salmarnir-55-kafli\/"},"modified":"2017-12-18T18:33:01","modified_gmt":"2017-12-18T18:33:01","slug":"salmarnir-55-kafli","status":"publish","type":"page","link":"https:\/\/biblian.is\/gudbrandsbiblia\/salmarnir-55-kafli\/","title":{"rendered":"S\u00e1lmarnir 55. kafli"},"content":{"rendered":"<p>LV.<\/p>\n<p>Menntanarfr\u00e6\u00f0i Dav\u00ed\u00f0s fyrir a\u00f0 syngja \u00e1 strengjahlj\u00f3\u00f0f\u00e6ri<\/p>\n<p>Heyr \u00fe\u00fa, Gu\u00f0, m\u00edna b\u00e6n og byrg \u00feig ekki fyrir minni gr\u00e1tbei\u00f0ni.<\/p>\n<p>\tHygg a\u00f0 m\u00e9r og b\u00e6nheyr mig, hvernin \u00fea\u00f0 eg syrgi s\u00e1rlega og gr\u00e6t.<\/p>\n<p>\tAf \u00fev\u00ed \u00fea\u00f0 \u00f3vinurinn gamrar so h\u00e1tt og hinn \u00f3gu\u00f0hr\u00e6ddi angrar mig \u00fev\u00ed a\u00f0 \u00feeir vilja gj\u00f6ra m\u00e9r eina hrekkv\u00edsi og eru m\u00e9r \u00e1kaflega rei\u00f0ir.<\/p>\n<p>\tMitt hjarta \u00fea\u00f0 angrar sig \u00ed m\u00ednu l\u00edfi og dau\u00f0ans \u00f3tti er yfir mig fallinn.<\/p>\n<p>\tHr\u00e6\u00f0sla og \u00f3tti er yfir mig kominn og skelfingin er yfir mig fallin.<\/p>\n<p>\tEg sag\u00f0a: &#8222;G\u00e6fi Gu\u00f0 eg hef\u00f0a v\u00e6ngi sem d\u00fafa svo a\u00f0 eg m\u00e6tti \u00ed burt flj\u00faga og me\u00f0 mak vera!<\/p>\n<p>\tSj\u00e1 \u00fe\u00fa, \u00fe\u00e1 skylda eg langt \u00ed burt fl\u00fdja og \u00ed ey\u00f0im\u00f6rkinni bl\u00edfa. Sela.<\/p>\n<p>\tEg skylda me\u00f0 fl\u00fdti fara so a\u00f0 eg undan k\u00e6mist \u00feeim stormvindi og hretvi\u00f0ri.&#8220;<\/p>\n<p>\tSundur\u00feykkar gj\u00f6r tungur \u00feeirra, Drottinn, og umturna \u00feeim \u00fev\u00ed a\u00f0 eg s\u00e9 illsku og m\u00f3tm\u00e6li \u00ed borginni.<\/p>\n<p>\tN\u00f3tt og dag gengur soddan um kring hennar m\u00farveggi, <span class=\"athugasemd\" title=\"a \/ Eins\u00f6mul hrekkv\u00edsi og illska, me\u00f0 hverri \u00feeir \u00feyngja sig og \u00e6\u00f0ra\">[<\/span> eymd og erfi\u00f0i er \u00fear inni.<\/p>\n<p>\tSka\u00f0a a\u00f0 gj\u00f6ra r\u00edkir \u00fear fyrir innan, lygar og r\u00e1n \u00feverrar ei \u00e1 hennar str\u00e6tum.<\/p>\n<p>\t\u00de\u00f3tt a\u00f0 \u00f3vinur minn ni\u00f0ra\u00f0i m\u00e9r \u00fe\u00e1 vilda eg \u00fea\u00f0 uml\u00ed\u00f0a og \u00fe\u00f3 a\u00f0 fjandma\u00f0ur minn skammyrti mig \u00fe\u00e1 vilda eg geyma mig fyrir honum.<\/p>\n<p>\tEn \u00fe\u00fa ert minn lagsma\u00f0ur, minn lei\u00f0togi og kunningi minn,<\/p>\n<p>\thverjir e\u00f0 vorum vinir til samans okkar \u00e1 milli, vi\u00f0 gengum \u00ed Gu\u00f0s h\u00fasi b\u00e1\u00f0ir til samans.<\/p>\n<p>\tBr\u00e1\u00f0ur dau\u00f0i komi yfir \u00fe\u00e1 og ofanst\u00edgi \u00feeir kvikir \u00ed helv\u00edti, \u00fev\u00ed a\u00f0 ekki er utan illskan ein \u00ed \u00feeirra tjaldb\u00fa\u00f0um.<\/p>\n<p>\tEn eg vil kalla til Gu\u00f0s og mun Drottinn hj\u00e1lpa m\u00e9r.<\/p>\n<p>\tUm kveld, morna og mi\u00f0degi vil eg harma og gr\u00e1ta, \u00fe\u00e1 mun Drottinn heyra m\u00edna raust.<\/p>\n<p>\tHann frelsar s\u00e1lu m\u00edna \u00ed fr\u00e1 \u00feeim sem vilja til vi\u00f0 mig og \u00fatvegar henni hv\u00edld, \u00fev\u00ed a\u00f0 \u00feeir eru margir sem standa \u00e1 m\u00f3ti m\u00e9r.<\/p>\n<p>\tGu\u00f0 mun heyra og ni\u00f0url\u00e6gja \u00fe\u00e1, hann e\u00f0 bl\u00edfur a\u00f0 eil\u00edfu. Sela.<\/p>\n<p>\t\u00dev\u00ed a\u00f0 ei ver\u00f0a \u00feeir \u00f6\u00f0ruv\u00eds og \u00feeir \u00f3ttast ei Gu\u00f0.<\/p>\n<p>\t\u00dev\u00ed a\u00f0 s\u00ednar hendur leggja \u00feeir \u00e1 hans fri\u00f0sama og saurga hans s\u00e1ttm\u00e1la.<\/p>\n<p>\t\u00deeirra munnur er kl\u00f6kkvari en smj\u00f6r og hafa \u00fe\u00f3 str\u00ed\u00f0 \u00ed sinni, \u00feeirra or\u00f0 eru mj\u00fakari en vi\u00f0smj\u00f6r og eru \u00fe\u00f3 nakin sver\u00f0.<\/p>\n<p>\tFleyg \u00fe\u00fa \u00e1 Drottin \u00feinni \u00e1hyggju og mun hann \u00fe\u00e9r atvinnu veita og ei mun hann hinn r\u00e9ttl\u00e1ta \u00e6vinlega l\u00e1ta skeika. <span class=\"athugasemd\" title=\"Math. 6 \/ Luc. 12 \/ 1. P\u00e9t. 5\">[<\/span> <\/p>\n<p>\tEn Gu\u00f0, \u00fe\u00fa munt steypa \u00feeim ni\u00f0ur \u00ed dj\u00fapu gr\u00f6fina, hinir bl\u00f3\u00f0gj\u00f6rnu og fl\u00e1r\u00e1\u00f0u munu ei f\u00e1 \u00e6vi sinna l\u00edfdaga h\u00e1lfna\u00f0. En \u00e1 \u00feig, Drottinn, treysti eg.<\/p>\n","protected":false},"excerpt":{"rendered":"<p>LV. Menntanarfr\u00e6\u00f0i Dav\u00ed\u00f0s fyrir a\u00f0 syngja \u00e1 strengjahlj\u00f3\u00f0f\u00e6ri Heyr \u00fe\u00fa, Gu\u00f0, m\u00edna b\u00e6n og byrg \u00feig ekki fyrir minni gr\u00e1tbei\u00f0ni. Hygg a\u00f0 m\u00e9r og b\u00e6nheyr mig, hvernin \u00fea\u00f0 eg syrgi s\u00e1rlega og gr\u00e6t. Af \u00fev\u00ed \u00fea\u00f0 \u00f3vinurinn gamrar so h\u00e1tt og hinn \u00f3gu\u00f0hr\u00e6ddi angrar mig \u00fev\u00ed a\u00f0 \u00feeir vilja gj\u00f6ra m\u00e9r eina hrekkv\u00edsi og eru m\u00e9r \u00e1kaflega rei\u00f0ir. Mitt hjarta \u00fea\u00f0 angrar sig \u00ed m\u00ednu l\u00edfi og dau\u00f0ans \u00f3tti er yfir mig fallinn. Hr\u00e6\u00f0sla og \u00f3tti er yfir mig kominn og skelfingin er yfir mig fallin. Eg sag\u00f0a: &#8222;G\u00e6fi Gu\u00f0 eg hef\u00f0a v\u00e6ngi sem d\u00fafa svo a\u00f0 eg m\u00e6tti \u00ed <a href=\"https:\/\/biblian.is\/gudbrandsbiblia\/salmarnir-55-kafli\/\"> [&#8230;]<\/a><\/p>\n","protected":false},"author":1,"featured_media":0,"parent":0,"menu_order":0,"comment_status":"open","ping_status":"open","template":"bibliukaflar.php","meta":{"footnotes":""},"class_list":["post-3226","page","type-page","status-publish","hentry"],"_links":{"self":[{"href":"https:\/\/biblian.is\/gudbrandsbiblia\/wp-json\/wp\/v2\/pages\/3226","targetHints":{"allow":["GET"]}}],"collection":[{"href":"https:\/\/biblian.is\/gudbrandsbiblia\/wp-json\/wp\/v2\/pages"}],"about":[{"href":"https:\/\/biblian.is\/gudbrandsbiblia\/wp-json\/wp\/v2\/types\/page"}],"author":[{"embeddable":true,"href":"https:\/\/biblian.is\/gudbrandsbiblia\/wp-json\/wp\/v2\/users\/1"}],"replies":[{"embeddable":true,"href":"https:\/\/biblian.is\/gudbrandsbiblia\/wp-json\/wp\/v2\/comments?post=3226"}],"version-history":[{"count":0,"href":"https:\/\/biblian.is\/gudbrandsbiblia\/wp-json\/wp\/v2\/pages\/3226\/revisions"}],"wp:attachment":[{"href":"https:\/\/biblian.is\/gudbrandsbiblia\/wp-json\/wp\/v2\/media?parent=3226"}],"curies":[{"name":"wp","href":"https:\/\/api.w.org\/{rel}","templated":true}]}}