{"id":3225,"date":"2017-12-18T18:33:01","date_gmt":"2017-12-18T18:33:01","guid":{"rendered":"http:\/\/biblian.is\/gudbrandsbiblia\/salmarnir-54-kafli\/"},"modified":"2017-12-18T18:33:01","modified_gmt":"2017-12-18T18:33:01","slug":"salmarnir-54-kafli","status":"publish","type":"page","link":"https:\/\/biblian.is\/gudbrandsbiblia\/salmarnir-54-kafli\/","title":{"rendered":"S\u00e1lmarnir 54. kafli"},"content":{"rendered":"<p>LIIII.<\/p>\n<p>Menntarfr\u00e6\u00f0i Dav\u00ed\u00f0s fyrir a\u00f0 syngja upp \u00e1 hlj\u00f3\u00f0f\u00e6ri, \u00fe\u00e1 \u00feeir af S\u00edf komu og kunngj\u00f6r\u00f0u Saul: &#8222;Dav\u00ed\u00f0 heldur sig \u00ed fylsnum hj\u00e1 oss&#8220; <span class=\"athugasemd\" title=\"1. Reg. 23\">[<\/span> <\/p>\n<p>Hj\u00e1lpa \u00fe\u00fa m\u00e9r, Gu\u00f0, fyrir \u00feitt nafn og l\u00e1t mig r\u00e9tt ske fyrir \u00fe\u00edna sannleiksmagt.<\/p>\n<p>\tGu\u00f0, heyr \u00fe\u00fa m\u00edna b\u00e6n, hygg a\u00f0 m\u00e1linu m\u00edns munns.<\/p>\n<p>\t\u00dev\u00ed a\u00f0 hinir drambs\u00f6mu setja sig upp \u00e1 m\u00f3ti m\u00e9r og hinir forsugu s\u00e6kja fast eftir minni s\u00e1lu og hafa ei Gu\u00f0 fyrir augum s\u00e9r. Sela.<\/p>\n<p>\tSj\u00e1 \u00fe\u00fa, Gu\u00f0 hann hj\u00e1lpar m\u00e9r, Drottinn hann er s\u00e1 sem annast s\u00e1lu m\u00edna.<\/p>\n<p>\tHann mun \u00fe\u00e1 hrekkv\u00edsi m\u00ednum \u00f3vinum endurgjalda, sundurdreif \u00fe\u00fa \u00feeim fyrir \u00fe\u00edns sannleiks sakir.<\/p>\n<p>\t\u00de\u00e1 vil eg f\u00e6ra \u00fe\u00e9r fagna\u00f0arf\u00f3rnir og \u00fe\u00ednu nafni, Drottinn, \u00feakkir gj\u00f6ra a\u00f0 \u00fea\u00f0 er svo huggunarsamlegt.<\/p>\n<p>\t\u00dev\u00ed a\u00f0 \u00fe\u00fa frelsar mig \u00fat af allri minni ney\u00f0 svo \u00fea\u00f0 mitt auga s\u00e9r s\u00edna vild \u00e1 \u00f3vinum m\u00ednum.<\/p>\n","protected":false},"excerpt":{"rendered":"<p>LIIII. Menntarfr\u00e6\u00f0i Dav\u00ed\u00f0s fyrir a\u00f0 syngja upp \u00e1 hlj\u00f3\u00f0f\u00e6ri, \u00fe\u00e1 \u00feeir af S\u00edf komu og kunngj\u00f6r\u00f0u Saul: &#8222;Dav\u00ed\u00f0 heldur sig \u00ed fylsnum hj\u00e1 oss&#8220; [ Hj\u00e1lpa \u00fe\u00fa m\u00e9r, Gu\u00f0, fyrir \u00feitt nafn og l\u00e1t mig r\u00e9tt ske fyrir \u00fe\u00edna sannleiksmagt. Gu\u00f0, heyr \u00fe\u00fa m\u00edna b\u00e6n, hygg a\u00f0 m\u00e1linu m\u00edns munns. \u00dev\u00ed a\u00f0 hinir drambs\u00f6mu setja sig upp \u00e1 m\u00f3ti m\u00e9r og hinir forsugu s\u00e6kja fast eftir minni s\u00e1lu og hafa ei Gu\u00f0 fyrir augum s\u00e9r. Sela. Sj\u00e1 \u00fe\u00fa, Gu\u00f0 hann hj\u00e1lpar m\u00e9r, Drottinn hann er s\u00e1 sem annast s\u00e1lu m\u00edna. Hann mun \u00fe\u00e1 hrekkv\u00edsi m\u00ednum \u00f3vinum endurgjalda, sundurdreif \u00fe\u00fa \u00feeim <a href=\"https:\/\/biblian.is\/gudbrandsbiblia\/salmarnir-54-kafli\/\"> [&#8230;]<\/a><\/p>\n","protected":false},"author":1,"featured_media":0,"parent":0,"menu_order":0,"comment_status":"open","ping_status":"open","template":"bibliukaflar.php","meta":{"footnotes":""},"class_list":["post-3225","page","type-page","status-publish","hentry"],"_links":{"self":[{"href":"https:\/\/biblian.is\/gudbrandsbiblia\/wp-json\/wp\/v2\/pages\/3225","targetHints":{"allow":["GET"]}}],"collection":[{"href":"https:\/\/biblian.is\/gudbrandsbiblia\/wp-json\/wp\/v2\/pages"}],"about":[{"href":"https:\/\/biblian.is\/gudbrandsbiblia\/wp-json\/wp\/v2\/types\/page"}],"author":[{"embeddable":true,"href":"https:\/\/biblian.is\/gudbrandsbiblia\/wp-json\/wp\/v2\/users\/1"}],"replies":[{"embeddable":true,"href":"https:\/\/biblian.is\/gudbrandsbiblia\/wp-json\/wp\/v2\/comments?post=3225"}],"version-history":[{"count":0,"href":"https:\/\/biblian.is\/gudbrandsbiblia\/wp-json\/wp\/v2\/pages\/3225\/revisions"}],"wp:attachment":[{"href":"https:\/\/biblian.is\/gudbrandsbiblia\/wp-json\/wp\/v2\/media?parent=3225"}],"curies":[{"name":"wp","href":"https:\/\/api.w.org\/{rel}","templated":true}]}}