{"id":3219,"date":"2017-12-18T18:33:01","date_gmt":"2017-12-18T18:33:01","guid":{"rendered":"http:\/\/biblian.is\/gudbrandsbiblia\/salmarnir-48-kafli\/"},"modified":"2017-12-18T18:33:01","modified_gmt":"2017-12-18T18:33:01","slug":"salmarnir-48-kafli","status":"publish","type":"page","link":"https:\/\/biblian.is\/gudbrandsbiblia\/salmarnir-48-kafli\/","title":{"rendered":"S\u00e1lmarnir 48. kafli"},"content":{"rendered":"<p>XLVIII.<\/p>\n<p>Mikill er Drottinn og mj\u00f6g loflegur, \u00ed borginni Gu\u00f0s vors upp \u00e1 s\u00ednu heil\u00f6gu fjalli.<\/p>\n<p>\tFjalli\u00f0 S\u00edon er so sem einn fagur vi\u00f0arkvistur, af hverjum e\u00f0 allt landi\u00f0 tekur huggun. Vi\u00f0 \u00fe\u00e1 nyr\u00f0ri s\u00ed\u00f0una liggur borgin \u00feess hins mikla konungsins. <\/p>\n<p>\tGu\u00f0 er \u00ed hennar h\u00edb\u00fdlum me\u00f0kenndur \u00fea\u00f0 hann s\u00e9 hennar verndari.<\/p>\n<p>\t\u00dev\u00ed a\u00f0 sj\u00e1 \u00fe\u00fa a\u00f0 <span class=\"athugasemd\" title=\"a \/ K\u00f3ngarnir hafa hr\u00e6\u00f0st \u00feennan sta\u00f0 og oft me\u00f0 sk\u00f6mm og sneypu or\u00f0i\u00f0 fr\u00e1 honum a\u00f0 sn\u00faa\">[<\/span> konungarnir eru til samans safna\u00f0ir og einn me\u00f0 \u00f6\u00f0rum \u00fe\u00e1 hafa \u00feeir \u00fear framhj\u00e1 fari\u00f0.<\/p>\n<p>\t\u00deeir undru\u00f0ust \u00fe\u00e1 e\u00f0 \u00feeir s\u00e1u svoddan, \u00feeim \u00e6g\u00f0i \u00fea\u00f0 sj\u00e1lfum og eru um koll fallnir.<\/p>\n<p>\tHr\u00e6\u00f0slan er yfir \u00fe\u00e1 komin, hrygg\u00f0arangist so sem \u00feeirrar e\u00f0 j\u00f3\u00f0sj\u00fak er.<\/p>\n<p>\t\u00de\u00fa \u00ed sundurbr\u00fdtur skipin \u00ed hafinu fyrir \u00feann austanvind.<\/p>\n<p>\tL\u00edka sem a\u00f0 v\u00e9r h\u00f6fum heyrt so sj\u00e1um v\u00e9r einnin \u00ed borginni allsherjar Drottins, \u00ed borginni vors Gu\u00f0s. Gu\u00f0 hann eflir \u00fe\u00e1 hinu s\u00f6mu a\u00f0 eil\u00edfu.<\/p>\n<p>\tGu\u00f0, \u00feinnar miskunnar v\u00e6ntum v\u00e9r \u00fat \u00ed \u00fe\u00ednu musteri.<\/p>\n<p>\tGu\u00f0, l\u00edka sem a\u00f0 er \u00feitt nafn so er einnin \u00feinn lofst\u00edr allt til jar\u00f0arinnar enda, \u00fe\u00edn h\u00e6gri h\u00f6nd er full me\u00f0 r\u00e9ttv\u00edsi.<\/p>\n<p>\tF\u00f3lki\u00f0 S\u00edon \u00fea\u00f0 gle\u00f0ji sig og d\u00e6turnar J\u00fada veri gla\u00f0v\u00e6rar fyrir \u00feinna r\u00e9ttinda sakir.<\/p>\n<p>\tUmkringi\u00f0 S\u00edon og fa\u00f0mi\u00f0 hana og telji\u00f0 hennar turna.<\/p>\n<p>\tKostg\u00e6fi\u00f0 a\u00f0 byggja hennar m\u00farveggi og a\u00f0 forhefja hennar herbergi svo a\u00f0 \u00fear \u00fat af kunni a\u00f0 <span class=\"athugasemd\" title=\"sword A\u00f0 pr\u00e9dikast megi Gu\u00f0s or\u00f0\">[<\/span> segjast hj\u00e1 eftirkomendunum<\/p>\n<p>\ta\u00f0 \u00feessi Gu\u00f0, hann er vor Gu\u00f0 um allar aldir og a\u00f0 eil\u00edfu, hann lei\u00f0togar oss l\u00edka sem <span class=\"athugasemd\" title=\"b \/ \u00dea\u00f0 er, svo bl\u00ed\u00f0lega, mj\u00faklega, fyrir or\u00f0i\u00f0 og n\u00e1\u00f0ina, l\u00edka sem \u00fe\u00e1 fa\u00f0ir og m\u00f3\u00f0ir uppf\u00f3stra eitt barn, eigi svo sem b\u00f6\u00f0ull e\u00f0ur refsingarma\u00f0ur framdr\u00edfa og dey\u00f0a fyrir l\u00f6gm\u00e1li\u00f0 og nau\u00f0ungina\">[<\/span> \u00e6skuna.<\/p>\n","protected":false},"excerpt":{"rendered":"<p>XLVIII. Mikill er Drottinn og mj\u00f6g loflegur, \u00ed borginni Gu\u00f0s vors upp \u00e1 s\u00ednu heil\u00f6gu fjalli. Fjalli\u00f0 S\u00edon er so sem einn fagur vi\u00f0arkvistur, af hverjum e\u00f0 allt landi\u00f0 tekur huggun. Vi\u00f0 \u00fe\u00e1 nyr\u00f0ri s\u00ed\u00f0una liggur borgin \u00feess hins mikla konungsins. Gu\u00f0 er \u00ed hennar h\u00edb\u00fdlum me\u00f0kenndur \u00fea\u00f0 hann s\u00e9 hennar verndari. \u00dev\u00ed a\u00f0 sj\u00e1 \u00fe\u00fa a\u00f0 [ konungarnir eru til samans safna\u00f0ir og einn me\u00f0 \u00f6\u00f0rum \u00fe\u00e1 hafa \u00feeir \u00fear framhj\u00e1 fari\u00f0. \u00deeir undru\u00f0ust \u00fe\u00e1 e\u00f0 \u00feeir s\u00e1u svoddan, \u00feeim \u00e6g\u00f0i \u00fea\u00f0 sj\u00e1lfum og eru um koll fallnir. Hr\u00e6\u00f0slan er yfir \u00fe\u00e1 komin, hrygg\u00f0arangist so sem \u00feeirrar e\u00f0 j\u00f3\u00f0sj\u00fak <a href=\"https:\/\/biblian.is\/gudbrandsbiblia\/salmarnir-48-kafli\/\"> [&#8230;]<\/a><\/p>\n","protected":false},"author":1,"featured_media":0,"parent":0,"menu_order":0,"comment_status":"open","ping_status":"open","template":"bibliukaflar.php","meta":{"footnotes":""},"class_list":["post-3219","page","type-page","status-publish","hentry"],"_links":{"self":[{"href":"https:\/\/biblian.is\/gudbrandsbiblia\/wp-json\/wp\/v2\/pages\/3219","targetHints":{"allow":["GET"]}}],"collection":[{"href":"https:\/\/biblian.is\/gudbrandsbiblia\/wp-json\/wp\/v2\/pages"}],"about":[{"href":"https:\/\/biblian.is\/gudbrandsbiblia\/wp-json\/wp\/v2\/types\/page"}],"author":[{"embeddable":true,"href":"https:\/\/biblian.is\/gudbrandsbiblia\/wp-json\/wp\/v2\/users\/1"}],"replies":[{"embeddable":true,"href":"https:\/\/biblian.is\/gudbrandsbiblia\/wp-json\/wp\/v2\/comments?post=3219"}],"version-history":[{"count":0,"href":"https:\/\/biblian.is\/gudbrandsbiblia\/wp-json\/wp\/v2\/pages\/3219\/revisions"}],"wp:attachment":[{"href":"https:\/\/biblian.is\/gudbrandsbiblia\/wp-json\/wp\/v2\/media?parent=3219"}],"curies":[{"name":"wp","href":"https:\/\/api.w.org\/{rel}","templated":true}]}}