{"id":3217,"date":"2017-12-18T18:33:01","date_gmt":"2017-12-18T18:33:01","guid":{"rendered":"http:\/\/biblian.is\/gudbrandsbiblia\/salmarnir-46-kafli\/"},"modified":"2017-12-18T18:33:01","modified_gmt":"2017-12-18T18:33:01","slug":"salmarnir-46-kafli","status":"publish","type":"page","link":"https:\/\/biblian.is\/gudbrandsbiblia\/salmarnir-46-kafli\/","title":{"rendered":"S\u00e1lmarnir 46. kafli"},"content":{"rendered":"<p>XLVI.<\/p>\n<p>Einn diktur sona K\u00f3ra fyrir a\u00f0 syngja \u00fat af ungd\u00f3ms\u00e6skunni<\/p>\n<p>Gu\u00f0 hann er vort athvarf og styrkur, einn hj\u00e1lpari \u00fat \u00ed \u00feeim miklu \u00e1nau\u00f0um sem yfir oss hafa komi\u00f0.<\/p>\n<p>\t\u00dear fyrir \u00f3ttunst v\u00e9r ekki \u00fe\u00f3 a\u00f0 ver\u00f6ldin steypist, einnin \u00fe\u00f3 a\u00f0 fj\u00f6llin sykki ni\u00f0ur \u00ed hafi\u00f0 mitt,<\/p>\n<p>\t\u00fe\u00f3 a\u00f0 sj\u00f3rinn geisa\u00f0i einnin \u00feegar og r\u00f3ta\u00f0ist um so \u00fea\u00f0 bj\u00f6rgin \u00fat af hans \u00f3kyrrleika ni\u00f0urhryndi. Sela.<\/p>\n<p>\t\u00de\u00f3 mun borgin Gu\u00f0s bl\u00edfa lystileg me\u00f0 s\u00ednum vatsr\u00e1sum, \u00fear e\u00f0 eru heil\u00f6g herbergi Hins h\u00e6sta.<\/p>\n<p>\tGu\u00f0 hann er hj\u00e1 henni \u00fear fyrir innan, af \u00fev\u00ed mun h\u00fan og st\u00f6\u00f0ug bl\u00edfa, Gu\u00f0 hann hj\u00e1lpar henni \u00e1rla.<\/p>\n<p>\tHinir hei\u00f0nu munu skelfast og k\u00f3ngar\u00edkin ni\u00f0urhrynja so \u00fea\u00f0 j\u00f6r\u00f0in hl\u00fdtur a\u00f0 hristast n\u00e6r e\u00f0 hann l\u00e6tur heyrast sinn <span class=\"athugasemd\" title=\"sword \u00dea\u00f0 er, \u00feegar hann l\u00e6tur rei\u00f0ar\u00ferumur heyra\">[<\/span> raddar\u00feyt.<\/p>\n<p>\tDrottinn allsherjar er me\u00f0ur oss, Gu\u00f0 Jakobs hann er vor verndari. Sela.<\/p>\n<p>\tKomi\u00f0 hinga\u00f0 og sj\u00e1i\u00f0 verkin Drottins hver e\u00f0 soddan forey\u00f0ing uppbyrjar, hann e\u00f0 bard\u00f6gum aftrar \u00ed allri ver\u00f6ldu,<\/p>\n<p>\thver e\u00f0 bogann br\u00fdtur, hver vopnin \u00ed sundurmolar og kerrunar brennir \u00ed eldi.<\/p>\n<p>\tVeri\u00f0 kyrrir og me\u00f0kenni\u00f0 \u00fea\u00f0 eg em Gu\u00f0, eg vil fr\u00e6g\u00f0ir vinna \u00e1 me\u00f0al hei\u00f0inna \u00fej\u00f3\u00f0a, eg vil \u00e1 j\u00f6r\u00f0u fr\u00e6g\u00f0 vinna.<\/p>\n<p>\tDrottinn allsherjar er me\u00f0ur oss, Gu\u00f0 Jakobs hann er vor verndari. Sela.<\/p>\n","protected":false},"excerpt":{"rendered":"<p>XLVI. Einn diktur sona K\u00f3ra fyrir a\u00f0 syngja \u00fat af ungd\u00f3ms\u00e6skunni Gu\u00f0 hann er vort athvarf og styrkur, einn hj\u00e1lpari \u00fat \u00ed \u00feeim miklu \u00e1nau\u00f0um sem yfir oss hafa komi\u00f0. \u00dear fyrir \u00f3ttunst v\u00e9r ekki \u00fe\u00f3 a\u00f0 ver\u00f6ldin steypist, einnin \u00fe\u00f3 a\u00f0 fj\u00f6llin sykki ni\u00f0ur \u00ed hafi\u00f0 mitt, \u00fe\u00f3 a\u00f0 sj\u00f3rinn geisa\u00f0i einnin \u00feegar og r\u00f3ta\u00f0ist um so \u00fea\u00f0 bj\u00f6rgin \u00fat af hans \u00f3kyrrleika ni\u00f0urhryndi. Sela. \u00de\u00f3 mun borgin Gu\u00f0s bl\u00edfa lystileg me\u00f0 s\u00ednum vatsr\u00e1sum, \u00fear e\u00f0 eru heil\u00f6g herbergi Hins h\u00e6sta. Gu\u00f0 hann er hj\u00e1 henni \u00fear fyrir innan, af \u00fev\u00ed mun h\u00fan og st\u00f6\u00f0ug bl\u00edfa, Gu\u00f0 hann hj\u00e1lpar <a href=\"https:\/\/biblian.is\/gudbrandsbiblia\/salmarnir-46-kafli\/\"> [&#8230;]<\/a><\/p>\n","protected":false},"author":1,"featured_media":0,"parent":0,"menu_order":0,"comment_status":"open","ping_status":"open","template":"bibliukaflar.php","meta":{"footnotes":""},"class_list":["post-3217","page","type-page","status-publish","hentry"],"_links":{"self":[{"href":"https:\/\/biblian.is\/gudbrandsbiblia\/wp-json\/wp\/v2\/pages\/3217","targetHints":{"allow":["GET"]}}],"collection":[{"href":"https:\/\/biblian.is\/gudbrandsbiblia\/wp-json\/wp\/v2\/pages"}],"about":[{"href":"https:\/\/biblian.is\/gudbrandsbiblia\/wp-json\/wp\/v2\/types\/page"}],"author":[{"embeddable":true,"href":"https:\/\/biblian.is\/gudbrandsbiblia\/wp-json\/wp\/v2\/users\/1"}],"replies":[{"embeddable":true,"href":"https:\/\/biblian.is\/gudbrandsbiblia\/wp-json\/wp\/v2\/comments?post=3217"}],"version-history":[{"count":0,"href":"https:\/\/biblian.is\/gudbrandsbiblia\/wp-json\/wp\/v2\/pages\/3217\/revisions"}],"wp:attachment":[{"href":"https:\/\/biblian.is\/gudbrandsbiblia\/wp-json\/wp\/v2\/media?parent=3217"}],"curies":[{"name":"wp","href":"https:\/\/api.w.org\/{rel}","templated":true}]}}