{"id":3210,"date":"2017-12-18T18:32:57","date_gmt":"2017-12-18T18:32:57","guid":{"rendered":"http:\/\/biblian.is\/gudbrandsbiblia\/salmarnir-39-kafli\/"},"modified":"2017-12-18T18:32:57","modified_gmt":"2017-12-18T18:32:57","slug":"salmarnir-39-kafli","status":"publish","type":"page","link":"https:\/\/biblian.is\/gudbrandsbiblia\/salmarnir-39-kafli\/","title":{"rendered":"S\u00e1lmarnir 39. kafli"},"content":{"rendered":"<p>XXXIX.<\/p>\n<p>S\u00e1lmur Dav\u00ed\u00f0s fyrir a\u00f0 syngja fyrir Jed\u00edt\u00fan<\/p>\n<p>Eg einsetta m\u00e9r a\u00f0 var\u00f0veita mig so \u00fea\u00f0 eg syndga\u00f0i ekki me\u00f0 minni tungu.<\/p>\n<p>\tVar\u00f0hald mun eg setja m\u00ednum <span class=\"athugasemd\" title=\"sword A\u00f0 eg m\u00f6gli ekki um \u00fea\u00f0 e\u00f0 m\u00e9r gengur svo illa en \u00feeim vondu svo vel\">[<\/span> munni, helst fyrir \u00fev\u00ed a\u00f0 eg hl\u00fdt a\u00f0 sj\u00e1 hinn \u00f3milda svo fyrir m\u00e9r.<\/p>\n<p>\tEg em svo tvistur og hlj\u00f3\u00f0ur or\u00f0inn og eg \u00feegi um <span class=\"athugasemd\" title=\"a \/ \u00dea\u00f0 er, merki ekki neitt gaman\">[<\/span> gle\u00f0skapinn, minn harm hl\u00fdt eg me\u00f0 m\u00e9r a\u00f0 melta.<\/p>\n<p>\tMitt hjarta \u00fea\u00f0 brennur \u00ed m\u00e9r og n\u00e6r eg hugsa \u00fear til \u00fe\u00e1 stikna eg allur, eg r\u00e6\u00f0i me\u00f0 minni tungu.<\/p>\n<p>\tEn \u00fe\u00fa, Drottinn, l\u00e1t mig <span class=\"athugasemd\" title=\"b \/ svo a\u00f0 eg lifi ekki svo athugalaus so sem \u00feeir \u00f3gu\u00f0legu \u00feeir e\u00f0 ekki v\u00e6nta annars l\u00edfs\">[<\/span> skynja a\u00f0 \u00fea\u00f0 hlj\u00f3ti enda a\u00f0 hafa um mig og hvern skammt e\u00f0 hafa m\u00ednir l\u00edfdagar og \u00fea\u00f0 eg viti hversu stutt a\u00f0 er m\u00edn \u00e6vi.<\/p>\n<p>\tSj\u00e1 \u00fe\u00fa, m\u00ednir dagar eru hj\u00e1 \u00fe\u00e9r sem ein \u00feverhandarbreidd og mitt l\u00edf er so sem ekki pari\u00f0 hj\u00e1 \u00fe\u00e9r. <span class=\"athugasemd\" title=\"S\u00e1l. 90\">[<\/span> En hversu f\u00e1n\u00fdtir a\u00f0 eru allir menn \u00feeir e\u00f0 svo athugalausir lifa! Sela.<\/p>\n<p>\t\u00deeir l\u00ed\u00f0a \u00ed burt h\u00e9\u00f0an sem skuggi og gj\u00f6ra s\u00e9r marga \u00f3\u00fearfa arm\u00e6\u00f0u, \u00feeir safna saman og vita ei sj\u00e1lfi hverjum \u00feeir samandraga \u00fea\u00f0.<\/p>\n<p>\tN\u00fa Drottinn, hvers skal eg v\u00e6nta? Eg treysti \u00e1 \u00feig.<\/p>\n<p>\tFrelsa \u00fe\u00fa mig \u00fat af \u00f6llum m\u00ednum syndum og l\u00e1t mig ekki \u00feeim vitleysingum a\u00f0 h\u00e1\u00f0i ver\u00f0a.<\/p>\n<p>\tEg vil \u00feegja og m\u00ednum munni ekki uppl\u00faka, \u00fe\u00fa munt \u00fev\u00ed vel af sta\u00f0 koma.<\/p>\n<p>\tTak burt \u00fe\u00edna \u00fej\u00e1ning af m\u00e9r \u00fev\u00ed a\u00f0 eg em m\u00e1ttlaus \u00fat af hirtingu \u00feinna handa.<\/p>\n<p>\tN\u00e6r e\u00f0 \u00fe\u00fa tyftar nokkurn syndarinnar vegna \u00fe\u00e1 f\u00f6lnar hans fegur\u00f0 sem v\u00e6ri h\u00fan m\u00f6l\u00e9tin. \u00d3, hversu f\u00e1fengilegir eru allir menn! Sela.<\/p>\n<p>\tHeyr \u00fe\u00fa, Drottinn, m\u00edna b\u00e6n og merk mitt \u00e1kall og \u00feeg ekki vi\u00f0 m\u00ednum t\u00e1rum \u00fev\u00ed a\u00f0 eg em \u00ed hj\u00e1 \u00fe\u00e9r b\u00e6\u00f0i framandi, svo og l\u00edka innlendur so sem allir m\u00ednir fe\u00f0ur. <span class=\"athugasemd\" title=\"Ebre. 11\">[<\/span><\/p>\n<p>\tFyrirgef \u00fe\u00fa m\u00e9r svo a\u00f0 eg endurlifni \u00e1\u00f0ur en \u00fea\u00f0 eg fer \u00ed burt h\u00e9\u00f0an og er h\u00e9r eigi lengur.<\/p>\n","protected":false},"excerpt":{"rendered":"<p>XXXIX. S\u00e1lmur Dav\u00ed\u00f0s fyrir a\u00f0 syngja fyrir Jed\u00edt\u00fan Eg einsetta m\u00e9r a\u00f0 var\u00f0veita mig so \u00fea\u00f0 eg syndga\u00f0i ekki me\u00f0 minni tungu. Var\u00f0hald mun eg setja m\u00ednum [ munni, helst fyrir \u00fev\u00ed a\u00f0 eg hl\u00fdt a\u00f0 sj\u00e1 hinn \u00f3milda svo fyrir m\u00e9r. Eg em svo tvistur og hlj\u00f3\u00f0ur or\u00f0inn og eg \u00feegi um [ gle\u00f0skapinn, minn harm hl\u00fdt eg me\u00f0 m\u00e9r a\u00f0 melta. Mitt hjarta \u00fea\u00f0 brennur \u00ed m\u00e9r og n\u00e6r eg hugsa \u00fear til \u00fe\u00e1 stikna eg allur, eg r\u00e6\u00f0i me\u00f0 minni tungu. En \u00fe\u00fa, Drottinn, l\u00e1t mig [ skynja a\u00f0 \u00fea\u00f0 hlj\u00f3ti enda a\u00f0 hafa um mig og <a href=\"https:\/\/biblian.is\/gudbrandsbiblia\/salmarnir-39-kafli\/\"> [&#8230;]<\/a><\/p>\n","protected":false},"author":1,"featured_media":0,"parent":0,"menu_order":0,"comment_status":"open","ping_status":"open","template":"bibliukaflar.php","meta":{"footnotes":""},"class_list":["post-3210","page","type-page","status-publish","hentry"],"_links":{"self":[{"href":"https:\/\/biblian.is\/gudbrandsbiblia\/wp-json\/wp\/v2\/pages\/3210","targetHints":{"allow":["GET"]}}],"collection":[{"href":"https:\/\/biblian.is\/gudbrandsbiblia\/wp-json\/wp\/v2\/pages"}],"about":[{"href":"https:\/\/biblian.is\/gudbrandsbiblia\/wp-json\/wp\/v2\/types\/page"}],"author":[{"embeddable":true,"href":"https:\/\/biblian.is\/gudbrandsbiblia\/wp-json\/wp\/v2\/users\/1"}],"replies":[{"embeddable":true,"href":"https:\/\/biblian.is\/gudbrandsbiblia\/wp-json\/wp\/v2\/comments?post=3210"}],"version-history":[{"count":0,"href":"https:\/\/biblian.is\/gudbrandsbiblia\/wp-json\/wp\/v2\/pages\/3210\/revisions"}],"wp:attachment":[{"href":"https:\/\/biblian.is\/gudbrandsbiblia\/wp-json\/wp\/v2\/media?parent=3210"}],"curies":[{"name":"wp","href":"https:\/\/api.w.org\/{rel}","templated":true}]}}