{"id":3209,"date":"2017-12-18T18:32:57","date_gmt":"2017-12-18T18:32:57","guid":{"rendered":"http:\/\/biblian.is\/gudbrandsbiblia\/salmarnir-38-kafli\/"},"modified":"2017-12-18T18:32:57","modified_gmt":"2017-12-18T18:32:57","slug":"salmarnir-38-kafli","status":"publish","type":"page","link":"https:\/\/biblian.is\/gudbrandsbiblia\/salmarnir-38-kafli\/","title":{"rendered":"S\u00e1lmarnir 38. kafli"},"content":{"rendered":"<p>XXXVIII.<\/p>\n<p>S\u00e1lmur Dav\u00ed\u00f0s til <span class=\"athugasemd\" title=\"sword A\u00f0 pr\u00edsa Gu\u00f0 en \u00e1saka sj\u00e1lfan sig, \u00fea\u00f0 er, r\u00e9ttilega a\u00f0 hugsa um Gu\u00f0 og sj\u00e1lfan sig\">[<\/span> minningar<\/p>\n<p>Drottinn, straffa \u00fe\u00fa mig ekki \u00ed grimmd \u00feinni og tyfta mig ekki \u00ed \u00feinni rei\u00f0i.<\/p>\n<p>\t\u00dev\u00ed a\u00f0 \u00fe\u00edn skeyti \u00feau stinga mig og \u00fe\u00edn h\u00f6nd h\u00fan har\u00f0\u00fejakar m\u00e9r.<\/p>\n<p>\tEngin heilbrig\u00f0i er \u00ed m\u00ednu holdi fyrir \u00feinni \u00f3gnan og eigi neinn fri\u00f0ur \u00ed m\u00ednum beinum fyrir s\u00f6kum synda minna.<\/p>\n<p>\t\u00dev\u00ed a\u00f0 m\u00ednar misgj\u00f6r\u00f0ir eru uppgengnar yfir mitt h\u00f6fu\u00f0, l\u00edka sem \u00f6nnur st\u00f3r byr\u00f0i eru \u00fe\u00e6r m\u00e9r mikils til of \u00feungar or\u00f0nar.<\/p>\n<p>\tM\u00edn s\u00e1r \u00feau eru f\u00fain og rotin fyrir heimsku minnar sakir.<\/p>\n<p>\tEg em b\u00e6\u00f0i bj\u00fagur og boginn, um allan dag \u00fe\u00e1 geng eg hryggur.<\/p>\n<p>\t\u00dev\u00ed a\u00f0 m\u00ednar lendar eru uppvisna\u00f0ar me\u00f0 \u00f6llu og enginn heilbrig\u00f0i er \u00ed m\u00ednu holdi.<\/p>\n<p>\tM\u00e9r er \u00f6llum umskipt, eg em mj\u00f6g sundurkraminn, eg \u00e6pi \u00fat af andvarpan m\u00edns hjarta.<\/p>\n<p>\tDrottinn, fyrir \u00fe\u00e9r er \u00f6ll m\u00edn \u00e1stundan og m\u00edn andvarpan er \u00fe\u00e9r ei \u00f3kunnig.<\/p>\n<p>\tMitt hjarta \u00fea\u00f0 skelfur, min kraftur hann hefur mig yfirgefi\u00f0 og <span class=\"athugasemd\" title=\"sword Mitt andlit er ekki sk\u00e6rt n\u00e9 gla\u00f0v\u00e6rt heldur duft, sorgarfullt og hryggilegt\">[<\/span> lj\u00f3si\u00f0 minna augna \u00fea\u00f0 er \u00ed burt fr\u00e1 m\u00e9r.<\/p>\n<p>\tM\u00ednir vinir og kunningjar standa \u00ed gegn m\u00e9r og for\u00f0ast m\u00edna pl\u00e1gu og m\u00ednir n\u00e1ungar fl\u00fdja langt \u00ed burt fr\u00e1 m\u00e9r.<\/p>\n<p>\tOg \u00feeir sem leitu\u00f0u minnar s\u00e1lu umsitja mig og \u00feeir e\u00f0 m\u00e9r vilja til vonda tala um\u00fe a\u00f0 hvernin \u00feeir f\u00e1i helst ska\u00f0a gj\u00f6rt og allt jafnt sitja \u00feeir \u00e1 svikr\u00e6\u00f0um.<\/p>\n<p>\tEn eg hl\u00fdt a\u00f0 vera sem daufingi og heyra ekki og svo sem m\u00e1llaus, s\u00e1 e\u00f0 ei uppl\u00fdkur s\u00ednum munni.<\/p>\n<p>\tOg eg hl\u00fdt a\u00f0 vera svo sem s\u00e1 e\u00f0 ekki heyrir og svo sem s\u00e1 e\u00f0 ekkert forsvar hefur \u00ed s\u00ednum munni.<\/p>\n<p>\tEn eg treysti, Drottinn, \u00e1 \u00feig, \u00fe\u00fa Drottinn Gu\u00f0 minn, munt b\u00e6nheyra mig.<\/p>\n<p>\t\u00dev\u00ed a\u00f0 eg sag\u00f0i a\u00f0 eigi mundi \u00feeir n\u00e1 a\u00f0 gle\u00f0ja sig yfir m\u00e9r og \u00fe\u00e1 m\u00ednir f\u00e6tur skeiku\u00f0u a\u00f0 h\u00e6last um vi\u00f0 mig.<\/p>\n<p>\t\u00dev\u00ed a\u00f0 \u00fear til em eg gj\u00f6r\u00f0ur a\u00f0 eg skuli m\u00f3tl\u00e6ti l\u00ed\u00f0a og m\u00edn hrygg\u00f0 er jafnan fyrir m\u00e9r.<\/p>\n<p>\t\u00dev\u00ed a\u00f0 eg gj\u00f6ri kunnan minn misgj\u00f6rning og ber angur fyrir m\u00ednar syndir.\t<\/p>\n<p>\tEn m\u00ednir \u00f3vinir \u00feeir lifa og eru megtugir, \u00feeir e\u00f0 mig hata fyrir ekkert eru mikilsh\u00e1ttar<\/p>\n<p>\tog \u00feeir e\u00f0 m\u00e9r gj\u00f6ra illt fyrir gott setja sig upp \u00e1 m\u00f3ti m\u00e9r af \u00fev\u00ed a\u00f0 eg framfylgi \u00fev\u00ed hinu g\u00f3\u00f0a.<\/p>\n<p>\tYfirgef \u00fe\u00fa mig ekki, Drottinn Gu\u00f0 minn, vert \u00fe\u00fa ekki fjarl\u00e6gur m\u00e9r.<\/p>\n<p>\tFl\u00fdttu \u00fe\u00e9r til a\u00f0 standa hj\u00e1 m\u00e9r, Drottinn mitt hj\u00e1lpr\u00e6\u00f0i.<\/p>\n","protected":false},"excerpt":{"rendered":"<p>XXXVIII. S\u00e1lmur Dav\u00ed\u00f0s til [ minningar Drottinn, straffa \u00fe\u00fa mig ekki \u00ed grimmd \u00feinni og tyfta mig ekki \u00ed \u00feinni rei\u00f0i. \u00dev\u00ed a\u00f0 \u00fe\u00edn skeyti \u00feau stinga mig og \u00fe\u00edn h\u00f6nd h\u00fan har\u00f0\u00fejakar m\u00e9r. Engin heilbrig\u00f0i er \u00ed m\u00ednu holdi fyrir \u00feinni \u00f3gnan og eigi neinn fri\u00f0ur \u00ed m\u00ednum beinum fyrir s\u00f6kum synda minna. \u00dev\u00ed a\u00f0 m\u00ednar misgj\u00f6r\u00f0ir eru uppgengnar yfir mitt h\u00f6fu\u00f0, l\u00edka sem \u00f6nnur st\u00f3r byr\u00f0i eru \u00fe\u00e6r m\u00e9r mikils til of \u00feungar or\u00f0nar. M\u00edn s\u00e1r \u00feau eru f\u00fain og rotin fyrir heimsku minnar sakir. Eg em b\u00e6\u00f0i bj\u00fagur og boginn, um allan dag \u00fe\u00e1 geng eg hryggur. <a href=\"https:\/\/biblian.is\/gudbrandsbiblia\/salmarnir-38-kafli\/\"> [&#8230;]<\/a><\/p>\n","protected":false},"author":1,"featured_media":0,"parent":0,"menu_order":0,"comment_status":"open","ping_status":"open","template":"bibliukaflar.php","meta":{"footnotes":""},"class_list":["post-3209","page","type-page","status-publish","hentry"],"_links":{"self":[{"href":"https:\/\/biblian.is\/gudbrandsbiblia\/wp-json\/wp\/v2\/pages\/3209","targetHints":{"allow":["GET"]}}],"collection":[{"href":"https:\/\/biblian.is\/gudbrandsbiblia\/wp-json\/wp\/v2\/pages"}],"about":[{"href":"https:\/\/biblian.is\/gudbrandsbiblia\/wp-json\/wp\/v2\/types\/page"}],"author":[{"embeddable":true,"href":"https:\/\/biblian.is\/gudbrandsbiblia\/wp-json\/wp\/v2\/users\/1"}],"replies":[{"embeddable":true,"href":"https:\/\/biblian.is\/gudbrandsbiblia\/wp-json\/wp\/v2\/comments?post=3209"}],"version-history":[{"count":0,"href":"https:\/\/biblian.is\/gudbrandsbiblia\/wp-json\/wp\/v2\/pages\/3209\/revisions"}],"wp:attachment":[{"href":"https:\/\/biblian.is\/gudbrandsbiblia\/wp-json\/wp\/v2\/media?parent=3209"}],"curies":[{"name":"wp","href":"https:\/\/api.w.org\/{rel}","templated":true}]}}