{"id":3201,"date":"2017-12-18T18:32:57","date_gmt":"2017-12-18T18:32:57","guid":{"rendered":"http:\/\/biblian.is\/gudbrandsbiblia\/salmarnir-30-kafli\/"},"modified":"2017-12-18T18:32:57","modified_gmt":"2017-12-18T18:32:57","slug":"salmarnir-30-kafli","status":"publish","type":"page","link":"https:\/\/biblian.is\/gudbrandsbiblia\/salmarnir-30-kafli\/","title":{"rendered":"S\u00e1lmarnir 30. kafli"},"content":{"rendered":"<p>XXX.<\/p>\n<p>S\u00e1lmur til a\u00f0 syngja fyrir <\/p>\n<p>\u00de\u00e1 h\u00fasi\u00f0 Dav\u00ed\u00f0s var v\u00edgt<\/p>\n<p>Eg pr\u00edsa \u00feig, Drottinn, \u00fev\u00ed a\u00f0 \u00fe\u00fa hefur upphafi\u00f0 mig og \u00fe\u00fa l\u00e6tur ekki m\u00edna \u00f3vini fagna yfir m\u00e9r. <\/p>\n<p>\tDrottinn Gu\u00f0 minn, \u00fe\u00e1 eg kalla\u00f0i til \u00fe\u00edn \u00fe\u00e1 gj\u00f6r\u00f0ir \u00fe\u00fa mig heilbrig\u00f0an.<\/p>\n<p>\t\u00de\u00fa, Drottinn, hefur m\u00edna s\u00e1lu \u00fatleitt af helv\u00edti og \u00fe\u00fa l\u00e9st mig lifa \u00fear e\u00f0 hinir f\u00f3ru ofan \u00ed dau\u00f0ans pytt.<\/p>\n<p>\t\u00de\u00e9r heilagir, syngi\u00f0 lof Drottni, \u00feakki\u00f0 honum og pr\u00edsi\u00f0 hans <span class=\"athugasemd\" title=\"a \/ \u00dea\u00f0 er, pr\u00e9diki\u00f0 a\u00f0 Gu\u00f0 hann s\u00e9 ei Gu\u00f0 hr\u00e6snaranna so sem a\u00f0 \u00feeir hr\u00f3sa heldur a\u00f0 hann s\u00e9 heilagur og elski \u00fe\u00e1 sem r\u00e9tt heilagir eru. s\u00e1l. xviy. Me\u00f0 heil\u00f6gum ertu heilagur.\">[<\/span> helgid\u00f3m.<\/p>\n<p>\t\u00dev\u00ed hans rei\u00f0i varir um augabrag\u00f0 og hann hefur lysting til <span class=\"athugasemd\" title=\"b \/ Hann girnist ekki gl\u00f6tunina so sem menn \u00e6tla \u00ed p\u00ednunni heldur l\u00edfi\u00f0\">[<\/span> l\u00edfsins, um kveldt\u00edmann varir gr\u00e1turinn en a\u00f0 morni dags f\u00f6gnu\u00f0urinn.<\/p>\n<p>\tEn eg sag\u00f0i \u00fe\u00e1 e\u00f0 m\u00e9r gekk vel: &#8222;Aldrei mun eg skeika.&#8220;<\/p>\n<p>\t\u00dev\u00ed \u00fe\u00fa, Drottinn, veitir sta\u00f0festu m\u00ednu bjargi me\u00f0 \u00feinni \u00fe\u00f3knan en \u00fe\u00e1 e\u00f0 \u00fe\u00fa byrg\u00f0ir \u00feitt andlit gj\u00f6r\u00f0ist eg skelfdur.<\/p>\n<p>\tEg vil, Drottinn, kalla til \u00fe\u00edn, Drottin vil eg gr\u00e1tb\u00e6na.<\/p>\n<p>\tHver nytsemd er a\u00f0 m\u00ednu bl\u00f3\u00f0i \u00fe\u00e1 eg em dau\u00f0ur? Hvert mun moldin nokku\u00f0 \u00feakka \u00fe\u00e9r og bo\u00f0a \u00feinn sannleik?<\/p>\n<p>\tHeyr \u00fe\u00fa, Drottinn, og vert m\u00e9r miskunnsamur, Drottinn, vertu minn hj\u00e1lpari.<\/p>\n<p>\tM\u00ednum sorgargr\u00e1ti hefur \u00fe\u00fa sn\u00fai\u00f0 \u00ed dans, \u00fe\u00fa hefur minn hrygg\u00f0arsekk \u00ed sundur sliti\u00f0 og umgyrt mig me\u00f0 fagna\u00f0i.<\/p>\n<p>\tSvo \u00fea\u00f0 m\u00edn <span class=\"athugasemd\" title=\"c \/ (D\u00fdr\u00f0) \/ M\u00edn tunga og harpa me\u00f0 hverri eg d\u00fdrka og vegsama \u00feig\">[<\/span> d\u00fdr\u00f0 syngi \u00fe\u00e9r lof og \u00feagni ekki, Drottinn Gu\u00f0 minn, a\u00f0 eil\u00edfu vil eg \u00fe\u00e9r \u00feakkir gj\u00f6ra.<\/p>\n","protected":false},"excerpt":{"rendered":"<p>XXX. S\u00e1lmur til a\u00f0 syngja fyrir \u00de\u00e1 h\u00fasi\u00f0 Dav\u00ed\u00f0s var v\u00edgt Eg pr\u00edsa \u00feig, Drottinn, \u00fev\u00ed a\u00f0 \u00fe\u00fa hefur upphafi\u00f0 mig og \u00fe\u00fa l\u00e6tur ekki m\u00edna \u00f3vini fagna yfir m\u00e9r. Drottinn Gu\u00f0 minn, \u00fe\u00e1 eg kalla\u00f0i til \u00fe\u00edn \u00fe\u00e1 gj\u00f6r\u00f0ir \u00fe\u00fa mig heilbrig\u00f0an. \u00de\u00fa, Drottinn, hefur m\u00edna s\u00e1lu \u00fatleitt af helv\u00edti og \u00fe\u00fa l\u00e9st mig lifa \u00fear e\u00f0 hinir f\u00f3ru ofan \u00ed dau\u00f0ans pytt. \u00de\u00e9r heilagir, syngi\u00f0 lof Drottni, \u00feakki\u00f0 honum og pr\u00edsi\u00f0 hans [ helgid\u00f3m. \u00dev\u00ed hans rei\u00f0i varir um augabrag\u00f0 og hann hefur lysting til [ l\u00edfsins, um kveldt\u00edmann varir gr\u00e1turinn en a\u00f0 morni dags f\u00f6gnu\u00f0urinn. En eg <a href=\"https:\/\/biblian.is\/gudbrandsbiblia\/salmarnir-30-kafli\/\"> [&#8230;]<\/a><\/p>\n","protected":false},"author":1,"featured_media":0,"parent":0,"menu_order":0,"comment_status":"open","ping_status":"open","template":"bibliukaflar.php","meta":{"footnotes":""},"class_list":["post-3201","page","type-page","status-publish","hentry"],"_links":{"self":[{"href":"https:\/\/biblian.is\/gudbrandsbiblia\/wp-json\/wp\/v2\/pages\/3201","targetHints":{"allow":["GET"]}}],"collection":[{"href":"https:\/\/biblian.is\/gudbrandsbiblia\/wp-json\/wp\/v2\/pages"}],"about":[{"href":"https:\/\/biblian.is\/gudbrandsbiblia\/wp-json\/wp\/v2\/types\/page"}],"author":[{"embeddable":true,"href":"https:\/\/biblian.is\/gudbrandsbiblia\/wp-json\/wp\/v2\/users\/1"}],"replies":[{"embeddable":true,"href":"https:\/\/biblian.is\/gudbrandsbiblia\/wp-json\/wp\/v2\/comments?post=3201"}],"version-history":[{"count":0,"href":"https:\/\/biblian.is\/gudbrandsbiblia\/wp-json\/wp\/v2\/pages\/3201\/revisions"}],"wp:attachment":[{"href":"https:\/\/biblian.is\/gudbrandsbiblia\/wp-json\/wp\/v2\/media?parent=3201"}],"curies":[{"name":"wp","href":"https:\/\/api.w.org\/{rel}","templated":true}]}}