{"id":3190,"date":"2017-12-18T18:32:54","date_gmt":"2017-12-18T18:32:54","guid":{"rendered":"http:\/\/biblian.is\/gudbrandsbiblia\/salmarnir-19-kafli\/"},"modified":"2017-12-18T18:32:54","modified_gmt":"2017-12-18T18:32:54","slug":"salmarnir-19-kafli","status":"publish","type":"page","link":"https:\/\/biblian.is\/gudbrandsbiblia\/salmarnir-19-kafli\/","title":{"rendered":"S\u00e1lmarnir 19. kafli"},"content":{"rendered":"<p>XIX.<\/p>\n<p>S\u00e1lmur Dav\u00ed\u00f0s fyrir a\u00f0 syngja<\/p>\n<p>Himnarnir \u00fatsk\u00fdra Gu\u00f0s d\u00fdr\u00f0 og festingin himnanna kunngj\u00f6rir verk hans handa.<\/p>\n<p>\tHver dagurinn segir \u00feeim \u00f6\u00f0rum og hver n\u00f3ttin kunngj\u00f6rir \u00fea\u00f0 annarri.<\/p>\n<p>\t\u00dear er ekkert tungum\u00e1l til e\u00f0ur \u00fe\u00e6r munnr\u00e6\u00f0ur hvar e\u00f0 \u00feeirra raddir heyrast ekki.<\/p>\n<p>\tUm \u00f6ll l\u00f6nd er \u00feeirra hlj\u00f3mur \u00fatgenginn og \u00feeirra m\u00e1l allt til heimsins enda. S\u00f3lunni hefur hann herbergi sett \u00ed \u00feeim s\u00f6mu.<\/p>\n<p>\tOg hann sj\u00e1lfur gengur \u00fat \u00fea\u00f0an, l\u00edka sem einn br\u00fa\u00f0gumi \u00fat af s\u00ednu br\u00fa\u00f0arh\u00fasi og gle\u00f0ur sig sem ein hetja til a\u00f0 hlaupa veginn.<\/p>\n<p>\t\u00c1 einum enda heimsins kemur hann upp og rennur so um kring til hins sama enda og ekkert sk\u00fdlist fyrir hans hita.<\/p>\n<p>\tL\u00f6gm\u00e1li\u00f0 Drottins er flekklaust og endurn\u00e6rir s\u00e1lina.<\/p>\n<p>\tVitnisbur\u00f0urinn Drottins er tr\u00faanlegur og gefur v\u00edsd\u00f3m skilningslitlum.<\/p>\n<p>\tSkipanir Drottins eru r\u00e9ttfer\u00f0ugar og gle\u00f0ja hjarta\u00f0. Bo\u00f0or\u00f0in Drottins eru sk\u00e6r og uppbirta augun.<\/p>\n<p>\t\u00d3tti Drottins er hreinfer\u00f0ugur og bl\u00edfur eil\u00edflegana. D\u00f3mar Drottins eru sannarlegir, allir eru \u00feeir r\u00e9ttfer\u00f0ugir.<\/p>\n<p>\tD\u00fdrm\u00e6tari eru \u00feeir heldur en gull og miklir gimsteinar, \u00feeir eru s\u00e6tari en hunang og hungansseimur.<\/p>\n<p>\tSvo ver\u00f0ur og einnin \u00feinn \u00fej\u00f3n fyrir \u00fe\u00e1 \u00e1minntur og hver e\u00f0 var\u00f0veitir \u00fe\u00e1 s\u00e1 hefur mikil ver\u00f0laun.<\/p>\n<p>\tHver f\u00e6r skynja\u00f0 hversu oft hann misgj\u00f6rir? Fyrirgef \u00fe\u00fa m\u00e9r, Drottinn, m\u00ednar heimuglegar syndir.<\/p>\n<p>\tVar\u00f0veit \u00fe\u00fa einnin \u00feinn \u00fej\u00f3n \u00ed fr\u00e1 \u00feeim drambl\u00e1tu so a\u00f0 \u00feeir drottni ei yfir m\u00e9r. \u00de\u00e1 mun eg flekklaus vera og saklaus af mikilli misgj\u00f6r\u00f0.<\/p>\n<p>\tL\u00e1t \u00fe\u00e9r \u00fe\u00f3knast or\u00f0r\u00e6\u00f0ur m\u00edns munns og m\u00e1li\u00f0 m\u00edns hjarta fyrir augliti \u00fe\u00ednu,<\/p>\n<p>\tDrottinn, minn hj\u00e1lpari og minn endurlausnari.<\/p>\n","protected":false},"excerpt":{"rendered":"<p>XIX. S\u00e1lmur Dav\u00ed\u00f0s fyrir a\u00f0 syngja Himnarnir \u00fatsk\u00fdra Gu\u00f0s d\u00fdr\u00f0 og festingin himnanna kunngj\u00f6rir verk hans handa. Hver dagurinn segir \u00feeim \u00f6\u00f0rum og hver n\u00f3ttin kunngj\u00f6rir \u00fea\u00f0 annarri. \u00dear er ekkert tungum\u00e1l til e\u00f0ur \u00fe\u00e6r munnr\u00e6\u00f0ur hvar e\u00f0 \u00feeirra raddir heyrast ekki. Um \u00f6ll l\u00f6nd er \u00feeirra hlj\u00f3mur \u00fatgenginn og \u00feeirra m\u00e1l allt til heimsins enda. S\u00f3lunni hefur hann herbergi sett \u00ed \u00feeim s\u00f6mu. Og hann sj\u00e1lfur gengur \u00fat \u00fea\u00f0an, l\u00edka sem einn br\u00fa\u00f0gumi \u00fat af s\u00ednu br\u00fa\u00f0arh\u00fasi og gle\u00f0ur sig sem ein hetja til a\u00f0 hlaupa veginn. \u00c1 einum enda heimsins kemur hann upp og rennur so um kring <a href=\"https:\/\/biblian.is\/gudbrandsbiblia\/salmarnir-19-kafli\/\"> [&#8230;]<\/a><\/p>\n","protected":false},"author":1,"featured_media":0,"parent":0,"menu_order":0,"comment_status":"open","ping_status":"open","template":"bibliukaflar.php","meta":{"footnotes":""},"class_list":["post-3190","page","type-page","status-publish","hentry"],"_links":{"self":[{"href":"https:\/\/biblian.is\/gudbrandsbiblia\/wp-json\/wp\/v2\/pages\/3190","targetHints":{"allow":["GET"]}}],"collection":[{"href":"https:\/\/biblian.is\/gudbrandsbiblia\/wp-json\/wp\/v2\/pages"}],"about":[{"href":"https:\/\/biblian.is\/gudbrandsbiblia\/wp-json\/wp\/v2\/types\/page"}],"author":[{"embeddable":true,"href":"https:\/\/biblian.is\/gudbrandsbiblia\/wp-json\/wp\/v2\/users\/1"}],"replies":[{"embeddable":true,"href":"https:\/\/biblian.is\/gudbrandsbiblia\/wp-json\/wp\/v2\/comments?post=3190"}],"version-history":[{"count":0,"href":"https:\/\/biblian.is\/gudbrandsbiblia\/wp-json\/wp\/v2\/pages\/3190\/revisions"}],"wp:attachment":[{"href":"https:\/\/biblian.is\/gudbrandsbiblia\/wp-json\/wp\/v2\/media?parent=3190"}],"curies":[{"name":"wp","href":"https:\/\/api.w.org\/{rel}","templated":true}]}}