{"id":3165,"date":"2017-12-18T18:32:50","date_gmt":"2017-12-18T18:32:50","guid":{"rendered":"http:\/\/biblian.is\/gudbrandsbiblia\/jobsbok-36-kafli\/"},"modified":"2017-12-18T18:32:50","modified_gmt":"2017-12-18T18:32:50","slug":"jobsbok-36-kafli","status":"publish","type":"page","link":"https:\/\/biblian.is\/gudbrandsbiblia\/jobsbok-36-kafli\/","title":{"rendered":"Jobsb\u00f3k 36. kafli"},"content":{"rendered":"<p>XXXVI.<\/p>\n<p>El\u00edh\u00fa tala\u00f0i enn framar meir: <span class=\"athugasemd\" title=\"El\u00edh\u00fa\">[<\/span> &#8222;B\u00ed\u00f0 \u00fe\u00fa m\u00edn enn litla stund, eg vil kunngj\u00f6ra \u00fe\u00e9r \u00fea\u00f0 \u00fev\u00ed a\u00f0 eg hefi enn nokku\u00f0 a\u00f0 segja af Gu\u00f0s \u00e1lfu. Eg vil s\u00e6kja m\u00edna skilningsvisku \u00e1lengdar og bev\u00edsa minn skapara a\u00f0 hann s\u00e9 r\u00e9ttv\u00eds. M\u00edn or\u00f0r\u00e6\u00f0a skal \u00e1n efa falslaus vera og m\u00edn skilningsviska skal lastalaus vera fyrir \u00fe\u00e9r.<\/p>\n<p>\tSj\u00e1 \u00fe\u00fa, Gu\u00f0 hann forleggur ekki hina voldugu \u00fev\u00ed a\u00f0 hann er sj\u00e1lfur voldugur \u00fat af hjartans krafti. Hann frelsar ekki hinn \u00f3gu\u00f0lega fr\u00e1 r\u00e9ttfer\u00f0ugum og hann l\u00e6tur konungana sitja alla \u00e6vi \u00e1 s\u00ednum tignarst\u00f3lum svo \u00feeir ver\u00f0a voldugir. Og hvar a\u00f0 fangarnir liggja \u00ed fj\u00f6trunum og eru s\u00e1rlega reyr\u00f0ir me\u00f0 reipum \u00fe\u00e1 kunngj\u00f6rir hann hva\u00f0 \u00feeir hafa a\u00f0hafst og \u00feeirra \u00f3dygg\u00f0, \u00fea\u00f0 \u00feeir hafa yfirgangsamir veri\u00f0. Og hann opnar \u00feeim eyra\u00f0 til r\u00e1\u00f0ningar og segir \u00feeim a\u00f0 \u00feeir skuli \u00ed burt sn\u00faa s\u00e9r fr\u00e1 rangl\u00e6tinu. Ef \u00feeir hl\u00fd\u00f0a \u00fev\u00ed og \u00fej\u00f3na honum \u00fe\u00e1 munu \u00feeir gamlir ver\u00f0a vi\u00f0 g\u00f3\u00f0an aldur og lifa me\u00f0 gle\u00f0i. En ef \u00feeir hl\u00fd\u00f0a ekki \u00fe\u00e1 munu \u00feeir falla \u00ed sver\u00f0seggjar og forganga fyrr en \u00fe\u00e1 varir \u00feess.<\/p>\n<p>\tN\u00e6r e\u00f0 rei\u00f0in hittir hr\u00e6snarann \u00fe\u00e1 kalla \u00feeir ekki n\u00e6r \u00feeir liggja \u00ed fj\u00f6trunum. \u00de\u00e1 mun \u00feeirra s\u00e1la \u00ed kvalr\u00e6\u00f0unum deyja og \u00feeirra l\u00edf \u00e1 me\u00f0al h\u00f3runarmanna. Hann mun frelsa \u00fe\u00e1 hina f\u00e1t\u00e6ku \u00fat af \u00feeirra eymdar ves\u00f6ld og opna eyrun hins vola\u00f0a \u00ed h\u00f6rmunginni. Hann mun \u00ed burt rykkja \u00fe\u00e9r \u00far \u00feeim v\u00ed\u00f0u kverkunum kvalanna sem \u00f6ngvan grunn hafa og \u00feitt matbor\u00f0 mun hafa hv\u00edld og hla\u00f0i\u00f0 vera me\u00f0 alls kyns g\u00e6\u00f0i. En \u00fe\u00fa fegrar m\u00e1lefni\u00f0 hins \u00f3gu\u00f0lega svo \u00feeirra r\u00e9ttarfar helst vi\u00f0 magt. Hygg \u00fe\u00fa a\u00f0, hvert hafi eigi m\u00e1tt svo ske a\u00f0 rei\u00f0in hafi komi\u00f0 \u00fe\u00e9r til a\u00f0 ni\u00f0ur\u00ferykkja nokkrum e\u00f0a \u00fea\u00f0 miklar f\u00e9gjafir hafa ekki beygt \u00feig. \u00deenkir \u00fe\u00fa a\u00f0 hann skeytir \u00feinni magt e\u00f0ur gulli e\u00f0ur nokkurs konar styrkleik e\u00f0ur hreysti? \u00de\u00fa \u00fearft ekki a\u00f0 girnast n\u00e6turinnar til a\u00f0 yfirvinna l\u00fd\u00f0inn \u00ed \u00feeirra h\u00edb\u00fdlum. vara \u00fe\u00fa sj\u00e1lfan \u00feig og sn\u00fa \u00fe\u00e9r ekki til rangl\u00e6tisins svo sem \u00fe\u00fa uppbyrja\u00f0ir fyrir \u00feinnar vesaldar sakir.<\/p>\n<p>\tSj\u00e1 \u00fe\u00fa, Gu\u00f0 er mj\u00f6g ofurh\u00e1r \u00ed s\u00ednum krafti, hvar er einn \u00fev\u00edl\u00edkur kennima\u00f0ur sl\u00edkur sem hann er? Hver vill rannsaka hans veg yfir honum og hver vill svo segja til hans: \u00de\u00fa gj\u00f6rir rangt? Hugleiddu \u00fea\u00f0 \u00fe\u00fa veist ekki hans verk svo sem menn syngja. \u00dev\u00ed a\u00f0 allir menn sj\u00e1 \u00fea\u00f0 og hver ma\u00f0ur s\u00e9r \u00fea\u00f0 \u00e1lengdar. Sj\u00e1, Gu\u00f0 er mikill og \u00f3kenndur, hans \u00e1rat\u00f6lu kann enginn a\u00f0 rannsaka. Hann gj\u00f6rir vatni\u00f0 a\u00f0 litlum daggardropum og hneppir s\u00edn sk\u00fd saman til regns so a\u00f0 sk\u00fdin flj\u00f3ta og d\u00f6ggva ofan yfir mennina. \u00deegar hann vill \u00fatbrei\u00f0a s\u00edn sk\u00fd svo sem h\u00e1tt tjald sitt. Sj\u00e1 \u00fe\u00fa, svo \u00fatbrei\u00f0ir hann sitt lj\u00f3s yfir \u00fe\u00e1 hinu s\u00f6mu og hylur allar hafsins endimerkur. \u00dev\u00ed a\u00f0 \u00fear me\u00f0 hr\u00e6\u00f0ir hann mennina og hann gefur \u00fe\u00f3 n\u00f3glega f\u00e6\u00f0slu. Hann byrgir lj\u00f3si\u00f0 svo sem \u00ed h\u00f6ndum s\u00e9r og skipar \u00fev\u00ed \u00fe\u00f3 aftur a\u00f0 koma. Um \u00fea\u00f0 sama ber vitni hans samf\u00e9lagi sem er rei\u00f0in \u00feeirrar \u00ferumunnar \u00ed sk\u00fdjunum.<\/p>\n","protected":false},"excerpt":{"rendered":"<p>XXXVI. El\u00edh\u00fa tala\u00f0i enn framar meir: [ &#8222;B\u00ed\u00f0 \u00fe\u00fa m\u00edn enn litla stund, eg vil kunngj\u00f6ra \u00fe\u00e9r \u00fea\u00f0 \u00fev\u00ed a\u00f0 eg hefi enn nokku\u00f0 a\u00f0 segja af Gu\u00f0s \u00e1lfu. Eg vil s\u00e6kja m\u00edna skilningsvisku \u00e1lengdar og bev\u00edsa minn skapara a\u00f0 hann s\u00e9 r\u00e9ttv\u00eds. M\u00edn or\u00f0r\u00e6\u00f0a skal \u00e1n efa falslaus vera og m\u00edn skilningsviska skal lastalaus vera fyrir \u00fe\u00e9r. Sj\u00e1 \u00fe\u00fa, Gu\u00f0 hann forleggur ekki hina voldugu \u00fev\u00ed a\u00f0 hann er sj\u00e1lfur voldugur \u00fat af hjartans krafti. Hann frelsar ekki hinn \u00f3gu\u00f0lega fr\u00e1 r\u00e9ttfer\u00f0ugum og hann l\u00e6tur konungana sitja alla \u00e6vi \u00e1 s\u00ednum tignarst\u00f3lum svo \u00feeir ver\u00f0a voldugir. Og hvar a\u00f0 <a href=\"https:\/\/biblian.is\/gudbrandsbiblia\/jobsbok-36-kafli\/\"> [&#8230;]<\/a><\/p>\n","protected":false},"author":1,"featured_media":0,"parent":0,"menu_order":0,"comment_status":"open","ping_status":"open","template":"bibliukaflar.php","meta":{"footnotes":""},"class_list":["post-3165","page","type-page","status-publish","hentry"],"_links":{"self":[{"href":"https:\/\/biblian.is\/gudbrandsbiblia\/wp-json\/wp\/v2\/pages\/3165","targetHints":{"allow":["GET"]}}],"collection":[{"href":"https:\/\/biblian.is\/gudbrandsbiblia\/wp-json\/wp\/v2\/pages"}],"about":[{"href":"https:\/\/biblian.is\/gudbrandsbiblia\/wp-json\/wp\/v2\/types\/page"}],"author":[{"embeddable":true,"href":"https:\/\/biblian.is\/gudbrandsbiblia\/wp-json\/wp\/v2\/users\/1"}],"replies":[{"embeddable":true,"href":"https:\/\/biblian.is\/gudbrandsbiblia\/wp-json\/wp\/v2\/comments?post=3165"}],"version-history":[{"count":0,"href":"https:\/\/biblian.is\/gudbrandsbiblia\/wp-json\/wp\/v2\/pages\/3165\/revisions"}],"wp:attachment":[{"href":"https:\/\/biblian.is\/gudbrandsbiblia\/wp-json\/wp\/v2\/media?parent=3165"}],"curies":[{"name":"wp","href":"https:\/\/api.w.org\/{rel}","templated":true}]}}