{"id":3164,"date":"2017-12-18T18:32:50","date_gmt":"2017-12-18T18:32:50","guid":{"rendered":"http:\/\/biblian.is\/gudbrandsbiblia\/jobsbok-35-kafli\/"},"modified":"2017-12-18T18:32:50","modified_gmt":"2017-12-18T18:32:50","slug":"jobsbok-35-kafli","status":"publish","type":"page","link":"https:\/\/biblian.is\/gudbrandsbiblia\/jobsbok-35-kafli\/","title":{"rendered":"Jobsb\u00f3k 35. kafli"},"content":{"rendered":"<p>XXXV.<\/p>\n<p>Og El\u00edh\u00fa svara\u00f0i og sag\u00f0i: <span class=\"athugasemd\" title=\"El\u00edh\u00fa\">[<\/span> &#8222;Heldur \u00fe\u00fa \u00fea\u00f0 fyrir r\u00e9ttindi a\u00f0 \u00fe\u00fa segir: Eg er r\u00e9ttl\u00e1tari en Gu\u00f0? \u00dev\u00ed \u00fe\u00fa segir: Hver er s\u00e1 a\u00f0 neins s\u00e9 ver\u00f0ur fyrir \u00fe\u00e9r? Hva\u00f0 hj\u00e1lpar m\u00e9r \u00fea\u00f0 \u00fe\u00f3 eg gj\u00f6ri mig fyrir utan synd? Ekki vil eg svara \u00fe\u00e9r einu or\u00f0i og \u00fe\u00ednum vinum me\u00f0 \u00fe\u00e9r. Sko\u00f0a \u00fe\u00fa himininn og sj\u00e1 \u00fe\u00fa og hygg a\u00f0 \u00feeim sk\u00fdjunum sem eru h\u00e6rri en \u00fe\u00fa. Ef \u00fe\u00fa syndgast, hva\u00f0 kannt \u00fe\u00fa vi\u00f0 hann a\u00f0 gj\u00f6ra? Og \u00fe\u00f3 a\u00f0 \u00fe\u00ednar misgj\u00f6r\u00f0ir s\u00e9u margar, hva\u00f0 kannt \u00fe\u00fa honum a\u00f0 gj\u00f6ra? Og \u00fe\u00f3 a\u00f0 \u00fe\u00fa s\u00e9rt r\u00e9ttv\u00eds, hva\u00f0 kannt \u00fe\u00fa a\u00f0 gefa honum? E\u00f0a hva\u00f0 skal hann \u00feiggja af \u00fe\u00ednum h\u00f6ndum?<\/p>\n<p>\tEinum manni l\u00edka sem \u00fe\u00fa ert kann \u00fe\u00edn illska eitthvert a\u00f0 gj\u00f6ra og \u00fe\u00edn r\u00e9ttv\u00edsi einu mannsins barni. \u00deeir hinir s\u00f6mu f\u00e1 vel kalla\u00f0 n\u00e6r e\u00f0 \u00fe\u00e1 sker nokkurt ofr\u00edki og kveina vegna armleggjanna \u00feeirra foringjanna. \u00deeir ekki neitt skeyta um \u00fea\u00f0: Hvar er Gu\u00f0, minn skapari, hann sem gj\u00f6rir \u00feann <span class=\"athugasemd\" title=\"a \/ (S\u00f6ng) \/ \u00dea\u00f0 er, fuglas\u00f6ng, e\u00f0ur andlega svo a\u00f0 menn lofi hann \u00ed lj\u00fafu og lei\u00f0u, sem xly. psalmur segir: Um n\u00e6tur syng eg honum\">[<\/span> s\u00f6nginn \u00e1 n\u00f3ttinni? Hann hver e\u00f0 gj\u00f6rir oss l\u00e6r\u00f0ari en \u00feann f\u00e9na\u00f0inn \u00e1 j\u00f6r\u00f0unni og hyggnari en \u00fe\u00e1 fuglana undir himninum. Og \u00feeir munu og einnin kalla yfir drambseminni \u00feeirra hinna illskufullu og hann mun ei b\u00e6nheyra \u00fe\u00e1. \u00dev\u00ed a\u00f0 Gu\u00f0 \u00fea\u00f0 ekki heyrir sem heg\u00f3mlegt er og s\u00e1 Hinn alm\u00e1ttugi mun ekki \u00e1l\u00edta \u00fea\u00f0. \u00dear a\u00f0 auk \u00fe\u00e1 segir \u00fe\u00fa a\u00f0 ei munir \u00fe\u00fa hann sj\u00e1. En \u00fear er einn d\u00f3mur fyri honum, b\u00ed\u00f0 \u00fe\u00fa hans a\u00f0eins. \u00de\u00f3 a\u00f0 hans rei\u00f0i s\u00e6ki \u00feig ei snarlega heim og taki s\u00e9r \u00fea\u00f0 svo br\u00e1\u00f0lega til a\u00f0 \u00fear eru margir h\u00e1\u00f0ungarmenn. \u00dear fyrir hefur Job upploki\u00f0 s\u00ednum munni forgefins og frambori\u00f0 drambs\u00f6m or\u00f0 me\u00f0 skilningsleysi.&#8220;<\/p>\n","protected":false},"excerpt":{"rendered":"<p>XXXV. Og El\u00edh\u00fa svara\u00f0i og sag\u00f0i: [ &#8222;Heldur \u00fe\u00fa \u00fea\u00f0 fyrir r\u00e9ttindi a\u00f0 \u00fe\u00fa segir: Eg er r\u00e9ttl\u00e1tari en Gu\u00f0? \u00dev\u00ed \u00fe\u00fa segir: Hver er s\u00e1 a\u00f0 neins s\u00e9 ver\u00f0ur fyrir \u00fe\u00e9r? Hva\u00f0 hj\u00e1lpar m\u00e9r \u00fea\u00f0 \u00fe\u00f3 eg gj\u00f6ri mig fyrir utan synd? Ekki vil eg svara \u00fe\u00e9r einu or\u00f0i og \u00fe\u00ednum vinum me\u00f0 \u00fe\u00e9r. Sko\u00f0a \u00fe\u00fa himininn og sj\u00e1 \u00fe\u00fa og hygg a\u00f0 \u00feeim sk\u00fdjunum sem eru h\u00e6rri en \u00fe\u00fa. Ef \u00fe\u00fa syndgast, hva\u00f0 kannt \u00fe\u00fa vi\u00f0 hann a\u00f0 gj\u00f6ra? Og \u00fe\u00f3 a\u00f0 \u00fe\u00ednar misgj\u00f6r\u00f0ir s\u00e9u margar, hva\u00f0 kannt \u00fe\u00fa honum a\u00f0 gj\u00f6ra? Og \u00fe\u00f3 a\u00f0 \u00fe\u00fa s\u00e9rt r\u00e9ttv\u00eds, <a href=\"https:\/\/biblian.is\/gudbrandsbiblia\/jobsbok-35-kafli\/\"> [&#8230;]<\/a><\/p>\n","protected":false},"author":1,"featured_media":0,"parent":0,"menu_order":0,"comment_status":"open","ping_status":"open","template":"bibliukaflar.php","meta":{"footnotes":""},"class_list":["post-3164","page","type-page","status-publish","hentry"],"_links":{"self":[{"href":"https:\/\/biblian.is\/gudbrandsbiblia\/wp-json\/wp\/v2\/pages\/3164","targetHints":{"allow":["GET"]}}],"collection":[{"href":"https:\/\/biblian.is\/gudbrandsbiblia\/wp-json\/wp\/v2\/pages"}],"about":[{"href":"https:\/\/biblian.is\/gudbrandsbiblia\/wp-json\/wp\/v2\/types\/page"}],"author":[{"embeddable":true,"href":"https:\/\/biblian.is\/gudbrandsbiblia\/wp-json\/wp\/v2\/users\/1"}],"replies":[{"embeddable":true,"href":"https:\/\/biblian.is\/gudbrandsbiblia\/wp-json\/wp\/v2\/comments?post=3164"}],"version-history":[{"count":0,"href":"https:\/\/biblian.is\/gudbrandsbiblia\/wp-json\/wp\/v2\/pages\/3164\/revisions"}],"wp:attachment":[{"href":"https:\/\/biblian.is\/gudbrandsbiblia\/wp-json\/wp\/v2\/media?parent=3164"}],"curies":[{"name":"wp","href":"https:\/\/api.w.org\/{rel}","templated":true}]}}