{"id":3161,"date":"2017-12-18T18:32:50","date_gmt":"2017-12-18T18:32:50","guid":{"rendered":"http:\/\/biblian.is\/gudbrandsbiblia\/jobsbok-32-kafli\/"},"modified":"2017-12-18T18:32:50","modified_gmt":"2017-12-18T18:32:50","slug":"jobsbok-32-kafli","status":"publish","type":"page","link":"https:\/\/biblian.is\/gudbrandsbiblia\/jobsbok-32-kafli\/","title":{"rendered":"Jobsb\u00f3k 32. kafli"},"content":{"rendered":"<p>XXXII.<\/p>\n<p>\u00de\u00e1 l\u00e9tu \u00feeir \u00fer\u00edr menn af a\u00f0 gefa Job andsvar me\u00f0 \u00fev\u00ed a\u00f0 hann h\u00e9lt sig a\u00f0 vera r\u00e9ttl\u00e1tan. En El\u00edh\u00fa son Barakeel af B\u00fas \u00fat af slekti Ram hann var\u00f0 rei\u00f0ur Job fyrir \u00fea\u00f0 hann h\u00e9lt s\u00edna s\u00e1lu r\u00e9ttv\u00edsari en Gu\u00f0. Hann var\u00f0 og rei\u00f0ur vi\u00f0 \u00fe\u00e1 \u00ferj\u00e1 hans vini af \u00fev\u00ed a\u00f0 \u00feeir fundu honum ekki neitt andsvar en ford\u00e6mdu \u00fe\u00f3 Job. \u00dev\u00ed a\u00f0 El\u00edh\u00fa bi\u00f0l\u00edka\u00f0i vi\u00f0 \u00feanga\u00f0 til \u00feeir h\u00f6f\u00f0u \u00fat tala\u00f0 vi\u00f0 Job af \u00fev\u00ed a\u00f0 \u00feeir voru eldri en hann. Og fyrst hann s\u00e1 \u00fea\u00f0 a\u00f0 \u00fear var ekki neitt andsvar til \u00ed \u00feeirra \u00feriggja manna munni \u00fe\u00e1 reiddist hann. Og \u00feannin svara\u00f0i El\u00edh\u00fa son Barakeel af B\u00fas og sag\u00f0i:<\/p>\n<p>\t&#8222;Eg er ungur en \u00fe\u00e9r eru\u00f0 gamlir, \u00fev\u00ed for\u00f0a\u00f0ist eg og hr\u00e6ddunst a\u00f0 au\u00f0s\u00fdna m\u00edna list \u00e1 me\u00f0al y\u00f0ar. Eg \u00feenkta svo: L\u00e1t \u00fe\u00fa \u00e1rin aldursins tala og l\u00e1t \u00fe\u00fa \u00feann aldurd\u00f3msins mikilleik augl\u00fdsa v\u00edsd\u00f3minn. En andinn er \u00ed m\u00f6nnunum og s\u00e1 innbl\u00e1sturinn Hins alm\u00e1ttuga gj\u00f6rir \u00fe\u00e1 skilningsfulla. Hinir voldugu eru ekki hinir v\u00edsustu og hinir g\u00f6mlu skilja ekki \u00fea\u00f0 r\u00e9ttd\u00e6mi\u00f0. \u00dear fyrir \u00fe\u00e1 vil eg n\u00fa tala, heyri\u00f0 m\u00e9r, eg vil og l\u00e1ta sj\u00e1 m\u00edna snilld. Sj\u00e1i\u00f0, eg hefi bi\u00f0l\u00edka\u00f0 vi\u00f0 \u00e1 me\u00f0an \u00fe\u00e9r t\u00f6lu\u00f0u\u00f0, eg hugleidda a\u00f0 y\u00f0rum skilningi \u00feanga\u00f0 til a\u00f0 \u00fe\u00e9r fundu\u00f0 upp \u00e1 \u00fe\u00e1 r\u00e9ttu r\u00e6\u00f0u. Og eg hefi gefi\u00f0 g\u00e6tur a\u00f0 y\u00f0ur en sj\u00e1i\u00f0, \u00fear er enginn \u00e1 me\u00f0al y\u00f0ar sem vandi um vi\u00f0 Job e\u00f0ur svara\u00f0i hans m\u00e1li.<\/p>\n<p>\tSvo a\u00f0 \u00fe\u00e9r \u00feurfi\u00f0 ekki a\u00f0 segja: V\u00e9r hittum \u00e1 v\u00edsd\u00f3minn, a\u00f0 Gu\u00f0 hafi \u00fatsk\u00fafa\u00f0 honum en enginn annar. \u00dea\u00f0 m\u00e1lt\u00e6ki fulln\u00e6gir ekki m\u00e9r, eg vil og ei svara honum eftir y\u00f0rum or\u00f0um. \u00d3h\u00f3, \u00feeir eru \u00f3ttaslegnir, \u00feeir kunna ekki meir a\u00f0 svara, \u00feeir kunna og ekki fleira a\u00f0 tala. En af \u00fev\u00ed a\u00f0 eg taf\u00f0i so vi\u00f0 og \u00feeir kunna ekki fleira a\u00f0 tala (\u00fev\u00ed \u00feeir st\u00f3\u00f0u kyrrir og sv\u00f6ru\u00f0u \u00f6ngvu) \u00fe\u00e1 vil eg fyrir minn part svar gefa og au\u00f0s\u00fdna so m\u00edna visku. Sj\u00b4a\u00fe\u00fa, a\u00f0 minn kvi\u00f0ur er l\u00edka sem anna\u00f0 n\u00fdtt v\u00edn \u00fea\u00f0 \u00fe\u00e9tt til d\u00fdpta\u00f0 er hvert a\u00f0 \u00ed sundursprengir n\u00fdja legla. Eg hl\u00fdt a\u00f0 tala svo eg f\u00e1i vindr\u00fam, eg ver\u00f0 a\u00f0 upplj\u00faka m\u00ednum v\u00f6rum og gefa svar. Eg vil og einskis pers\u00f3nu \u00e1l\u00edta og eg vil og \u00f6ngvan mann lofa. \u00dev\u00ed a\u00f0 eg veit ekki (ef a\u00f0 eg gj\u00f6r\u00f0i \u00fea\u00f0) nema a\u00f0 minn skapari mundi \u00fe\u00e1 svipta m\u00e9r \u00ed burt innan l\u00edtils t\u00edma.<\/p>\n","protected":false},"excerpt":{"rendered":"<p>XXXII. \u00de\u00e1 l\u00e9tu \u00feeir \u00fer\u00edr menn af a\u00f0 gefa Job andsvar me\u00f0 \u00fev\u00ed a\u00f0 hann h\u00e9lt sig a\u00f0 vera r\u00e9ttl\u00e1tan. En El\u00edh\u00fa son Barakeel af B\u00fas \u00fat af slekti Ram hann var\u00f0 rei\u00f0ur Job fyrir \u00fea\u00f0 hann h\u00e9lt s\u00edna s\u00e1lu r\u00e9ttv\u00edsari en Gu\u00f0. Hann var\u00f0 og rei\u00f0ur vi\u00f0 \u00fe\u00e1 \u00ferj\u00e1 hans vini af \u00fev\u00ed a\u00f0 \u00feeir fundu honum ekki neitt andsvar en ford\u00e6mdu \u00fe\u00f3 Job. \u00dev\u00ed a\u00f0 El\u00edh\u00fa bi\u00f0l\u00edka\u00f0i vi\u00f0 \u00feanga\u00f0 til \u00feeir h\u00f6f\u00f0u \u00fat tala\u00f0 vi\u00f0 Job af \u00fev\u00ed a\u00f0 \u00feeir voru eldri en hann. Og fyrst hann s\u00e1 \u00fea\u00f0 a\u00f0 \u00fear var ekki neitt andsvar til \u00ed \u00feeirra <a href=\"https:\/\/biblian.is\/gudbrandsbiblia\/jobsbok-32-kafli\/\"> [&#8230;]<\/a><\/p>\n","protected":false},"author":1,"featured_media":0,"parent":0,"menu_order":0,"comment_status":"open","ping_status":"open","template":"bibliukaflar.php","meta":{"footnotes":""},"class_list":["post-3161","page","type-page","status-publish","hentry"],"_links":{"self":[{"href":"https:\/\/biblian.is\/gudbrandsbiblia\/wp-json\/wp\/v2\/pages\/3161","targetHints":{"allow":["GET"]}}],"collection":[{"href":"https:\/\/biblian.is\/gudbrandsbiblia\/wp-json\/wp\/v2\/pages"}],"about":[{"href":"https:\/\/biblian.is\/gudbrandsbiblia\/wp-json\/wp\/v2\/types\/page"}],"author":[{"embeddable":true,"href":"https:\/\/biblian.is\/gudbrandsbiblia\/wp-json\/wp\/v2\/users\/1"}],"replies":[{"embeddable":true,"href":"https:\/\/biblian.is\/gudbrandsbiblia\/wp-json\/wp\/v2\/comments?post=3161"}],"version-history":[{"count":0,"href":"https:\/\/biblian.is\/gudbrandsbiblia\/wp-json\/wp\/v2\/pages\/3161\/revisions"}],"wp:attachment":[{"href":"https:\/\/biblian.is\/gudbrandsbiblia\/wp-json\/wp\/v2\/media?parent=3161"}],"curies":[{"name":"wp","href":"https:\/\/api.w.org\/{rel}","templated":true}]}}