{"id":3159,"date":"2017-12-18T18:32:50","date_gmt":"2017-12-18T18:32:50","guid":{"rendered":"http:\/\/biblian.is\/gudbrandsbiblia\/jobsbok-30-kafli\/"},"modified":"2017-12-18T18:32:50","modified_gmt":"2017-12-18T18:32:50","slug":"jobsbok-30-kafli","status":"publish","type":"page","link":"https:\/\/biblian.is\/gudbrandsbiblia\/jobsbok-30-kafli\/","title":{"rendered":"Jobsb\u00f3k 30. kafli"},"content":{"rendered":"<p>XXX.<\/p>\n<p>En n\u00fa hl\u00e6ja \u00feeir a\u00f0 m\u00e9r sem yngri eru en eg hverra fe\u00f0ur eg hef\u00f0a ei virst a\u00f0 setja hj\u00e1 hundum minnar hjar\u00f0ar, hverra styrkleik eg h\u00e9lt einskis neytan, \u00feeir e\u00f0 ei g\u00e1tu komist til fulls aldurs, \u00feeir sem af hungri og ves\u00f6ld einmana fl\u00fd\u00f0u \u00e1 ey\u00f0im\u00f6rkina og voru n\u00fa n\u00fdlega fordjarfa\u00f0ir og vesalir vor\u00f0nir, \u00feeir e\u00f0 upplokku\u00f0u \u00fea\u00f0 netlugrasi\u00f0 hj\u00e1 vi\u00f0arrunninum og s\u00fa r\u00f3tin einiberjatr\u00e9sins var \u00feeirra matur og n\u00e6r e\u00f0 \u00feeir upprykktu \u00feeim \u00fe\u00e1 hl\u00f6kku\u00f0u \u00feeir yfir \u00fev\u00ed l\u00edka sem \u00fej\u00f3fur. \u00deeir bjuggu \u00ed hj\u00e1 hr\u00e6\u00f0ilegum l\u00e6kjum \u00ed \u00feeim jar\u00f0arholunum og bjargskorunum. \u00c1 milli sk\u00f3garunnanna k\u00f6llu\u00f0u \u00feeir og undir \u00feeim klungur\u00feyrnunum samans\u00f6fnu\u00f0ust \u00feeir. B\u00f6rnin \u00feeirra hinna f\u00e1v\u00edsu og fyrirlitnu manna, \u00feeir sem minnstuh\u00e1ttar voru \u00ed landinu. N\u00fa er eg or\u00f0inn svo sem \u00feeirra gamanleikar og hl\u00fdt a\u00f0 vera so sem \u00feeirra skemmtan. \u00deeir hafa andstygg\u00f0 \u00e1 m\u00e9r og taka a\u00f0 for\u00f0ast mig mj\u00f6g og \u00feeir hir\u00f0a ekki \u00fe\u00f3 \u00feeir hr\u00e6ki fyrir minni \u00e1sj\u00f3nu. <span class=\"athugasemd\" title=\"sword (\u00deeir) \/ \u00deeir Chaldei\">[<\/span> \u00deeir hafa \u00fatspennt m\u00edna s\u00e1lu og gj\u00f6rt mig a\u00f0 \u00f6ngvu og svipt beislinu fr\u00e1 m\u00ednu andliti. \u00deeir settu sig \u00e1 m\u00f3ti m\u00e9r vi\u00f0 \u00feann h\u00e6gra veginn \u00fear sem bl\u00f3mga\u00f0ist og \u00ed burt sk\u00fafu\u00f0u m\u00ednum f\u00e6ti og gj\u00f6r\u00f0u s\u00e9r veg yfir um mig m\u00e9r til fordj\u00f6rfunar. \u00deeir ni\u00f0urbrutu m\u00edna vegu og \u00fea\u00f0 var \u00feeim svo au\u00f0velt a\u00f0 gj\u00f6ra m\u00e9r ska\u00f0a svo \u00feeir \u00feurftu \u00fear \u00f6ngrar hj\u00e1lpar vi\u00f0. \u00deeir eru h\u00e9r innfallnir l\u00edka sem \u00ed gegnum eitt v\u00edtt og miki\u00f0 vinduga og eru h\u00e9r innfallnir fylkingjalaust. Skelfingin sneri s\u00e9r \u00e1 m\u00f3ti m\u00e9r og ofs\u00f3tti m\u00edna d\u00fdr\u00f0 sem anna\u00f0 sterkvi\u00f0ri og mitt g\u00e6ful\u00e1n l\u00edka sem anna\u00f0 \u00f3\u00f0fluga sk\u00fd. En n\u00fa \u00fathellir s\u00e9r m\u00edn s\u00e1la yfir mig og s\u00e1 \u00fatleg\u00f0art\u00edminn hefur h\u00f6ndla\u00f0 mig. \u00c1 n\u00f3ttinni stingast m\u00edn bein \u00ed gegnum allavegana og \u00feeir sem mig jaga leggja sig ekki a\u00f0 sofa. Fyrir margfaldleik kraftarins ver\u00f0 eg annars og \u00f6\u00f0ruv\u00eds <span class=\"athugasemd\" title=\"a \/ (Kl\u00e6ddur) \/ \u00dea\u00f0 er, eg \u00edkl\u00e6\u00f0ist margh\u00e1tta\u00f0ri \u00f3g\u00e6fu me\u00f0 ofr\u00edki svo a\u00f0 eg kann \u00fev\u00ed ekki a\u00f0 hamla og eg spennist svo hart a\u00f0 eg kann ekki laus a\u00f0 ver\u00f0a og eg ver\u00f0 a\u00f0 hafa \u00fea\u00f0 svo sem anna\u00f0 fat um h\u00e1lsinn\">[<\/span> kl\u00e6ddur og \u00feeir spenntu \u00fev\u00ed a\u00f0 m\u00e9r l\u00edka sem h\u00e1lsm\u00e1linu m\u00edns kyrtils. \u00deeir hafa tro\u00f0i\u00f0 mig ni\u00f0ur \u00ed \u00ferekkinn og jafna\u00f0 m\u00e9r vi\u00f0 \u00f6sku og duft. Hr\u00f3pa eg til \u00fe\u00edn \u00fe\u00e1 svarar \u00fe\u00fa m\u00e9r ekki, geng eg \u00fear fram \u00fe\u00e1 skeytir \u00fe\u00fa m\u00e9r ekki. \u00de\u00fa ert m\u00e9r n\u00fa umsn\u00fainn \u00ed einn har\u00f0\u00fa\u00f0legan og au\u00f0s\u00fdnir \u00fe\u00edna rei\u00f0i \u00e1 m\u00e9r me\u00f0 \u00feeim styrkleiknum handar \u00feinnar. \u00de\u00fa lyftir m\u00e9r upp og l\u00e6tur mig fj\u00faka \u00e1 \u00feeim vindinum og \u00ed sundursmelltir m\u00e9r kr\u00f6ftulega. \u00dev\u00ed eg veit a\u00f0 \u00fe\u00fa munt ofurselja mig dau\u00f0anum, \u00fea\u00f0 sama er \u00fea\u00f0 tileinka\u00f0a h\u00fasi\u00f0 allra lifandra. \u00de\u00f3 mun hann ekki \u00fatr\u00e9tta s\u00edna h\u00f6nd til <span class=\"athugasemd\" title=\"b \/ (Beina) \/ \u00cd beinah\u00fasinu mun eg hafa hv\u00edld, \u00fea\u00f0 er, \u00fear dau\u00f0ra manna bein eru saman l\u00e1tin\">[<\/span> beinah\u00fassins og \u00feeir munu ekki h\u00e1reysta upp fyrir hans fordjarfan. Eg gr\u00e9t \u00e1 \u00feeim h\u00f6rmungart\u00edmanum og m\u00edn s\u00e1l kenndi \u00ed brj\u00f3sti um hinn f\u00e1t\u00e6ka. Eg v\u00e6nti hins g\u00f3\u00f0a og n\u00fa kemur \u00fea\u00f0 hi\u00f0 vonda, eg vona\u00f0i eftir lj\u00f3sinu en n\u00fa kemur myrkri\u00f0. M\u00edn innyfli \u00feau l\u00e1ta ei af a\u00f0 sj\u00f3\u00f0a \u00ed m\u00e9r, h\u00f6rmungart\u00edminn er yfir mig kominn. Eg geng fram d\u00f6kkleitur en \u00fe\u00f3 brennir s\u00f3lin mig ekki, eg stend upp \u00ed safna\u00f0inum og kalla. Eg er h\u00f6ggormsins br\u00f3\u00f0ir og einn samf\u00e9lagi str\u00fatsfuglsins. Mitt h\u00f6rundsskinn er svart or\u00f0i\u00f0 \u00e1 m\u00e9r og m\u00edn bein eru af hita upp\u00feornu\u00f0. M\u00edn harpa er or\u00f0in einn sorgars\u00f6ngur og m\u00edn hlj\u00f3\u00f0p\u00edpa einn hrygg\u00f0argr\u00e1tur.<\/p>\n","protected":false},"excerpt":{"rendered":"<p>XXX. En n\u00fa hl\u00e6ja \u00feeir a\u00f0 m\u00e9r sem yngri eru en eg hverra fe\u00f0ur eg hef\u00f0a ei virst a\u00f0 setja hj\u00e1 hundum minnar hjar\u00f0ar, hverra styrkleik eg h\u00e9lt einskis neytan, \u00feeir e\u00f0 ei g\u00e1tu komist til fulls aldurs, \u00feeir sem af hungri og ves\u00f6ld einmana fl\u00fd\u00f0u \u00e1 ey\u00f0im\u00f6rkina og voru n\u00fa n\u00fdlega fordjarfa\u00f0ir og vesalir vor\u00f0nir, \u00feeir e\u00f0 upplokku\u00f0u \u00fea\u00f0 netlugrasi\u00f0 hj\u00e1 vi\u00f0arrunninum og s\u00fa r\u00f3tin einiberjatr\u00e9sins var \u00feeirra matur og n\u00e6r e\u00f0 \u00feeir upprykktu \u00feeim \u00fe\u00e1 hl\u00f6kku\u00f0u \u00feeir yfir \u00fev\u00ed l\u00edka sem \u00fej\u00f3fur. \u00deeir bjuggu \u00ed hj\u00e1 hr\u00e6\u00f0ilegum l\u00e6kjum \u00ed \u00feeim jar\u00f0arholunum og bjargskorunum. \u00c1 milli sk\u00f3garunnanna k\u00f6llu\u00f0u \u00feeir <a href=\"https:\/\/biblian.is\/gudbrandsbiblia\/jobsbok-30-kafli\/\"> [&#8230;]<\/a><\/p>\n","protected":false},"author":1,"featured_media":0,"parent":0,"menu_order":0,"comment_status":"open","ping_status":"open","template":"bibliukaflar.php","meta":{"footnotes":""},"class_list":["post-3159","page","type-page","status-publish","hentry"],"_links":{"self":[{"href":"https:\/\/biblian.is\/gudbrandsbiblia\/wp-json\/wp\/v2\/pages\/3159","targetHints":{"allow":["GET"]}}],"collection":[{"href":"https:\/\/biblian.is\/gudbrandsbiblia\/wp-json\/wp\/v2\/pages"}],"about":[{"href":"https:\/\/biblian.is\/gudbrandsbiblia\/wp-json\/wp\/v2\/types\/page"}],"author":[{"embeddable":true,"href":"https:\/\/biblian.is\/gudbrandsbiblia\/wp-json\/wp\/v2\/users\/1"}],"replies":[{"embeddable":true,"href":"https:\/\/biblian.is\/gudbrandsbiblia\/wp-json\/wp\/v2\/comments?post=3159"}],"version-history":[{"count":0,"href":"https:\/\/biblian.is\/gudbrandsbiblia\/wp-json\/wp\/v2\/pages\/3159\/revisions"}],"wp:attachment":[{"href":"https:\/\/biblian.is\/gudbrandsbiblia\/wp-json\/wp\/v2\/media?parent=3159"}],"curies":[{"name":"wp","href":"https:\/\/api.w.org\/{rel}","templated":true}]}}