{"id":3149,"date":"2017-12-18T18:32:46","date_gmt":"2017-12-18T18:32:46","guid":{"rendered":"http:\/\/biblian.is\/gudbrandsbiblia\/jobsbok-20-kafli\/"},"modified":"2017-12-18T18:32:46","modified_gmt":"2017-12-18T18:32:46","slug":"jobsbok-20-kafli","status":"publish","type":"page","link":"https:\/\/biblian.is\/gudbrandsbiblia\/jobsbok-20-kafli\/","title":{"rendered":"Jobsb\u00f3k 20. kafli"},"content":{"rendered":"<p>XX.<\/p>\n<p>\u00de\u00e1 svara\u00f0i S\u00f3far af Naema og sag\u00f0i: <span class=\"athugasemd\" title=\"S\u00f3far\">[<\/span> &#8222;Eg hl\u00fdt \u00fear til a\u00f0 svara og kann ekki a\u00f0 b\u00ed\u00f0a vi\u00f0. So vil eg og gjarnan heyra hver mig skal straffa og segja \u00fear \u00e1 m\u00f3t \u00fev\u00ed a\u00f0 skilningur m\u00edns anda skal forsvara mig. Veist \u00fe\u00fa ekki a\u00f0 \u00fea\u00f0 hefur svo alla t\u00edma til gengi\u00f0 svo lengi sem \u00fear hafa menn veri\u00f0 \u00e1 jar\u00f0r\u00edki? \u00dea\u00f0 fr\u00e6g\u00f0in hins \u00f3gu\u00f0lega stendur ekki lengi og \u00fea\u00f0 hr\u00e6snarans gla\u00f0l\u00e6ti varir eitt augabrag\u00f0. Og \u00fe\u00f3 a\u00f0 hans h\u00e6\u00f0 taki allt upp \u00ed himininn og hans h\u00f6fu\u00f0 \u00fea\u00f0 k\u00e6mi vi\u00f0 sk\u00fdin \u00fe\u00e1 fyrirferst hann \u00fe\u00f3 a\u00f0 s\u00ed\u00f0ustu sem annar \u00ferekkur so a\u00f0 \u00feeir af hverjum hann var \u00e1litinn munu segja: Hvar er hann n\u00fa? L\u00edka sem annar draumur \u00ed burt l\u00ed\u00f0ur, svo skal hann og ekki fundinn ver\u00f0a og l\u00edka sem \u00f6nnur sj\u00f3nhending \u00e1 n\u00e1ttart\u00edma \u00ed burt hverfur. \u00dea\u00f0 auga sem s\u00e9\u00f0 hefur hann \u00fea\u00f0 skal ekki sj\u00e1 hann oftar og hans sta\u00f0ur skal ekki l\u00edta hann lengur. Hans b\u00f6rn munu fara yfir og \u00f6lmusu \u00feiggja og hans h\u00f6nd mun gefa honum arm\u00e6\u00f0u til \u00fej\u00f3nustulauna. Hans bein munu gjalda hans heimuglegra synda og \u00feau munu \u00ed j\u00f6r\u00f0ina leggja sig me\u00f0 honum.<\/p>\n<p>\t\u00de\u00e1 e\u00f0 honum smakkast vel sj\u00e1lfs hans illska \u00ed s\u00ednum munni \u00fe\u00e1 mun honum \u00fe\u00f3 \u00ed sinni tungu <span class=\"athugasemd\" title=\"a \/ (Brestur) \/ \u00deegar hann uppbyrjar hi\u00f0 vonda hefur hann \u00fear lysting af og r\u00f3 en \u00fea\u00f0 varir ekki lengi, \u00fea\u00f0 ver\u00f0ur snart beiskt \u00ed munni\">[<\/span> brestur \u00e1 henni ver\u00f0a. H\u00fan mun afturhaldast og eigi til ste\u00f0jast honum og \u00fea\u00f0 sama mun banna\u00f0 vera \u00ed sj\u00e1lfs hans kverkum. Hans magtur mun umsn\u00faast hi\u00f0 innra \u00ed kvi\u00f0num \u00fat \u00ed n\u00f6\u00f0rugall. \u00dea\u00f0 g\u00f3ss hann hefur \u00ed sig gleypt, \u00fev\u00ed mun hann \u00fatsp\u00fdja aftur og Gu\u00f0 mun \u00fatsteyta \u00fea\u00f0 \u00far hans kvi\u00f0i. Hann mun <span class=\"athugasemd\" title=\"b \/ (Sj\u00faga) \/ \u00dea\u00f0 er, hann mun dau\u00f0lega hjartans sorg og h\u00f6rmung l\u00ed\u00f0a og \u00f6llu g\u00f3\u00f0u sviptur\">[<\/span> sj\u00faga n\u00f6\u00f0runnar gall og h\u00f6ggormsins tunga mun drepa hann. Hann mun ekki sj\u00e1 \u00feau v\u00f6tnin n\u00e9 \u00fe\u00e1 vatsl\u00e6kina sem fram flj\u00f3ta me\u00f0 smj\u00f6ri og hunangi. Hann mun erfi\u00f0a og nj\u00f3ta \u00feess ekki og a\u00f0rir skulu eignast hans au\u00f0\u00e6fi svo a\u00f0 hann gle\u00f0jist ekki \u00fear vi\u00f0. \u00dev\u00ed a\u00f0 hann ni\u00f0ur\u00ferykkti og yfirgaf hinn f\u00e1t\u00e6ka, hann dr\u00f3 \u00feau h\u00fas undir sig sem hann bygg\u00f0i ekki. \u00dev\u00ed a\u00f0 hans b\u00fakur kunni ekki saddur a\u00f0 ver\u00f0a, hann mun og sl\u00edkt ekki umfl\u00fai\u00f0 geta fyrir sinna kostulegra au\u00f0\u00e6fa sakir. \u00dear mun og ekkert neitt eftir bl\u00edfa af hans matarn\u00e6gtum, \u00fear fyrir mun hans kr\u00e6sigur lifna\u00f0ur \u00f6ngvan sta\u00f0 hafa. En \u00fe\u00f3 hann hafi alls kyns yfirgn\u00e6fanlegar n\u00e6gtir \u00fe\u00e1 mun \u00fe\u00f3 honum erfitt veita, allsh\u00e1ttu\u00f0 arm\u00e6\u00f0a mun yfir hann koma.<\/p>\n<p>\tHans b\u00fakur mun enn eitt sinn fullur ver\u00f0a og hann mun senda s\u00edna hefndarrei\u00f0i yfir hann, hann mun l\u00e1ta rigna sinn \u00f3fri\u00f0 yfir hann. Fyrir j\u00e1rnharneskinu mun hann fl\u00fdja og s\u00e1 st\u00e1lboginn mun forjaga hann. \u00dear mun eitt naki\u00f0 sver\u00f0 ganga \u00ed gegnum hann og sver\u00f0sins leiftran sem honum mun beiskleg bl\u00edfa mun me\u00f0 skelfingu yfir hann koma. \u00dear er ekki neitt \u00fea\u00f0 myrkur sem honum kunni a\u00f0 sk\u00fdla, s\u00e1 eldur sem \u00fear er ekki <span class=\"athugasemd\" title=\"c \/ (Uppkveiktur) \/ \u00dea\u00f0 er, einn eldur af Gu\u00f0i upptendra\u00f0ur en ekki af m\u00f6nnum\">[<\/span> uppkveiktur mun forey\u00f0a honum og \u00fea\u00f0 mun \u00feeim illa vegna sem eftir or\u00f0inn er \u00ed hans heimili. Himinninn mun opinbera hans misgj\u00f6rninga og j\u00f6r\u00f0in mun uppsetja sig \u00ed m\u00f3ti honum. Hans b\u00f6rn munu \u00ed burt flytjast af hans heimili og \u00fatdreifast \u00e1 hans rei\u00f0innar degi. \u00deetta eru launin eins \u00f3gu\u00f0r\u00e6kins manns hj\u00e1 Gu\u00f0i og arftakan hans or\u00f0a hj\u00e1 Gu\u00f0i.&#8220;<\/p>\n","protected":false},"excerpt":{"rendered":"<p>XX. \u00de\u00e1 svara\u00f0i S\u00f3far af Naema og sag\u00f0i: [ &#8222;Eg hl\u00fdt \u00fear til a\u00f0 svara og kann ekki a\u00f0 b\u00ed\u00f0a vi\u00f0. So vil eg og gjarnan heyra hver mig skal straffa og segja \u00fear \u00e1 m\u00f3t \u00fev\u00ed a\u00f0 skilningur m\u00edns anda skal forsvara mig. Veist \u00fe\u00fa ekki a\u00f0 \u00fea\u00f0 hefur svo alla t\u00edma til gengi\u00f0 svo lengi sem \u00fear hafa menn veri\u00f0 \u00e1 jar\u00f0r\u00edki? \u00dea\u00f0 fr\u00e6g\u00f0in hins \u00f3gu\u00f0lega stendur ekki lengi og \u00fea\u00f0 hr\u00e6snarans gla\u00f0l\u00e6ti varir eitt augabrag\u00f0. Og \u00fe\u00f3 a\u00f0 hans h\u00e6\u00f0 taki allt upp \u00ed himininn og hans h\u00f6fu\u00f0 \u00fea\u00f0 k\u00e6mi vi\u00f0 sk\u00fdin \u00fe\u00e1 fyrirferst hann \u00fe\u00f3 a\u00f0 <a href=\"https:\/\/biblian.is\/gudbrandsbiblia\/jobsbok-20-kafli\/\"> [&#8230;]<\/a><\/p>\n","protected":false},"author":1,"featured_media":0,"parent":0,"menu_order":0,"comment_status":"open","ping_status":"open","template":"bibliukaflar.php","meta":{"footnotes":""},"class_list":["post-3149","page","type-page","status-publish","hentry"],"_links":{"self":[{"href":"https:\/\/biblian.is\/gudbrandsbiblia\/wp-json\/wp\/v2\/pages\/3149","targetHints":{"allow":["GET"]}}],"collection":[{"href":"https:\/\/biblian.is\/gudbrandsbiblia\/wp-json\/wp\/v2\/pages"}],"about":[{"href":"https:\/\/biblian.is\/gudbrandsbiblia\/wp-json\/wp\/v2\/types\/page"}],"author":[{"embeddable":true,"href":"https:\/\/biblian.is\/gudbrandsbiblia\/wp-json\/wp\/v2\/users\/1"}],"replies":[{"embeddable":true,"href":"https:\/\/biblian.is\/gudbrandsbiblia\/wp-json\/wp\/v2\/comments?post=3149"}],"version-history":[{"count":0,"href":"https:\/\/biblian.is\/gudbrandsbiblia\/wp-json\/wp\/v2\/pages\/3149\/revisions"}],"wp:attachment":[{"href":"https:\/\/biblian.is\/gudbrandsbiblia\/wp-json\/wp\/v2\/media?parent=3149"}],"curies":[{"name":"wp","href":"https:\/\/api.w.org\/{rel}","templated":true}]}}