{"id":3139,"date":"2017-12-18T18:32:46","date_gmt":"2017-12-18T18:32:46","guid":{"rendered":"http:\/\/biblian.is\/gudbrandsbiblia\/jobsbok-10-kafli\/"},"modified":"2017-12-18T18:32:46","modified_gmt":"2017-12-18T18:32:46","slug":"jobsbok-10-kafli","status":"publish","type":"page","link":"https:\/\/biblian.is\/gudbrandsbiblia\/jobsbok-10-kafli\/","title":{"rendered":"Jobsb\u00f3k 10. kafli"},"content":{"rendered":"<p>X.<\/p>\n<p>Minni s\u00e1l lei\u00f0ist a\u00f0 lifa, eg vil l\u00e1ta m\u00edna sorg framl\u00ed\u00f0a hj\u00e1 m\u00e9r og tala um harmkv\u00e6li minnar s\u00e1lar og segja til Gu\u00f0s: Ford\u00e6m mig ekki, l\u00e1t \u00fe\u00fa mig vita hvar fyrir a\u00f0 \u00fe\u00fa \u00fer\u00e1ttar vi\u00f0 mig. L\u00edkar \u00fe\u00e9r \u00fea\u00f0 a\u00f0 \u00fe\u00fa gj\u00f6rir ofurvald og \u00ed burt kastar m\u00e9r? \u00deeim sem \u00fe\u00ednar hendur hafa skapa\u00f0 og gj\u00f6ra svo r\u00e1\u00f0i\u00f0 hinna \u00f3mildu til vegsemdar? Hvert hefur \u00fe\u00fa einnin l\u00edkamleg augu e\u00f0a s\u00e9r \u00fe\u00fa svo sem ma\u00f0urinn s\u00e9r? e\u00f0a er \u00fe\u00edn t\u00ed\u00f0 svo sem mannsins t\u00ed\u00f0 e\u00f0a \u00fe\u00edn \u00e1r so sem mannsins \u00e1rtala a\u00f0 \u00fe\u00fa spyrjir \u00fev\u00ed eftir m\u00ednum misgj\u00f6rning og leitir eftir m\u00ednum syndum \u00fear \u00fe\u00fa veist \u00fe\u00f3 a\u00f0 eg er ekki \u00f3gu\u00f0legur? \u00dev\u00ed \u00fear er \u00fe\u00f3 enginn sem kunni a\u00f0 frelsa af sinni hendi.<\/p>\n<p>\t\u00de\u00ednar hendur hafa samansett mig og gj\u00f6rt \u00fea\u00f0 allt saman hva\u00f0 eg er <span class=\"athugasemd\" title=\"a \/ Ekkert er \u00e1 m\u00e9r \u00fea\u00f0 \u00fe\u00fa hefur ekki skapa\u00f0 og \u00fe\u00f3 kastar \u00fe\u00fa m\u00e9r burt so sem a\u00f0 hef\u00f0i annar skapa\u00f0 mig \u00f6fundarma\u00f0ur e\u00f0a \u00f3vinur \u00feinn. Svo hefur \u00fe\u00fa \u00f6ldungis \u00f6ngva umhyggju fyri \u00fev\u00ed sem \u00feitt er\">[<\/span> allt um kring. Og \u00fe\u00fa ni\u00f0urs\u00f6kkvir m\u00e9r svo me\u00f0 \u00f6llu. Minnst \u00fe\u00fa \u00fe\u00f3 \u00feess a\u00f0 \u00fe\u00fa gj\u00f6r\u00f0ir mig af jar\u00f0arleiri og \u00fea\u00f0 a\u00f0 \u00fe\u00fa munt gj\u00f6ra mig aftur af jar\u00f0ardufti. Hefur \u00fe\u00fa ekki mj\u00f3lka\u00f0 mig sem a\u00f0ra mj\u00f3lk og hleypt m\u00e9r til samans sem \u00f6\u00f0rum osti? \u00de\u00fa \u00edkl\u00e6ddir mig me\u00f0 holdi og h\u00f6rundi og me\u00f0 beinum og sinum samsettir \u00fe\u00fa mig. L\u00edfi\u00f0 og margt gott anna\u00f0 gafst \u00fe\u00fa m\u00e9r og \u00fe\u00edn yfirsj\u00f3n var\u00f0veitti minn <span class=\"athugasemd\" title=\"b \/ (Andardr\u00e1tt) \/ \u00dea\u00f0 er, l\u00edfi\u00f0\">[<\/span> andardr\u00e1tt. En \u00fe\u00f3 a\u00f0 \u00fe\u00fa var\u00f0veittir sl\u00edkt \u00ed hjarta \u00fe\u00ednu \u00fe\u00e1 veit eg \u00fe\u00f3 a\u00f0 \u00fe\u00fa hugsar \u00fea\u00f0 samt. N\u00e6r eg syndgast \u00fe\u00e1 formerkir \u00fe\u00fa \u00fea\u00f0 jafnsnart og l\u00e6tur m\u00edna synd ekki \u00f3straffa\u00f0a. S\u00e9 eg \u00f3gu\u00f0legur svo er m\u00e9r vei, s\u00e9 eg r\u00e9ttfer\u00f0ugur \u00fe\u00e1 \u00feori eg ekki a\u00f0 upplyfta m\u00ednu h\u00f6f\u00f0i, eg sem er fullur af forsm\u00e1n og s\u00e9 m\u00edna eymdar ves\u00f6ld. Og l\u00edka sem anna\u00f0 \u00f6ruggt le\u00f3n \u00fe\u00e1 jagar \u00fe\u00fa mig og handt\u00e9rar svo hr\u00e6\u00f0ilega aftur vi\u00f0 mig. \u00de\u00fa endurn\u00fdjar \u00fe\u00edn vitni \u00e1 m\u00f3ti m\u00e9r og margfaldar \u00fe\u00edna rei\u00f0i \u00ed gegn m\u00e9r. Hver pl\u00e1gan kemur eftir a\u00f0ra samfleytt.<\/p>\n<p>\tHvar fyrir \u00fatleiddir \u00fe\u00fa mig af m\u00f3\u00f0urkvi\u00f0? \u00d3h\u00f3, hef\u00f0a eg fyrirfarist og a\u00f0 aldrei hef\u00f0i neitt auga mig s\u00e9\u00f0! \u00de\u00e1 v\u00e6ra eg sem \u00feeir er aldrei voru neinir og \u00ed burt fluttur fr\u00e1 minnar m\u00f3\u00f0ur kvi\u00f0i til grafarinnar! Skulu m\u00ednir l\u00edfdagar stuttir ekki f\u00e1 enda og mig fara l\u00e1ta a\u00f0 eg yr\u00f0a svo nokku\u00f0 l\u00edti\u00f0 endurn\u00e6r\u00f0ur? Fyrr en a\u00f0 eg fari \u00ed burt og kem eigi aftur, sem er \u00ed land myrkursins og dimmunnar, \u00ed \u00fea\u00f0 land sem er \u00fea\u00f0 \u00feykkva myrkri\u00f0 og \u00fear engin skipan er \u00e1, \u00fear e\u00f0 \u00fea\u00f0 sk\u00edn svo sem dimma.&#8220;<\/p>\n","protected":false},"excerpt":{"rendered":"<p>X. Minni s\u00e1l lei\u00f0ist a\u00f0 lifa, eg vil l\u00e1ta m\u00edna sorg framl\u00ed\u00f0a hj\u00e1 m\u00e9r og tala um harmkv\u00e6li minnar s\u00e1lar og segja til Gu\u00f0s: Ford\u00e6m mig ekki, l\u00e1t \u00fe\u00fa mig vita hvar fyrir a\u00f0 \u00fe\u00fa \u00fer\u00e1ttar vi\u00f0 mig. L\u00edkar \u00fe\u00e9r \u00fea\u00f0 a\u00f0 \u00fe\u00fa gj\u00f6rir ofurvald og \u00ed burt kastar m\u00e9r? \u00deeim sem \u00fe\u00ednar hendur hafa skapa\u00f0 og gj\u00f6ra svo r\u00e1\u00f0i\u00f0 hinna \u00f3mildu til vegsemdar? Hvert hefur \u00fe\u00fa einnin l\u00edkamleg augu e\u00f0a s\u00e9r \u00fe\u00fa svo sem ma\u00f0urinn s\u00e9r? e\u00f0a er \u00fe\u00edn t\u00ed\u00f0 svo sem mannsins t\u00ed\u00f0 e\u00f0a \u00fe\u00edn \u00e1r so sem mannsins \u00e1rtala a\u00f0 \u00fe\u00fa spyrjir \u00fev\u00ed eftir m\u00ednum misgj\u00f6rning og <a href=\"https:\/\/biblian.is\/gudbrandsbiblia\/jobsbok-10-kafli\/\"> [&#8230;]<\/a><\/p>\n","protected":false},"author":1,"featured_media":0,"parent":0,"menu_order":0,"comment_status":"open","ping_status":"open","template":"bibliukaflar.php","meta":{"footnotes":""},"class_list":["post-3139","page","type-page","status-publish","hentry"],"_links":{"self":[{"href":"https:\/\/biblian.is\/gudbrandsbiblia\/wp-json\/wp\/v2\/pages\/3139","targetHints":{"allow":["GET"]}}],"collection":[{"href":"https:\/\/biblian.is\/gudbrandsbiblia\/wp-json\/wp\/v2\/pages"}],"about":[{"href":"https:\/\/biblian.is\/gudbrandsbiblia\/wp-json\/wp\/v2\/types\/page"}],"author":[{"embeddable":true,"href":"https:\/\/biblian.is\/gudbrandsbiblia\/wp-json\/wp\/v2\/users\/1"}],"replies":[{"embeddable":true,"href":"https:\/\/biblian.is\/gudbrandsbiblia\/wp-json\/wp\/v2\/comments?post=3139"}],"version-history":[{"count":0,"href":"https:\/\/biblian.is\/gudbrandsbiblia\/wp-json\/wp\/v2\/pages\/3139\/revisions"}],"wp:attachment":[{"href":"https:\/\/biblian.is\/gudbrandsbiblia\/wp-json\/wp\/v2\/media?parent=3139"}],"curies":[{"name":"wp","href":"https:\/\/api.w.org\/{rel}","templated":true}]}}