{"id":3135,"date":"2017-12-18T18:32:46","date_gmt":"2017-12-18T18:32:46","guid":{"rendered":"http:\/\/biblian.is\/gudbrandsbiblia\/jobsbok-6-kafli\/"},"modified":"2017-12-18T18:32:46","modified_gmt":"2017-12-18T18:32:46","slug":"jobsbok-6-kafli","status":"publish","type":"page","link":"https:\/\/biblian.is\/gudbrandsbiblia\/jobsbok-6-kafli\/","title":{"rendered":"Jobsb\u00f3k 6. kafli"},"content":{"rendered":"<p>VI.<\/p>\n<p>Job svara\u00f0i og sag\u00f0i: &#8222;\u00dear sem ma\u00f0ur vildi vega eymd m\u00edna og leggja m\u00edna p\u00ednu til samans \u00ed eina metask\u00e1l \u00fe\u00e1 v\u00e6ri \u00fea\u00f0 \u00feyngra en sandurinn \u00ed sj\u00f3num. \u00dear fyrir er \u00fea\u00f0 til \u00f3n\u00fdtis hva\u00f0 eg tala. \u00dev\u00ed a\u00f0 skeytin Hins alm\u00e1ttuga standa \u00ed m\u00e9r og \u00feeirra grimmd \u00fats\u00fdgur minn anda og Gu\u00f0s hrellingar str\u00ed\u00f0a \u00e1 mig. Sk\u00f3gd\u00fdrin <span class=\"athugasemd\" title=\"a \/ (Rymja) \/ Meiningin er, y\u00f0ur er h\u00e6gt a\u00f0 \u00e1minna og hugga mig, y\u00f0ur sakar ekki par\">[<\/span> rymja ekki n\u00e6r \u00feau hafa grasi\u00f0 og nauti\u00f0 beljar ekki n\u00e6r \u00fea\u00f0 hefur sitt f\u00f3\u00f0ur. Kann ma\u00f0urinn a\u00f0 eta \u00fea\u00f0 sem vansalta\u00f0 er? E\u00f0a hver getur smakka\u00f0 \u00fea\u00f0 hv\u00edta sem utan um bl\u00f3mstri\u00f0 er? Hva\u00f0 m\u00edn s\u00e1l vildi \u00e1\u00f0ur ekki hr\u00e6ra \u00fea\u00f0 sama er n\u00fa \u00fat af angist m\u00edn f\u00e6\u00f0a. \u00d3h\u00f3, \u00fea\u00f0 m\u00edn b\u00e6n m\u00e6tti ske og Gu\u00f0 hann g\u00e6fi m\u00e9r \u00fea\u00f0 eg vona eftir! \u00dea\u00f0 Gu\u00f0 hann t\u00e6ki til a\u00f0 berja m\u00e9r ni\u00f0ur og l\u00e9ti s\u00edna h\u00f6nd ganga til a\u00f0 sundurskipta m\u00e9r! \u00de\u00e1 hef\u00f0a eg enn hugsvalan og eg vilda \u00fear um bi\u00f0ja \u00ed m\u00ednu krankd\u00e6mi a\u00f0 hann v\u00e6g\u00f0i ei. Eg hefi \u00fe\u00f3 ekki <span class=\"athugasemd\" title=\"b \/ (\u00e1 m\u00f3ti) \/ \u00dea\u00f0 er, eg hefi ekki for\u00fe\u00e9na\u00f0 sl\u00edka pl\u00e1gu. Gu\u00f0 gefi eg v\u00e6ri dau\u00f0ur\">[<\/span> \u00e1 m\u00f3ti tala\u00f0 or\u00f0r\u00e6\u00f0u Hins heilaga.<\/p>\n<p>\tHver er minn kraftur so \u00fea\u00f0 eg kunni sta\u00f0fastur a\u00f0 bl\u00edfa og hver er m\u00edn endatekt \u00fea\u00f0 m\u00edn s\u00e1l muni \u00feolinm\u00f3\u00f0 vera? Minn kraftur er ekki af steinum og mitt hold er ekki kopar. Eg hefi og hvergi neina hj\u00e1lp og m\u00edn kallmennska er \u00ed burtu. Hver sem afsegir miskunnsemina s\u00ednum n\u00e1unga hann yfirgefur \u00f3ttann Hins alm\u00e1ttuga. <span class=\"athugasemd\" title=\"Miskunnarverkin a\u00f0 fremja\">[<\/span> M\u00ednir br\u00e6\u00f0ur ganga fyrirlitlega framhj\u00e1 m\u00e9r sem annar rennandi l\u00e6kur, l\u00edka sem a\u00f0rar vatsgrafir \u00fe\u00e6r e\u00f0 framhj\u00e1 flj\u00f3ta. \u00deeir sem for\u00f0ast hr\u00edmfrosti\u00f0, yfir \u00fe\u00e1 mun snj\u00f3rinn falla. \u00c1 \u00feeim t\u00edma \u00feegar \u00ferengir a\u00f0 \u00feeim hitinn mun \u00fe\u00e1 \u00f3m\u00e6tta upp og n\u00e6r \u00feeira taka a\u00f0 hitna munu \u00feeir forganga \u00fat af s\u00ednum st\u00f6\u00f0um. \u00deeirra vegur liggur afs\u00ed\u00f0is \u00fat af, \u00feeir ganga \u00ed \u00fe\u00e1 \u00f3veguna og fyrirfarast.<\/p>\n<p>\t\u00deeir horfa \u00e1 \u00feann veginn til <span class=\"athugasemd\" title=\"c \/ \u00deeir forsvara \u00fe\u00e1 sem r\u00e6nt hafa minni eign, sem \u00fear stendur \u00ed fyrsta kap. \u00deeir halda me\u00f0 \u00feeim en \u00e1v\u00edta mig\">[<\/span> Tema og hyggja a\u00f0 \u00feeim veginum til Arabia. En \u00feeir munu til skammar ver\u00f0a n\u00e6r \u00fea\u00f0 er sem allra \u00f6ruggast og skammast s\u00edn n\u00e6r e\u00f0 \u00feeir koma \u00feanga\u00f0. \u00dev\u00ed a\u00f0 \u00fe\u00e9r eru\u00f0 n\u00fa komnir til m\u00edn og me\u00f0 \u00fev\u00ed \u00fe\u00e9r sj\u00e1i\u00f0 ves\u00f6ldina \u00fe\u00e1 uggi\u00f0 \u00fe\u00e9r um y\u00f0ur. Hefi eg nokku\u00f0 sagt: F\u00e6ri\u00f0 hinga\u00f0 og skenki\u00f0 m\u00e9r nokku\u00f0 af y\u00f0rum eignum og leysi\u00f0 mig af hendi \u00f3vinarins og frelsi\u00f0 mig af valdi v\u00edkingsins? Kenni\u00f0 m\u00e9r, eg vil \u00feegja og lei\u00f0r\u00e9tti\u00f0 um \u00fea\u00f0 eg veit ekki. \u00dev\u00ed finni \u00fe\u00e9r a\u00f0 r\u00e9ttu m\u00e1li? Hver er s\u00e1 y\u00f0ar \u00e1 milli a\u00f0 a\u00f0 \u00fev\u00ed kunni a\u00f0 finna? \u00de\u00e9r uppdikti\u00f0 or\u00f0 ekki til annars en a\u00f0 straffa mig og mitt hugskot me\u00f0 afaror\u00f0um a\u00f0 skelfa. \u00de\u00e9r yfirgang veiti\u00f0 f\u00e1t\u00e6kum f\u00f6\u00f0urleysingja og grafi\u00f0 gr\u00f6f y\u00f0rum vin. \u00de\u00f3 fyrst \u00fe\u00e9r hafi\u00f0 \u00feetta svo uppteki\u00f0 \u00fe\u00e1 hyggi\u00f0 a\u00f0 m\u00e9r hvert eg kann me\u00f0 lygim\u00e6li a\u00f0 standast fyrir y\u00f0ur. Svari\u00f0 \u00fev\u00ed til hva\u00f0 r\u00e9tt er, mitt andsvar skal enn vera r\u00e9tt. Hva\u00f0 gildir a\u00f0 m\u00edn tunga hefur ekki \u00f3satt og minn munnur hann segir engin rangindi.<\/p>\n","protected":false},"excerpt":{"rendered":"<p>VI. Job svara\u00f0i og sag\u00f0i: &#8222;\u00dear sem ma\u00f0ur vildi vega eymd m\u00edna og leggja m\u00edna p\u00ednu til samans \u00ed eina metask\u00e1l \u00fe\u00e1 v\u00e6ri \u00fea\u00f0 \u00feyngra en sandurinn \u00ed sj\u00f3num. \u00dear fyrir er \u00fea\u00f0 til \u00f3n\u00fdtis hva\u00f0 eg tala. \u00dev\u00ed a\u00f0 skeytin Hins alm\u00e1ttuga standa \u00ed m\u00e9r og \u00feeirra grimmd \u00fats\u00fdgur minn anda og Gu\u00f0s hrellingar str\u00ed\u00f0a \u00e1 mig. Sk\u00f3gd\u00fdrin [ rymja ekki n\u00e6r \u00feau hafa grasi\u00f0 og nauti\u00f0 beljar ekki n\u00e6r \u00fea\u00f0 hefur sitt f\u00f3\u00f0ur. Kann ma\u00f0urinn a\u00f0 eta \u00fea\u00f0 sem vansalta\u00f0 er? E\u00f0a hver getur smakka\u00f0 \u00fea\u00f0 hv\u00edta sem utan um bl\u00f3mstri\u00f0 er? Hva\u00f0 m\u00edn s\u00e1l vildi \u00e1\u00f0ur ekki <a href=\"https:\/\/biblian.is\/gudbrandsbiblia\/jobsbok-6-kafli\/\"> [&#8230;]<\/a><\/p>\n","protected":false},"author":1,"featured_media":0,"parent":0,"menu_order":0,"comment_status":"open","ping_status":"open","template":"bibliukaflar.php","meta":{"footnotes":""},"class_list":["post-3135","page","type-page","status-publish","hentry"],"_links":{"self":[{"href":"https:\/\/biblian.is\/gudbrandsbiblia\/wp-json\/wp\/v2\/pages\/3135","targetHints":{"allow":["GET"]}}],"collection":[{"href":"https:\/\/biblian.is\/gudbrandsbiblia\/wp-json\/wp\/v2\/pages"}],"about":[{"href":"https:\/\/biblian.is\/gudbrandsbiblia\/wp-json\/wp\/v2\/types\/page"}],"author":[{"embeddable":true,"href":"https:\/\/biblian.is\/gudbrandsbiblia\/wp-json\/wp\/v2\/users\/1"}],"replies":[{"embeddable":true,"href":"https:\/\/biblian.is\/gudbrandsbiblia\/wp-json\/wp\/v2\/comments?post=3135"}],"version-history":[{"count":0,"href":"https:\/\/biblian.is\/gudbrandsbiblia\/wp-json\/wp\/v2\/pages\/3135\/revisions"}],"wp:attachment":[{"href":"https:\/\/biblian.is\/gudbrandsbiblia\/wp-json\/wp\/v2\/media?parent=3135"}],"curies":[{"name":"wp","href":"https:\/\/api.w.org\/{rel}","templated":true}]}}