{"id":3131,"date":"2017-12-18T18:32:43","date_gmt":"2017-12-18T18:32:43","guid":{"rendered":"http:\/\/biblian.is\/gudbrandsbiblia\/jobsbok-2-kafli\/"},"modified":"2017-12-18T18:32:43","modified_gmt":"2017-12-18T18:32:43","slug":"jobsbok-2-kafli","status":"publish","type":"page","link":"https:\/\/biblian.is\/gudbrandsbiblia\/jobsbok-2-kafli\/","title":{"rendered":"Jobsb\u00f3k 2. kafli"},"content":{"rendered":"<p>II.<\/p>\n<p>\u00dea\u00f0 ske\u00f0i \u00e1 degi nokkrum \u00fe\u00e1 e\u00f0 Gu\u00f0s b\u00f6rn komu og st\u00f3\u00f0u fyrir Drottni, \u00fe\u00e1 kom Satan \u00e1 me\u00f0al \u00feeirra og gekk fram fyrir Drottin. \u00de\u00e1 sag\u00f0i Drottinn til Satan: &#8222;Hva\u00f0an komst \u00fe\u00fa?&#8220; Satan svara\u00f0i Drottni og sag\u00f0i: &#8222;Eg hefi gengi\u00f0 \u00ed kringum j\u00f6r\u00f0ina og fari\u00f0 um hana.&#8220; Drottinn sag\u00f0i til Satan: &#8222;Hefur \u00fe\u00fa ekki gefi\u00f0 g\u00e6tur a\u00f0 m\u00ednum \u00fe\u00e9nara Job? \u00dev\u00ed a\u00f0 hans l\u00edki er ekki \u00e1 j\u00f6r\u00f0u, einfaldur, r\u00e9ttl\u00e1tur, gu\u00f0hr\u00e6ddur og for\u00f0ast hi\u00f0 vonda, haldandi enn fast gu\u00f0r\u00e6kni sinni. En \u00fe\u00fa hefur komi\u00f0 m\u00e9r til a\u00f0 eg hef fordjarfa\u00f0 hann fyrir sakleysi.&#8220;<\/p>\n<p>\tSatan svara\u00f0i Drottni og sag\u00f0i: <span class=\"athugasemd\" title=\"a \/ (H\u00fa\u00f0) \/ \u00dea\u00f0 er, hann l\u00e6tur fara b\u00f6rn og b\u00fasmala og \u00fe\u00e9nara fyrir s\u00edna h\u00fa\u00f0 sj\u00e1lfs\">[<\/span> &#8222;H\u00fa\u00f0 fyrir h\u00fa\u00f0 og allt hva\u00f0 ma\u00f0urinn hefur til, \u00fe\u00e1 gefur hann fyrir l\u00edf sitt. En r\u00e9ttu \u00fe\u00edna h\u00f6nd \u00fat og hr\u00e6r hans hold og bein, \u00fe\u00e1 munt \u00fe\u00fa sj\u00e1 a\u00f0 hann mun velsigna \u00feig undir augun.&#8220; Drottinn sag\u00f0i til Satans: &#8222;Sj\u00e1 \u00fe\u00fa, hann er \u00ed \u00feinni hendi. En \u00fe\u00fa skalt \u00fe\u00f3 \u00feyrma hans l\u00edfi.&#8220;<\/p>\n<p>\t\u00de\u00e1 gekk Satan \u00fat fr\u00e1 augliti Drottins og sl\u00f3 Job me\u00f0 \u00feeim vestu s\u00e1rum, fr\u00e1 hans hvirfli og allt til ilja. Og hann t\u00f3k eina skel og sk\u00f3f sig me\u00f0, sitjandi \u00ed \u00f6sku. Og hans h\u00fasfreyja sag\u00f0i til hans: &#8222;Ert \u00fe\u00fa enn sta\u00f0fastur vi\u00f0 \u00fe\u00edna gu\u00f0r\u00e6kni? <span class=\"athugasemd\" title=\"b \/ (Blessa) \/ H\u00fan vill so miki\u00f0 sagt hafa: Kostulega lofar \u00fe\u00fa Gu\u00f0 og d\u00fdrkar en \u00fe\u00fa glatast \u00fe\u00f3 samt\">[<\/span> Blessa \u00fe\u00fa Gu\u00f0 og far a\u00f0 deyja.&#8220; Og hann sag\u00f0i til hennar: &#8222;\u00de\u00fa talar sem hinar f\u00e1v\u00edsu kvinnur. Fyrst v\u00e9r h\u00f6fum me\u00f0teki\u00f0 hi\u00f0 g\u00f3\u00f0a af Drottni, hvar fyrir skulum v\u00e9r \u00fe\u00e1 og ekki einnin l\u00edka me\u00f0taka hi\u00f0 vonda?&#8220; \u00cd \u00f6llu \u00feessu \u00fe\u00e1 syndga\u00f0i ekki Job me\u00f0 s\u00ednum v\u00f6rum.<\/p>\n<p>\tEn \u00fe\u00e1 \u00feeir \u00fer\u00edr vinir Jobs heyr\u00f0u alla \u00fe\u00e1 hluti sem yfir hann h\u00f6f\u00f0u komi\u00f0 komu \u00feeir hver af s\u00ednum sta\u00f0, El\u00edfas af Teman, Bildad af S\u00faa og S\u00f3far af Naema, \u00fev\u00ed a\u00f0 \u00feeir h\u00f6f\u00f0u samm\u00e6lt me\u00f0 s\u00e9r a\u00f0 \u00feeir vildu koma og samp\u00ednast honum og a\u00f0 hugga hann. <span class=\"athugasemd\" title=\"El\u00edfas \/ Bildad \/ S\u00f3far\">[<\/span> Og \u00fe\u00e1 \u00feeir upplyftu s\u00ednum augum \u00e1lengdar \u00feekktu \u00feeir hann ekki. Og \u00feeir h\u00f3fu upp hlj\u00f3\u00f0 og t\u00f3ku a\u00f0 gr\u00e1ta og hver \u00feeirra sundurreif s\u00edn kl\u00e6\u00f0i og j\u00f3s \u00ed lofti\u00f0 moldu yfir h\u00f6fu\u00f0 s\u00e9r. Og \u00feeir s\u00e1tu \u00e1 j\u00f6r\u00f0u me\u00f0 honum sj\u00f6 daga og sj\u00f6 n\u00e6tur og \u00feeir t\u00f6lu\u00f0u ekki neitt vi\u00f0 hann \u00fev\u00ed a\u00f0 \u00feeir s\u00e1u a\u00f0 hans h\u00f6rmung var harla mikil.<\/p>\n","protected":false},"excerpt":{"rendered":"<p>II. \u00dea\u00f0 ske\u00f0i \u00e1 degi nokkrum \u00fe\u00e1 e\u00f0 Gu\u00f0s b\u00f6rn komu og st\u00f3\u00f0u fyrir Drottni, \u00fe\u00e1 kom Satan \u00e1 me\u00f0al \u00feeirra og gekk fram fyrir Drottin. \u00de\u00e1 sag\u00f0i Drottinn til Satan: &#8222;Hva\u00f0an komst \u00fe\u00fa?&#8220; Satan svara\u00f0i Drottni og sag\u00f0i: &#8222;Eg hefi gengi\u00f0 \u00ed kringum j\u00f6r\u00f0ina og fari\u00f0 um hana.&#8220; Drottinn sag\u00f0i til Satan: &#8222;Hefur \u00fe\u00fa ekki gefi\u00f0 g\u00e6tur a\u00f0 m\u00ednum \u00fe\u00e9nara Job? \u00dev\u00ed a\u00f0 hans l\u00edki er ekki \u00e1 j\u00f6r\u00f0u, einfaldur, r\u00e9ttl\u00e1tur, gu\u00f0hr\u00e6ddur og for\u00f0ast hi\u00f0 vonda, haldandi enn fast gu\u00f0r\u00e6kni sinni. En \u00fe\u00fa hefur komi\u00f0 m\u00e9r til a\u00f0 eg hef fordjarfa\u00f0 hann fyrir sakleysi.&#8220; Satan svara\u00f0i Drottni og sag\u00f0i: <a href=\"https:\/\/biblian.is\/gudbrandsbiblia\/jobsbok-2-kafli\/\"> [&#8230;]<\/a><\/p>\n","protected":false},"author":1,"featured_media":0,"parent":0,"menu_order":0,"comment_status":"open","ping_status":"open","template":"bibliukaflar.php","meta":{"footnotes":""},"class_list":["post-3131","page","type-page","status-publish","hentry"],"_links":{"self":[{"href":"https:\/\/biblian.is\/gudbrandsbiblia\/wp-json\/wp\/v2\/pages\/3131","targetHints":{"allow":["GET"]}}],"collection":[{"href":"https:\/\/biblian.is\/gudbrandsbiblia\/wp-json\/wp\/v2\/pages"}],"about":[{"href":"https:\/\/biblian.is\/gudbrandsbiblia\/wp-json\/wp\/v2\/types\/page"}],"author":[{"embeddable":true,"href":"https:\/\/biblian.is\/gudbrandsbiblia\/wp-json\/wp\/v2\/users\/1"}],"replies":[{"embeddable":true,"href":"https:\/\/biblian.is\/gudbrandsbiblia\/wp-json\/wp\/v2\/comments?post=3131"}],"version-history":[{"count":0,"href":"https:\/\/biblian.is\/gudbrandsbiblia\/wp-json\/wp\/v2\/pages\/3131\/revisions"}],"wp:attachment":[{"href":"https:\/\/biblian.is\/gudbrandsbiblia\/wp-json\/wp\/v2\/media?parent=3131"}],"curies":[{"name":"wp","href":"https:\/\/api.w.org\/{rel}","templated":true}]}}