{"id":3117,"date":"2017-12-18T18:32:43","date_gmt":"2017-12-18T18:32:43","guid":{"rendered":"http:\/\/biblian.is\/gudbrandsbiblia\/nehemiabok-11-kafli\/"},"modified":"2017-12-18T18:32:43","modified_gmt":"2017-12-18T18:32:43","slug":"nehemiabok-11-kafli","status":"publish","type":"page","link":"https:\/\/biblian.is\/gudbrandsbiblia\/nehemiabok-11-kafli\/","title":{"rendered":"Nehem\u00edab\u00f3k 11. kafli"},"content":{"rendered":"<p>XI.<\/p>\n<p>Og h\u00f6f\u00f0ingjar f\u00f3lksins bjuggu \u00ed Jer\u00fasalem en \u00fea\u00f0 anna\u00f0 f\u00f3lk kasta\u00f0i hlutum \u00fear um a\u00f0 t\u00edundi partur af \u00feeim skyldi fara til Jer\u00fasalem og b\u00faa \u00fear \u00ed \u00feeim heilaga sta\u00f0, hinir ni\u00fa partar \u00ed borgunum. <span class=\"athugasemd\" title=\"H\u00f6f\u00f0ingjar \u00feeir e\u00f0 b\u00faa \u00ed Jer\u00fasalem\">[<\/span> Og alm\u00faginn blessa\u00f0i alla \u00fe\u00e1 menn sem a\u00f0 voru lostuglega viljugir til a\u00f0 b\u00faa \u00ed Jer\u00fasalem.<\/p>\n<p>\t\u00deessir eru landsins h\u00f6f\u00f0ingjar sem bjuggu \u00ed Jer\u00fasalem. En \u00ed borgum J\u00fada bj\u00f3 hver \u00e1 s\u00ednu g\u00f3ssi \u00ed s\u00ednum sta\u00f0, sem var \u00cdsrael, prestarnir, Lev\u00edtarnir, Neth\u00edn\u00edm og synir Salomonis \u00fe\u00e9nara. Og \u00ed Jer\u00fasalem bjuggu nokkrir af sonum J\u00fada og af Benjam\u00edn. <span class=\"athugasemd\" title=\"Hverjir \u00ed Jer\u00fasalem bjuggu eftir heimkomu fr\u00e1 Bab\u00fdlon\">[<\/span> Af sonum J\u00fada: Ataja son \u00das\u00eda, sonar Sakar\u00eda, sonar Amarja, sonar Sefatja, sonar Mahelaleel, af sonum Pares. Maeseja son Bar\u00fak, sonar Kal H\u00f3se, sonar Hasaja, sonar Adaja, sonar J\u00f3jar\u00edb, sonar Sakar\u00eda, sonar Siloni. Allir synir Pares sem bjuggu \u00ed Jer\u00fasalem voru fj\u00f6gur hundru\u00f0 sext\u00edgi og \u00e1tta sterkir menn.<\/p>\n<p>\t\u00deessir eru synir Benjam\u00edn: Sall\u00fa son Mes\u00fallam, sonar J\u00f3ed, sonar Pedaja, sonar K\u00f3laja, sonar Maeseja, sonar \u00cdt\u00edel, sonar Jesaja. Og eftir hann Gaba\u00ed, Salla\u00ed, n\u00edu hundru\u00f0 tuttugu og \u00e1tta. Og J\u00f3el son Sikr\u00ed var \u00feeirra forstandari. Og J\u00fada son Hasm\u00f3a var settur yfir \u00feann annan part sta\u00f0arins.<\/p>\n<p>\tEn af prestunum (bjuggu \u00fear): <span class=\"athugasemd\" title=\"N\u00f6fn presta og Lev\u00edta sem komu fr\u00e1 Bab\u00fdlon\">[<\/span> Jedaja son J\u00f3jar\u00edb, Jak\u00edn, Saraja son Hilk\u00eda, sonar Mes\u00fallam, sonar Sad\u00f3k, sonar Meraj\u00f3t, sonar Ah\u00edt\u00f3b, var h\u00f6f\u00f0ingi \u00ed Gu\u00f0s h\u00fasi. Og hans br\u00e6\u00f0ur sem \u00fej\u00f3nu\u00f0u \u00ed musterinu, \u00feeir voru \u00e1tta hundru\u00f0 tuttugu og tveir. Og Adaja son Jer\u00f3ham, sonar Plal\u00eda, sonar Ams\u00ed, sonar Sakar\u00eda, sonar Pash\u00far, sonar Malk\u00eda. Og hans br\u00e6\u00f0ur voru inu ypustu \u00e1 me\u00f0al fe\u00f0ranna, \u00feeir voru tv\u00f6 hundru\u00f0 fj\u00f6rut\u00edgi og tveir. Og Amassa\u00ed son Asareel, sonar Ah\u00fasa\u00ed, sonar Mesillem\u00f3t, sonar Immer og hans br\u00e6\u00f0ur, miklir magtarmenn, voru hundra\u00f0 tuttugu og \u00e1tta. Og Sabd\u00edel son Ged\u00f3l\u00edm var \u00feeirra h\u00f6f\u00f0ingi.<\/p>\n<p>\tAf Lev\u00edtunum: Semaja son Has\u00fab, sonar Asr\u00edkam, sonar Hasabja, sonar B\u00fann\u00ed og Sabta\u00ed og J\u00f3sabad af Lev\u00edtunum. \u00deessir voru settir yfir alla \u00fe\u00e1 \u00fej\u00f3nustu sem hi\u00f0 ytra var a\u00f0 \u00fej\u00f3na \u00ed Gu\u00f0s h\u00fasi. Og Matanja son M\u00edka, sonar Sabd\u00ed, sonar Assaf, sem var hf\u00f6\u00f0ingi lofs og \u00feakkargj\u00f6r\u00f0ar \u00ed b\u00e6ninni. Og Bakb\u00fak\u00eda s\u00e1 annar \u00e1 me\u00f0al sinna br\u00e6\u00f0ra og Abda, son Samm\u00faa, sonar Galal, sonar Jed\u00edt\u00fan. Allir Lev\u00edtarnir \u00ed \u00feeim helga sta\u00f0 voru tv\u00f6 hundru\u00f0 \u00e1ttat\u00edgi og fj\u00f3rir. En dyraver\u00f0irnir voru Ak\u00fab, Talmon og \u00feeirra br\u00e6\u00f0ur sem t\u00f3ku vara \u00e1 dyrunum hundra\u00f0 sj\u00f6t\u00edgi og tveir. En \u00feeir a\u00f0rir af \u00cdsrael, kennimenn og Lev\u00edtar voru \u00ed \u00f6llum J\u00fadast\u00f6\u00f0um, hver \u00e1 sinni erf\u00f0.<\/p>\n<p>\tOg \u00feeir Neth\u00edn\u00edm sem bjuggu \u00ed \u00d3fel og Gispa \u00feeir voru yfir \u00feeim Neth\u00edn\u00edm. En s\u00e1 hinn yppasti yfir Lev\u00edt\u00f6num var \u00das\u00ed son Ban\u00ed, sonar Hasabja, sonar Matanja, sonar M\u00edka. Af sonum Assaf voru s\u00f6ngvarar til \u00fej\u00f3nustu \u00ed Gu\u00f0s h\u00fasi. \u00dev\u00ed \u00fea\u00f0 var k\u00f3ngsins b\u00edfalning yfir \u00feeim a\u00f0 s\u00f6ngvararnir skyldu tr\u00falega h\u00f6ndla hvern dag svo sem tilheyr\u00f0i. Og Petaja sonur Mesesabeel af sonum Sera, sonar J\u00fada, hann var k\u00f3ngsins b\u00edfalningsma\u00f0ur til allra \u00feeirra gj\u00f6rninga sem f\u00f3lki\u00f0 skyldi gj\u00f6ra.<\/p>\n<p>\tOg synir J\u00fada sem voru hi\u00f0 ytra \u00ed \u00feorpum og b\u00fdjum \u00ed \u00feeirra landi, \u00feeir bjuggu nokkrir \u00ed borg Kirjat Arba og hennar d\u00e6trum og \u00ed D\u00edbon og hennar d\u00e6trum og \u00ed Kapseel og \u00ed hennar \u00feorpum og \u00ed Jes\u00faa, M\u00f3lada, Bet Palet, Hasar S\u00faal, Berseba og hennar d\u00e6trum, \u00ed Siklag og M\u00f3k\u00f3na og hennar d\u00e6trum, \u00ed En Rimmon, Sarega, Jerem\u00fat, San\u00f3a, Ad\u00fallam og \u00feeirra \u00feorpum, \u00ed Lak\u00eds og hennar h\u00e9ru\u00f0um, Aseka og hennar d\u00e6trum. Og \u00feeir reistu bygg\u00f0ir fr\u00e1 Berseba og allt til dalsins Hinnom.<\/p>\n<p>\tEn synir Benjam\u00edn af Gaba bjuggu \u00ed Mikmas, Aja, Betel og hennar d\u00e6trum og \u00ed Anat\u00f3t, N\u00f3b, Ananja, Has\u00f3r, Rama, Gita\u00edm, Had\u00edd, S\u00edb\u00f3\u00edm, Neballat, L\u00f3d, \u00d3n\u00f3, \u00ed \u00feeim Smi\u00f0adal. Og nokkrir Lev\u00edtarnir sem h\u00f6f\u00f0u part \u00ed J\u00fada bjuggu \u00e1 me\u00f0al Benjam\u00edn.<\/p>\n","protected":false},"excerpt":{"rendered":"<p>XI. Og h\u00f6f\u00f0ingjar f\u00f3lksins bjuggu \u00ed Jer\u00fasalem en \u00fea\u00f0 anna\u00f0 f\u00f3lk kasta\u00f0i hlutum \u00fear um a\u00f0 t\u00edundi partur af \u00feeim skyldi fara til Jer\u00fasalem og b\u00faa \u00fear \u00ed \u00feeim heilaga sta\u00f0, hinir ni\u00fa partar \u00ed borgunum. [ Og alm\u00faginn blessa\u00f0i alla \u00fe\u00e1 menn sem a\u00f0 voru lostuglega viljugir til a\u00f0 b\u00faa \u00ed Jer\u00fasalem. \u00deessir eru landsins h\u00f6f\u00f0ingjar sem bjuggu \u00ed Jer\u00fasalem. En \u00ed borgum J\u00fada bj\u00f3 hver \u00e1 s\u00ednu g\u00f3ssi \u00ed s\u00ednum sta\u00f0, sem var \u00cdsrael, prestarnir, Lev\u00edtarnir, Neth\u00edn\u00edm og synir Salomonis \u00fe\u00e9nara. Og \u00ed Jer\u00fasalem bjuggu nokkrir af sonum J\u00fada og af Benjam\u00edn. [ Af sonum J\u00fada: Ataja son <a href=\"https:\/\/biblian.is\/gudbrandsbiblia\/nehemiabok-11-kafli\/\"> [&#8230;]<\/a><\/p>\n","protected":false},"author":1,"featured_media":0,"parent":0,"menu_order":0,"comment_status":"open","ping_status":"open","template":"bibliukaflar.php","meta":{"footnotes":""},"class_list":["post-3117","page","type-page","status-publish","hentry"],"_links":{"self":[{"href":"https:\/\/biblian.is\/gudbrandsbiblia\/wp-json\/wp\/v2\/pages\/3117","targetHints":{"allow":["GET"]}}],"collection":[{"href":"https:\/\/biblian.is\/gudbrandsbiblia\/wp-json\/wp\/v2\/pages"}],"about":[{"href":"https:\/\/biblian.is\/gudbrandsbiblia\/wp-json\/wp\/v2\/types\/page"}],"author":[{"embeddable":true,"href":"https:\/\/biblian.is\/gudbrandsbiblia\/wp-json\/wp\/v2\/users\/1"}],"replies":[{"embeddable":true,"href":"https:\/\/biblian.is\/gudbrandsbiblia\/wp-json\/wp\/v2\/comments?post=3117"}],"version-history":[{"count":0,"href":"https:\/\/biblian.is\/gudbrandsbiblia\/wp-json\/wp\/v2\/pages\/3117\/revisions"}],"wp:attachment":[{"href":"https:\/\/biblian.is\/gudbrandsbiblia\/wp-json\/wp\/v2\/media?parent=3117"}],"curies":[{"name":"wp","href":"https:\/\/api.w.org\/{rel}","templated":true}]}}