{"id":3103,"date":"2017-12-18T18:32:39","date_gmt":"2017-12-18T18:32:39","guid":{"rendered":"http:\/\/biblian.is\/gudbrandsbiblia\/esrabok-7-kafli\/"},"modified":"2017-12-18T18:32:39","modified_gmt":"2017-12-18T18:32:39","slug":"esrabok-7-kafli","status":"publish","type":"page","link":"https:\/\/biblian.is\/gudbrandsbiblia\/esrabok-7-kafli\/","title":{"rendered":"Esrab\u00f3k 7. kafli"},"content":{"rendered":"<p>VII.<\/p>\n<p>Eftir \u00feetta \u00e1 d\u00f6gum Artaxerxes k\u00f3ngs \u00ed Pesia \u00fe\u00e1 kom af Bab\u00fdlon Esdra son Seraja, sonar Assar\u00eda, sonar Hilk\u00eda, sonar Sall\u00fam, sonar Sad\u00f3k, sonar Ak\u00edt\u00f3f, sonar Amarja, sonar Asarja, sonar Meraj\u00f3t, sonar Seraja, sonar \u00das\u00ed, sonar B\u00fakk\u00ed, sonar Ab\u00eds\u00faa, sonar P\u00ednees, sonar El\u00edasar, sonar Aron \u00feess yppasta kennimanns, hver e\u00f0 var vel skikkanlega skriftl\u00e6r\u00f0ur \u00ed M\u00f3ses l\u00f6gm\u00e1li sem Drottinn Gu\u00f0 haf\u00f0i gefi\u00f0 \u00cdsrael. <span class=\"athugasemd\" title=\"Esdra fer fr\u00e1 Bab\u00fdlon \u00ed Jer\u00fasalem\">[<\/span> Og k\u00f3ngurinn gaf honum allt \u00fea\u00f0 hann girntist eftir hans Drottins Gu\u00f0s hendi sem yfir honum var.<\/p>\n<p>\tOg \u00fear f\u00f3ru nokkrir af Israelissonum, prestar og Lev\u00edtar, s\u00f6ngvarar, dyraver\u00f0ir og Neten\u00edm upp til Jer\u00fasalem \u00e1 \u00fev\u00ed sj\u00f6unda \u00e1ri Artaxerxes k\u00f3ngs. Og \u00feeir komu til Jer\u00fasalem \u00e1 \u00feeim fimmta m\u00e1nu\u00f0i, \u00fea\u00f0 var \u00e1 sj\u00f6unda \u00e1ri k\u00f3ngsins. \u00dev\u00ed a\u00f0 \u00e1 \u00feeim fyrsta degi hins fyrsta m\u00e1na\u00f0ar byrja\u00f0i hann s\u00edna reisu fr\u00e1 Bab\u00fdlon og \u00feann fyrsta dag \u00ed \u00feeim fimmta m\u00e1nu\u00f0i kom hann til Jer\u00fasalem eftir g\u00f3\u00f0ri Gu\u00f0s h\u00f6nd sem yfir honum var. \u00dev\u00ed a\u00f0 Esdra setti s\u00e9r \u00ed hjarta a\u00f0 leita l\u00f6gm\u00e1ls Drottins og a\u00f0 gj\u00f6ra \u00fea\u00f0 og a\u00f0 kenna \u00cdsrael bo\u00f0or\u00f0in og r\u00e9ttindin.<\/p>\n<p>\tOg \u00feetta er innihald \u00feess br\u00e9f sem k\u00f3ngurinn Artaxerxes gaf Esdra kennimanni \u00feeim skriftl\u00e6r\u00f0a sem a\u00f0 var einn l\u00e6rari \u00ed Drottins or\u00f0i og \u00ed hans bo\u00f0or\u00f0um \u00ed \u00cdsrael: <span class=\"athugasemd\" title=\"Innihald br\u00e9fsins sem Artaxerxes gaf Esdra\">[<\/span>  &#8222;Artaxerxes, k\u00f3ngur allra k\u00f3nga, Esdra kennimanni og \u00feeim skriftl\u00e6r\u00f0a \u00ed Gu\u00f0s l\u00f6gm\u00e1li af himninum. Fri\u00f0ur og heilsan.<\/p>\n<p>\tSvo er skipa\u00f0 af m\u00e9r a\u00f0 allir \u00feeir sem velviljugir eru til \u00ed m\u00ednu r\u00edki af \u00cdsraelsf\u00f3lki, prestar og Lev\u00edtar a\u00f0 fer\u00f0ast til Jer\u00fasalem \u00feeir skulu fara me\u00f0 \u00fe\u00e9r \u00fev\u00ed \u00fe\u00fa ert sendur af k\u00f3nginum og af \u00feeim sj\u00f6 r\u00e1\u00f0gj\u00f6fum a\u00f0 vitja J\u00fada og Jer\u00fasalem eftir Gu\u00f0s l\u00f6gm\u00e1li hvert a\u00f0 er undir \u00feinni hendi og a\u00f0 \u00fe\u00fa takir me\u00f0 \u00fe\u00e9r silfur og gull \u00fea\u00f0 sem k\u00f3ngurinn og hans r\u00e1\u00f0gjafar viljuglega gefa \u00cdsraels Gu\u00f0i hvers heimili a\u00f0 er \u00ed Jer\u00fasalem. Og tak n\u00fa me\u00f0 \u00fe\u00e9r allra handa gull og silfur \u00fea\u00f0 \u00fe\u00fa kannt a\u00f0 f\u00e1 \u00ed \u00f6llum Babilonis lands\u00e1lfum og \u00fea\u00f0 sem f\u00f3lki\u00f0 og prestarnir vilja viljuglega gefa til Gu\u00f0s h\u00fass \u00ed Jer\u00fasalem.<\/p>\n<p>\tTak \u00fea\u00f0 allt saman me\u00f0 \u00fe\u00e9r og kaup me\u00f0 athygli me\u00f0 \u00feeim s\u00f6mu peningum k\u00e1lfa, l\u00f6mb, hafra, matoffur og drykkjaroffur svo \u00fea\u00f0 offrist yfir altari\u00f0 \u00ed y\u00f0ar Gu\u00f0s h\u00fasi \u00ed Jer\u00fasalem. \u00dear a\u00f0 auki hva\u00f0 \u00fe\u00e9r og \u00fe\u00ednum br\u00e6\u00f0rum \u00feykir vel vera a\u00f0 kaupa skuli me\u00f0 \u00feeim peningum sem yfir eru e\u00f0a hva\u00f0 af \u00feeim skuli gj\u00f6rast \u00fe\u00e1 gj\u00f6r \u00fea\u00f0 eftir y\u00f0vars Gu\u00f0s vilja. Og \u00feau ker sem \u00fe\u00e9r eru gefin til \u00fej\u00f3nustugj\u00f6r\u00f0ar \u00ed \u00fe\u00edns Gu\u00f0s h\u00fasi \u00feau skalt \u00fe\u00fa afhenda fr\u00e1 \u00fe\u00e9r fyrir Gu\u00f0i \u00ed Jer\u00fasalem. Og hva\u00f0 sem meira \u00fe\u00f6rf gj\u00f6rist til \u00fe\u00edns Gu\u00f0s h\u00fass og \u00fe\u00e9r heyrir til \u00fat a\u00f0 gefa \u00fe\u00e1 l\u00e1t \u00fe\u00fa gefast af k\u00f3ngsins f\u00e9sj\u00f3\u00f0um. Eg Artaxerxes k\u00f3ngur hefi b\u00edfala\u00f0 skattah\u00f6f\u00f0ingjum hinumegin vatsins a\u00f0 hva\u00f0 sem helst Esdra kennima\u00f0ur, skriftl\u00e6r\u00f0ur \u00ed Gu\u00f0s l\u00f6gm\u00e1li af himnum, krefur af y\u00f0ur \u00fe\u00e1 gj\u00f6ri\u00f0 \u00fea\u00f0 \u00e1n dvalar allt til hundra\u00f0 centener silfurs, hundra\u00f0 coros hveitis og hundra\u00f0 coros v\u00edns og hundra\u00f0 coros vi\u00f0smj\u00f6rs og salt skulu \u00fe\u00e9r ekki m\u00e6la. Allt \u00fea\u00f0 sem heyrir til Gu\u00f0s l\u00f6gm\u00e1li af himninum \u00fe\u00e1 skal \u00fea\u00f0 gj\u00f6rast vandlega svo a\u00f0 eigi komi rei\u00f0i yfir k\u00f3ngsins r\u00edki og hans syni.<\/p>\n<p>\t\u00dea\u00f0 skulu \u00fe\u00e9r og vita a\u00f0 \u00fe\u00e9r hafi \u00f6ngva magt a\u00f0 leggja nokkurn skatt, toll e\u00f0ur \u00e1rlegt \u00fatgjald upp \u00e1 nokkurn kennimann, Lev\u00edta, s\u00f6ngvara, dyrav\u00f6r\u00f0, Neth\u00edn\u00edm og \u00fe\u00e9nara \u00ed Gu\u00f0s h\u00fasi. <span class=\"athugasemd\" title=\"Fr\u00edheit prestanna\">[<\/span> En \u00fe\u00fa, Esdra, skalt eftir \u00fe\u00ednum Gu\u00f0s v\u00edsd\u00f3mi setja d\u00f3mendur og f\u00f3vita af \u00feeim sem eru undir \u00feinni hendi a\u00f0 d\u00e6ma yfir \u00f6llu \u00fev\u00ed f\u00f3lki sem er hinumegin vatsins, alla \u00fe\u00e1 sem vita \u00fe\u00edns Gu\u00f0s l\u00f6gm\u00e1l og hverjir \u00feau ekki vita, \u00feeim skulu \u00fe\u00e9r kenna \u00fea\u00f0 og allir \u00feeir sem ekki gj\u00f6ra \u00fe\u00edns Gu\u00f0s l\u00f6gm\u00e1l me\u00f0 athygli og k\u00f3ngsins \u00feeir skulu f\u00e1 sinn d\u00f3m fyrir sinn gj\u00f6rning, hvert \u00fea\u00f0 er heldur til dau\u00f0ans e\u00f0a til \u00fatleg\u00f0ar e\u00f0a til s\u00edns g\u00f3ss fort\u00f6punar e\u00f0a til fangelsis.&#8220; <span class=\"athugasemd\" title=\"Straff \u00feeirra \u00f3hl\u00fd\u00f0nu\">[<\/span> <\/p>\n<p>\t(\u00de\u00e1 sag\u00f0i Esdra:) Lofa\u00f0ur s\u00e9 Drottinn Gu\u00f0 vorra fe\u00f0ra sem a\u00f0 \u00fev\u00edl\u00edkt hefur gefi\u00f0 k\u00f3nginum \u00ed hjarta a\u00f0 hann vill so pr\u00fd\u00f0a Gu\u00f0s musteri \u00ed Jer\u00fasalem. Og hann hefur hneigt s\u00edna miskunnsemd til m\u00edn fyrir k\u00f3nginum og hans r\u00e1\u00f0sherrum og \u00f6llum k\u00f3ngsins vildarm\u00f6nnum. Og eg var\u00f0 hughraustur fyrir Drottins m\u00edns Gu\u00f0s h\u00f6nd sem yfir m\u00e9r var og samansafna\u00f0i h\u00f6f\u00f0ingjunum a\u00f0 \u00feeir f\u00e6ri upp me\u00f0 m\u00e9r.<\/p>\n","protected":false},"excerpt":{"rendered":"<p>VII. Eftir \u00feetta \u00e1 d\u00f6gum Artaxerxes k\u00f3ngs \u00ed Pesia \u00fe\u00e1 kom af Bab\u00fdlon Esdra son Seraja, sonar Assar\u00eda, sonar Hilk\u00eda, sonar Sall\u00fam, sonar Sad\u00f3k, sonar Ak\u00edt\u00f3f, sonar Amarja, sonar Asarja, sonar Meraj\u00f3t, sonar Seraja, sonar \u00das\u00ed, sonar B\u00fakk\u00ed, sonar Ab\u00eds\u00faa, sonar P\u00ednees, sonar El\u00edasar, sonar Aron \u00feess yppasta kennimanns, hver e\u00f0 var vel skikkanlega skriftl\u00e6r\u00f0ur \u00ed M\u00f3ses l\u00f6gm\u00e1li sem Drottinn Gu\u00f0 haf\u00f0i gefi\u00f0 \u00cdsrael. [ Og k\u00f3ngurinn gaf honum allt \u00fea\u00f0 hann girntist eftir hans Drottins Gu\u00f0s hendi sem yfir honum var. Og \u00fear f\u00f3ru nokkrir af Israelissonum, prestar og Lev\u00edtar, s\u00f6ngvarar, dyraver\u00f0ir og Neten\u00edm upp til Jer\u00fasalem \u00e1 \u00fev\u00ed <a href=\"https:\/\/biblian.is\/gudbrandsbiblia\/esrabok-7-kafli\/\"> [&#8230;]<\/a><\/p>\n","protected":false},"author":1,"featured_media":0,"parent":0,"menu_order":0,"comment_status":"open","ping_status":"open","template":"bibliukaflar.php","meta":{"footnotes":""},"class_list":["post-3103","page","type-page","status-publish","hentry"],"_links":{"self":[{"href":"https:\/\/biblian.is\/gudbrandsbiblia\/wp-json\/wp\/v2\/pages\/3103","targetHints":{"allow":["GET"]}}],"collection":[{"href":"https:\/\/biblian.is\/gudbrandsbiblia\/wp-json\/wp\/v2\/pages"}],"about":[{"href":"https:\/\/biblian.is\/gudbrandsbiblia\/wp-json\/wp\/v2\/types\/page"}],"author":[{"embeddable":true,"href":"https:\/\/biblian.is\/gudbrandsbiblia\/wp-json\/wp\/v2\/users\/1"}],"replies":[{"embeddable":true,"href":"https:\/\/biblian.is\/gudbrandsbiblia\/wp-json\/wp\/v2\/comments?post=3103"}],"version-history":[{"count":0,"href":"https:\/\/biblian.is\/gudbrandsbiblia\/wp-json\/wp\/v2\/pages\/3103\/revisions"}],"wp:attachment":[{"href":"https:\/\/biblian.is\/gudbrandsbiblia\/wp-json\/wp\/v2\/media?parent=3103"}],"curies":[{"name":"wp","href":"https:\/\/api.w.org\/{rel}","templated":true}]}}