{"id":3094,"date":"2017-12-18T18:32:39","date_gmt":"2017-12-18T18:32:39","guid":{"rendered":"http:\/\/biblian.is\/gudbrandsbiblia\/sidari-kronikubok-34-kafli\/"},"modified":"2017-12-18T18:32:39","modified_gmt":"2017-12-18T18:32:39","slug":"sidari-kronikubok-34-kafli","status":"publish","type":"page","link":"https:\/\/biblian.is\/gudbrandsbiblia\/sidari-kronikubok-34-kafli\/","title":{"rendered":"S\u00ed\u00f0ari kron\u00edkub\u00f3k 34. kafli"},"content":{"rendered":"<p>XXXIIII.<\/p>\n<p>J\u00f3s\u00edas var \u00e1tta vetra gamall \u00fe\u00e1 hann var\u00f0 k\u00f3ngur og hann r\u00edkti eitt og \u00ferj\u00e1t\u00edgi \u00e1r \u00ed Jer\u00fasalem. <span class=\"athugasemd\" title=\"J\u00f3s\u00edas 31 \u00e1r k\u00f3ngur \u00ed J\u00fada \/ 4. Reg. 22\">[<\/span> Hann gj\u00f6r\u00f0i \u00fea\u00f0 sem Drottni vel l\u00edka\u00f0i og f\u00f3r allan feril Dav\u00ed\u00f0s f\u00f6\u00f0ur s\u00edns og veik hverki \u00fat af til vinstri n\u00e9 h\u00e6gri handar. \u00dev\u00ed a\u00f0 \u00e1 \u00e1ttunda \u00e1ri s\u00edns r\u00edkis \u00fe\u00e1 hann var enn barn a\u00f0 aldri upph\u00f3f hann a\u00f0 leita Gu\u00f0s s\u00edns f\u00f6\u00f0urs Dav\u00ed\u00f0s. Og \u00e1 t\u00f3lfta \u00e1ri upph\u00f3f hann a\u00f0 hreinsa J\u00fadam og Jer\u00fasalem af h\u00e6\u00f0um og bl\u00f3tsk\u00f3gum, sk\u00fargo\u00f0um og \u00fatskornum myndum. Hann l\u00e9t og ni\u00f0urbrj\u00f3ta fyrir s\u00e9r Baalsaltari og l\u00e9t afh\u00f6ggva \u00fea\u00f0 b\u00edl\u00e6ti sem \u00fear st\u00f3\u00f0 ofan \u00e1. Hann braut og \u00ed sundur alla lunda og sk\u00fargo\u00f0 og b\u00edl\u00e6ti og gj\u00f6r\u00f0i \u00fea\u00f0 a\u00f0 \u00f6sku og j\u00f3s henni yfir grafir \u00feeirra sem \u00feeim h\u00f6f\u00f0u \u00e1\u00f0ur offra\u00f0. <span class=\"athugasemd\" title=\"J\u00f3s\u00edas ey\u00f0ir allri sk\u00fargo\u00f0ad\u00fdrkan\">[<\/span> Hann brenndi og prestanna bein \u00e1 \u00f6lturunum og hreinsa\u00f0i svo J\u00fada og Jer\u00fasalem, a\u00f0 auk \u00feessa \u00ed borgum Manasse og Efra\u00edm og S\u00edmeon og allt til Neftal\u00ed \u00ed \u00feeirri ey\u00f0im\u00f6rku allt um kring. En sem hann haf\u00f0i n\u00fa ni\u00f0urbroti\u00f0 \u00f6lturin og lundana og sundurslegi\u00f0 afgu\u00f0ana og afh\u00f6ggvi\u00f0 \u00f6ll b\u00edl\u00e6ti um allt Israelisland \u00fe\u00e1 kom hann aftur til Jer\u00fasalem.<\/p>\n<p>\t\u00c1 hinu \u00e1tj\u00e1nda \u00e1ri s\u00edns k\u00f3ngd\u00f3ms \u00fe\u00e1 hann haf\u00f0i hreinsa\u00f0 landi\u00f0 og h\u00fasi\u00f0 \u00fe\u00e1 sendi hann Safan son Assalja og Maeseja sta\u00f0arins f\u00f3vita og J\u00f3a son J\u00f3akas canzelerinn a\u00f0 endurb\u00e6ta Drottins Gu\u00f0s h\u00fas. Og \u00feeir komu til Hilk\u00eda \u00feess yppasta kennimanns og fengu honum \u00fe\u00e1 peninga sem f\u00e6r\u00f0ir voru til Gu\u00f0s h\u00fass hverja a\u00f0 Lev\u00edtarnir sem a\u00f0 voru dyraver\u00f0ir h\u00f6f\u00f0u saman safna\u00f0 af Manasse, Efra\u00edm og af \u00f6llum \u00feeim sem eftir voru or\u00f0nir \u00ed \u00cdsrael og af \u00f6llum J\u00fada og Benjam\u00edn og af \u00feeim sem bjuggu \u00ed Jer\u00fasalem og afhentu \u00fe\u00e1 verkam\u00f6nnum sem a\u00f0 skikka\u00f0ir voru \u00ed Drottins h\u00fas. <span class=\"athugasemd\" title=\"Hilk\u00eda\">[<\/span> Og \u00feeir g\u00e1fu \u00fea\u00f0 \u00feeim sem sm\u00ed\u00f0u\u00f0u a\u00f0 Drottins h\u00fasi og hvar \u00fea\u00f0 var ni\u00f0ur falli\u00f0, \u00fe\u00e1 skyldu \u00feeir forbetra h\u00fasi\u00f0. \u00deessir inu s\u00f6mu g\u00e1fu \u00fea\u00f0 tr\u00e9smi\u00f0um og m\u00farmeisturum og a\u00f0 kaupa \u00fath\u00f6ggna steina og heflu\u00f0 tr\u00e9 til bj\u00e1lkanna \u00ed \u00feeim h\u00fasum sem J\u00fadak\u00f3ngar h\u00f6f\u00f0u fordjarfa\u00f0. Og allir \u00feessir arfi\u00f0ismenn fr\u00f6mdu tr\u00falega s\u00edna \u00fej\u00f3nustu.<\/p>\n<p>\tEn yfir \u00fe\u00e1 voru \u00feessir tilsj\u00f3narmenn settir: J\u00f3hat og \u00d3bad\u00eda Lev\u00edtar af sonum Merar\u00ed, Sakar\u00eda og Mes\u00fallam af sonum Kahathiter. \u00deeir skyldu tilsj\u00e1 a\u00f0 gj\u00f6rningurinn framkv\u00e6mdist, og voru allir Lev\u00edtar sem kunnu a\u00f0 leika \u00e1 hlj\u00f3\u00f0f\u00e6ri. \u00deeir sem settir voru yfir bur\u00f0armennina og \u00fe\u00e1 sem a\u00f0 fylgdu a\u00f0 verkinu \u00ed hverju emb\u00e6tti, \u00feeir voru Lev\u00edtar, skrifarar, emb\u00e6ttismenn og dyraver\u00f0ir.<\/p>\n<p>\tEn sem \u00feeir t\u00f3ku \u00fat peningana sem inn voru lag\u00f0ir \u00ed Drottins h\u00fas \u00fe\u00e1 fann Hilk\u00eda kennima\u00f0ur l\u00f6gm\u00e1lsb\u00f3k Drottins \u00fe\u00e1 sem \u00fat haf\u00f0i gefi\u00f0 M\u00f3ses. <span class=\"athugasemd\" title=\"L\u00f6gm\u00e1lsb\u00f3kin fundin\">[<\/span> Og Hilk\u00eda svara\u00f0i og sag\u00f0i til Safan skrifara: &#8222;Eg hefi fundi\u00f0 l\u00f6gm\u00e1lsb\u00f3k \u00ed h\u00fasi Drottins.&#8220; Og Hilk\u00eda f\u00e9kk Safan b\u00f3kina. En Safan bar hana fyri k\u00f3nginn og kunngj\u00f6r\u00f0i k\u00f3nginum og sag\u00f0i: &#8222;Allt \u00fea\u00f0 gefi\u00f0 er \u00ed \u00feinna \u00fe\u00e9nara hendur \u00fea\u00f0 gj\u00f6ra \u00feeir. Og \u00feeir hafa teki\u00f0 saman \u00fea\u00f0 f\u00e9 sem fundist hefur \u00ed h\u00fasi Drottins og g\u00e1fu \u00feeim sem settir voru fyrir arfi\u00f0i\u00f0, svo og \u00feeim sem fr\u00f6mdu gj\u00f6rninginn.&#8220; Og Safan skrifari undirv\u00edsa\u00f0i k\u00f3nginum og sag\u00f0i: &#8222;Hilk\u00eda kennima\u00f0ur f\u00e9kk m\u00e9r eina b\u00f3k.&#8220; En sem Safan las \u00ed henni fyrir k\u00f3nginum og k\u00f3ngurinn heyr\u00f0i l\u00f6gm\u00e1lsins or\u00f0 \u00fe\u00e1 reif hann kl\u00e6\u00f0i s\u00edn \u00ed sundur.<\/p>\n<p>\tOg k\u00f3ngurinn bau\u00f0 Hilk\u00eda og Ah\u00edkam syni Safan og Abd\u00f3n syni M\u00edka og Safan skrifara og Asaja sveini k\u00f3ngsins og sag\u00f0i til \u00feeirra: &#8222;Fari\u00f0 og afspyrji\u00f0 Drottin fyrir mig og fyrir \u00fe\u00e1 sem eftir eru or\u00f0nir \u00ed \u00cdsrael og fyrir J\u00fada vegna b\u00f3karinnar or\u00f0a sem fundin er. \u00dev\u00ed a\u00f0 rei\u00f0i Drottins er mikil sem uppkveikt er yfir oss a\u00f0 vorir forfe\u00f0ur hafa ei haldi\u00f0 or\u00f0 Drottins og eigi gj\u00f6rt \u00fea\u00f0 sem skrifa\u00f0 stendur \u00ed \u00feessari b\u00f3k.&#8220;<\/p>\n<p>\t\u00de\u00e1 gekk Hilk\u00eda og \u00feeir a\u00f0rir sem \u00fat voru sendir af k\u00f3nginum til Hulda sp\u00e1konu, kvinnu Sall\u00fam, sonar Takehat, sonar Hasra \u00feess kl\u00e6\u00f0ageymara, sem bj\u00f3 \u00ed Jer\u00fasalem \u00ed \u00f6\u00f0rum parti, og t\u00f6lu\u00f0u vi\u00f0 hana. <span class=\"athugasemd\" title=\"Hulda sp\u00e1kona\">[<\/span> En h\u00fan svara\u00f0i \u00feeim: &#8222;So segir Drottinn Israelis Gu\u00f0: Segi\u00f0 \u00feeim manni sem y\u00f0ur \u00fatsendi til m\u00edn: So segir Drottinn: Sj\u00e1, eg vil lei\u00f0a \u00f3lukku yfir \u00feennan sta\u00f0 og hans innbyggjara, allar \u00fe\u00e6r b\u00f6lvanir sem a\u00f0 standa skrifa\u00f0ar \u00ed \u00feessari b\u00f3k sem a\u00f0 lesin var fyrir J\u00fadak\u00f3ngi, s\u00f6kum \u00feess a\u00f0 \u00feeir hafa yfirgefi\u00f0 mig og brennt reykelsi fyrir annarlegum gu\u00f0um, reitt mig og styggt me\u00f0 \u00f6llum \u00feeirra handaverkum. <span class=\"athugasemd\" title=\"4. Reg. 22\">[<\/span> Og m\u00edn rei\u00f0i skal uppkveikjast yfir \u00feessum sta\u00f0 og skal ekki \u00fatsl\u00f6kkt ver\u00f0a. <span class=\"athugasemd\" title=\"Deut. 28\">[<\/span> \u00de\u00e9r skulu\u00f0 so segja k\u00f3ngi J\u00fada \u00feeim sem y\u00f0ur \u00fatsendi a\u00f0 spyrja Drottin: Svo segir Drottinn \u00cdsraels Gu\u00f0 um \u00feau or\u00f0 sem \u00fe\u00fa heyr\u00f0ir: S\u00f6kum \u00feess a\u00f0 \u00feitt hjarta er or\u00f0i\u00f0 kl\u00f6kkt og \u00fe\u00fa au\u00f0m\u00fdktir \u00feig fyrir Gu\u00f0i \u00fe\u00e1 \u00fe\u00fa heyr\u00f0ir hans or\u00f0 \u00e1 m\u00f3ti \u00feessum sta\u00f0 og hans innbyggjurum og \u00fe\u00fa l\u00edtill\u00e6ttir \u00feig fyrir m\u00e9r og sundurreifst \u00fe\u00edn kl\u00e6\u00f0i og gr\u00e9st fyrir m\u00e9r \u00fe\u00e1 hefi eg b\u00e6nheyrt \u00feig \u0096 segir Drottinn. Sj\u00e1, eg vil safna \u00fe\u00e9r til \u00feinna fe\u00f0ra so \u00fe\u00fa skalt leggjast \u00ed \u00fe\u00edna gr\u00f6f me\u00f0 fri\u00f0i so a\u00f0 \u00fe\u00edn augu skulu eigi sj\u00e1 alla \u00fe\u00e1 \u00f3lukku sem eg vil senda yfir \u00feennan sta\u00f0 og hans innbyggjara.&#8220; Og \u00feeir s\u00f6g\u00f0u k\u00f3nginum \u00feetta aftur.<\/p>\n<p>\tEftir \u00feetta sendi k\u00f3ngurinn \u00fat og l\u00e9t samankoma alla ina elstu \u00ed J\u00fada og Jer\u00fasalem. <span class=\"athugasemd\" title=\"4. Reg. 23\">[<\/span> Og k\u00f3ngurinn gekk upp \u00ed Drottins h\u00fas og allt f\u00f3lk J\u00fada og innbyggjarar \u00ed Jer\u00fasalem, \u00fear me\u00f0 prestarnir og Lev\u00edtarnir og allur alm\u00faginn, b\u00e6\u00f0i sm\u00e1ir og st\u00f3rir. Og \u00f6ll \u00feau or\u00f0 sem st\u00f3\u00f0u \u00ed s\u00e1ttm\u00e1lsb\u00f3kinni \u00feeirri sem fundin var \u00ed Drottins h\u00fasi voru lesin fyrir \u00feeirra eyrum. <span class=\"athugasemd\" title=\"L\u00f6gm\u00e1lsb\u00f3kin ver\u00f0ur lesin\">[<\/span> Og k\u00f3ngurinn st\u00f3\u00f0 \u00ed s\u00ednum sta\u00f0 og gj\u00f6r\u00f0i einn s\u00e1ttm\u00e1la fyrir Drottni, a\u00f0 \u00feeir skyldu ganga eftir Drottni og halda hans bo\u00f0or\u00f0, vitnisbur\u00f0i og r\u00e9ttindi af \u00f6llu hjarta og af allri s\u00e1lu og gj\u00f6ra eftir \u00f6llum \u00feessum s\u00e1ttm\u00e1lsor\u00f0um sem skrifu\u00f0 eru \u00ed \u00feessari b\u00f3k. Og allir \u00feeir sem fundust \u00ed Jer\u00fasalem og \u00ed Benjam\u00edn st\u00f3\u00f0u \u00fear og Jer\u00fasalems innbyggjarar gj\u00f6r\u00f0u eftir Drottins \u00feeirra fe\u00f0ra Gu\u00f0s s\u00e1ttm\u00e1la. Og J\u00f3s\u00edas t\u00f3k burt allar sv\u00edvir\u00f0ingar \u00far \u00f6llu landinu sem Israelissonum tilheyr\u00f0i og kom \u00fev\u00ed til lei\u00f0ar a\u00f0 allir \u00feeir sem voru fundnir \u00ed \u00cdsrael \u00fej\u00f3nu\u00f0u Drottni s\u00ednum Gu\u00f0i. So lengi sem J\u00f3s\u00edas lif\u00f0i viku \u00feeir hvergi fr\u00e1 Drottni \u00feeirra fe\u00f0ra Gu\u00f0i.<\/p>\n","protected":false},"excerpt":{"rendered":"<p>XXXIIII. J\u00f3s\u00edas var \u00e1tta vetra gamall \u00fe\u00e1 hann var\u00f0 k\u00f3ngur og hann r\u00edkti eitt og \u00ferj\u00e1t\u00edgi \u00e1r \u00ed Jer\u00fasalem. [ Hann gj\u00f6r\u00f0i \u00fea\u00f0 sem Drottni vel l\u00edka\u00f0i og f\u00f3r allan feril Dav\u00ed\u00f0s f\u00f6\u00f0ur s\u00edns og veik hverki \u00fat af til vinstri n\u00e9 h\u00e6gri handar. \u00dev\u00ed a\u00f0 \u00e1 \u00e1ttunda \u00e1ri s\u00edns r\u00edkis \u00fe\u00e1 hann var enn barn a\u00f0 aldri upph\u00f3f hann a\u00f0 leita Gu\u00f0s s\u00edns f\u00f6\u00f0urs Dav\u00ed\u00f0s. Og \u00e1 t\u00f3lfta \u00e1ri upph\u00f3f hann a\u00f0 hreinsa J\u00fadam og Jer\u00fasalem af h\u00e6\u00f0um og bl\u00f3tsk\u00f3gum, sk\u00fargo\u00f0um og \u00fatskornum myndum. Hann l\u00e9t og ni\u00f0urbrj\u00f3ta fyrir s\u00e9r Baalsaltari og l\u00e9t afh\u00f6ggva \u00fea\u00f0 b\u00edl\u00e6ti sem \u00fear st\u00f3\u00f0 <a href=\"https:\/\/biblian.is\/gudbrandsbiblia\/sidari-kronikubok-34-kafli\/\"> [&#8230;]<\/a><\/p>\n","protected":false},"author":1,"featured_media":0,"parent":0,"menu_order":0,"comment_status":"open","ping_status":"open","template":"bibliukaflar.php","meta":{"footnotes":""},"class_list":["post-3094","page","type-page","status-publish","hentry"],"_links":{"self":[{"href":"https:\/\/biblian.is\/gudbrandsbiblia\/wp-json\/wp\/v2\/pages\/3094","targetHints":{"allow":["GET"]}}],"collection":[{"href":"https:\/\/biblian.is\/gudbrandsbiblia\/wp-json\/wp\/v2\/pages"}],"about":[{"href":"https:\/\/biblian.is\/gudbrandsbiblia\/wp-json\/wp\/v2\/types\/page"}],"author":[{"embeddable":true,"href":"https:\/\/biblian.is\/gudbrandsbiblia\/wp-json\/wp\/v2\/users\/1"}],"replies":[{"embeddable":true,"href":"https:\/\/biblian.is\/gudbrandsbiblia\/wp-json\/wp\/v2\/comments?post=3094"}],"version-history":[{"count":0,"href":"https:\/\/biblian.is\/gudbrandsbiblia\/wp-json\/wp\/v2\/pages\/3094\/revisions"}],"wp:attachment":[{"href":"https:\/\/biblian.is\/gudbrandsbiblia\/wp-json\/wp\/v2\/media?parent=3094"}],"curies":[{"name":"wp","href":"https:\/\/api.w.org\/{rel}","templated":true}]}}