{"id":3091,"date":"2017-12-18T18:32:36","date_gmt":"2017-12-18T18:32:36","guid":{"rendered":"http:\/\/biblian.is\/gudbrandsbiblia\/sidari-kronikubok-31-kafli\/"},"modified":"2017-12-18T18:32:36","modified_gmt":"2017-12-18T18:32:36","slug":"sidari-kronikubok-31-kafli","status":"publish","type":"page","link":"https:\/\/biblian.is\/gudbrandsbiblia\/sidari-kronikubok-31-kafli\/","title":{"rendered":"S\u00ed\u00f0ari kron\u00edkub\u00f3k 31. kafli"},"content":{"rendered":"<p>XXXI.<\/p>\n<p>En sem \u00feetta var n\u00fa allt fullkomna\u00f0 \u00fe\u00e1 f\u00f3r allur \u00cdsrael sem fannst \u00ed J\u00fadaborgum og sundurbrutu sk\u00fargo\u00f0in og ni\u00f0urhjuggu lundana og brutu ni\u00f0ur altarin \u00e1 h\u00e6\u00f0unum sem \u00feeir fundu \u00ed \u00f6llum J\u00fada, Benjam\u00edn, Efra\u00edm og Manasse, allt \u00fear til a\u00f0 \u00fea\u00f0 var allt ey\u00f0ilagt. <span class=\"athugasemd\" title=\"2. Para. 14; 17; 33\">[<\/span> Eftir \u00fea\u00f0 reistu Israelissynir aftur til sinna eigna og sta\u00f0a. <span class=\"athugasemd\" title=\"Num. 28\">[<\/span><\/p>\n<p>\tEn Esek\u00edas k\u00f3ngur skikka\u00f0i prestana og Lev\u00edtana hvern til sinnar \u00fe\u00e9nustu \u00ed s\u00ednu emb\u00e6tti, b\u00e6\u00f0i prestana og Lev\u00edtana, til brennif\u00f3rnanna og \u00feakkl\u00e6tisf\u00f3rnanna, a\u00f0 \u00feeir skyldu \u00fej\u00f3na, \u00feakka og lofa \u00ed herb\u00fa\u00f0ardyrum Drottins. Og k\u00f3ngurinn gaf sinn part af s\u00ednu g\u00f3ssi til brennioffurs, b\u00e6\u00f0i \u00e1 morna og kveld, til sabbatsdaga, til kalendasdaga og til annarra h\u00e1t\u00ed\u00f0a, so sem skrifa\u00f0 stendur \u00ed l\u00f6gm\u00e1li Drottins.<\/p>\n<p>\tOg hann sag\u00f0i til f\u00f3lksins \u00feess sem bj\u00f3 \u00ed Jer\u00fasalem a\u00f0 allir skyldu gefa prestunum og Lev\u00edtunum \u00feeirra hlut til \u00feess a\u00f0 \u00feeir m\u00e6ttu \u00feess fastara <span class=\"athugasemd\" title=\"a \/ (halda) \/ Upp \u00e1 \u00fea\u00f0 a\u00f0 \u00feeir ekki fyrir brest og \u00fearfnan \u00feeirra uppheldis og n\u00e6ringar ver\u00f0i a\u00f0 yfirgefa b\u00e6kurnar og kenningar en leita sinnar n\u00e6ringar. \u00dear fyrir \u00e1 or\u00f0sins \u00fe\u00e9nurum a\u00f0 gefast \u00feeirra uppheldi n\u00f3glega so \u00feeir megi st\u00fadera, sem Nehem\u00edas b\u00fd\u00f0ur og S\u00edrak.\">[<\/span> halda vi\u00f0 l\u00f6gm\u00e1l Drottins. Og sem \u00feetta k\u00f3ngsins bo\u00f0 barst \u00fat \u00fe\u00e1 g\u00e1fu \u00cdsraelssynir st\u00f3rmikinn fyrsta \u00e1v\u00f6xt af korni, v\u00edni, vi\u00f0smj\u00f6ri, hunangi og af allsh\u00e1ttu\u00f0um \u00e1vexti sem af m\u00f6rkinni innkom og allra handa t\u00edundir alls jar\u00f0argr\u00f3\u00f0a n\u00f3glega. L\u00edka og svo gj\u00f6r\u00f0u \u00cdsraels- og J\u00fadasynir sem bjuggu \u00ed J\u00fadast\u00f6\u00f0um, f\u00e6r\u00f0u og t\u00edundir af uxum og sau\u00f0um og svo t\u00edund af \u00fev\u00ed sem helga\u00f0 var og \u00feeir h\u00f6f\u00f0u Drottni s\u00ednum Gu\u00f0i og s\u00f6fnu\u00f0u \u00feessu saman h\u00e9r og \u00fear \u00ed hr\u00fagur. \u00cd \u00feeim \u00feri\u00f0ja m\u00e1nu\u00f0i t\u00f3ku \u00feeir til a\u00f0 leggja \u00feetta til samans en \u00ed \u00feeim sj\u00f6unda m\u00e1nu\u00f0i fullkomnu\u00f0u \u00feeir \u00feetta. <\/p>\n<p>\tEn sem Esek\u00edas k\u00f3ngur og h\u00f6f\u00f0ingjar gengu inn og s\u00e1u soddan <span class=\"athugasemd\" title=\"sword Hr\u00fagur\">[<\/span> samsafnan \u00fe\u00e1 lofu\u00f0u \u00feeir Drottin og hans f\u00f3lk \u00cdsrael. Og Esek\u00edas spur\u00f0i prestana og Lev\u00edtana a\u00f0 um \u00feessa samansafnan. En Asarja s\u00e1 ypparsti kennima\u00f0ur \u00ed h\u00fasi Sad\u00f3k svara\u00f0i og sag\u00f0i til k\u00f3ngsins: &#8222;Fr\u00e1 \u00feeim t\u00edma sem menn t\u00f3ku til a\u00f0 bera fram frumf\u00f3rnir \u00ed h\u00fas Drottins \u00fe\u00e1 h\u00f6fum v\u00e9r eti\u00f0 og saddir or\u00f0i\u00f0 og \u00fe\u00f3 er enn so miki\u00f0 afgangs. \u00dev\u00ed a\u00f0 Drotinn hefur blessa\u00f0 sitt f\u00f3lk, \u00fev\u00ed er \u00feetta afgangurinn.&#8220; \u00de\u00e1 bau\u00f0 k\u00f3ngurinn a\u00f0 kornhl\u00f6\u00f0ur skyldu sm\u00ed\u00f0ast hj\u00e1 h\u00fasi Drottins. Og sem \u00fe\u00e6r voru b\u00fanar \u00fe\u00e1 l\u00f6g\u00f0u \u00feeir \u00fear inn b\u00e6\u00f0i frumf\u00f3rnirnar og t\u00edundirnar og anna\u00f0 \u00fea\u00f0 sem helga\u00f0 var tr\u00falega.<\/p>\n<p>\tOg s\u00e1 Lev\u00edti sem h\u00e9t Kananja var skikka\u00f0ur til eins h\u00f6f\u00f0ingja \u00fear yfir og S\u00edme\u00ed hans br\u00f3\u00f0ir annar og Jeh\u00edel, Asasja, Nagat, Asahel, Jer\u00edm\u00f3t, J\u00f3sabat, El\u00edel, Jesmakja, Mahat og Benaja voru tilsettir af Kananja og S\u00edme\u00ed hans br\u00f3\u00f0urs hendi eftir k\u00f3ngsins Ezechie skipan. En Asarja var h\u00f6f\u00f0ingi \u00ed Gu\u00f0s h\u00fasi. En K\u00f3re son Jenna s\u00e1 Lev\u00edti dyrav\u00f6r\u00f0ur \u00ed m\u00f3t austri var yfirsettur \u00fea\u00f0 sem Gu\u00f0i var gefi\u00f0 af frj\u00e1lsum sj\u00e1lfs vilja, frumbur\u00f0i og \u00fea\u00f0 sem helga\u00f0 var \u00ed \u00fea\u00f0 allrahelgasta. Og undir hans hendi voru \u00feessir: Eden, Minjam\u00edn, Jes\u00faa, Semaja, Amarja og Sakar\u00eda \u00ed prestanna st\u00f6\u00f0um, a\u00f0 \u00feeir skyldu gefa \u00feeirra br\u00e6\u00f0rum eftir \u00feeirra skikkan, \u00feeim minnsta svo sem \u00feeim hinum st\u00e6rsta.<\/p>\n<p>\t\u00dear me\u00f0 \u00feeim sem voru reikna\u00f0ir af kallkyni, \u00feriggja \u00e1ra gamlir og \u00fea\u00f0an af eldri, \u00e1 millum allra \u00feeirra sem gengu \u00ed Gu\u00f0s musteri, hver \u00e1 s\u00ednum degi til s\u00edns emb\u00e6ttis \u00ed \u00feeirra var\u00f0haldi eftir \u00feeirra skikkan. En \u00feeir sem reikna\u00f0ir voru fyrir prestana \u00ed \u00feeirra fe\u00f0ra h\u00fasi, tv\u00edtugir og \u00fea\u00f0an af eldri \u00ed \u00feeirra var\u00f0haldi eftir \u00feeirra skikkan, svo og \u00feeir sem reikna\u00f0ir voru \u00e1 millum \u00feeirra sona, kvenna og d\u00e6tra me\u00f0 \u00f6llum alm\u00faganum. \u00dev\u00ed \u00feeir helgu\u00f0u tr\u00falega \u00fea\u00f0 heilaga. \u00dear voru og menn me\u00f0 nafni tilnefndir me\u00f0al sona Arons prests \u00e1 \u00f6krunum og \u00ed forst\u00f6\u00f0um allra sta\u00f0anna a\u00f0 \u00feeir skyldu gefa \u00f6llu kallkyni \u00e1 me\u00f0al prestanna einn part og svo l\u00edka \u00f6llum \u00feeim sem reikna\u00f0ir voru \u00e1 me\u00f0al Lev\u00edtanna.<\/p>\n<p>\tSvo gj\u00f6r\u00f0i Esek\u00edas \u00ed \u00f6llum J\u00fada og gj\u00f6r\u00f0i hva\u00f0 gott og r\u00e9tt og sannarlegt var fyrir Drottni s\u00ednum Gu\u00f0i. <span class=\"athugasemd\" title=\"Esek\u00eda var gu\u00f0hr\u00e6ddur og lukkusamur\">[<\/span> Og \u00ed \u00f6llum hans gj\u00f6rningum sem hann upph\u00f3f til \u00fej\u00f3nustugj\u00f6r\u00f0ar \u00ed Gu\u00f0s h\u00fasi eftir l\u00f6gm\u00e1linu og bo\u00f0or\u00f0unum a\u00f0 leita s\u00edns Gu\u00f0s, \u00fea\u00f0 gj\u00f6r\u00f0i hann af \u00f6llu hjarta og \u00fev\u00ed haf\u00f0i hann lukku.<\/p>\n","protected":false},"excerpt":{"rendered":"<p>XXXI. En sem \u00feetta var n\u00fa allt fullkomna\u00f0 \u00fe\u00e1 f\u00f3r allur \u00cdsrael sem fannst \u00ed J\u00fadaborgum og sundurbrutu sk\u00fargo\u00f0in og ni\u00f0urhjuggu lundana og brutu ni\u00f0ur altarin \u00e1 h\u00e6\u00f0unum sem \u00feeir fundu \u00ed \u00f6llum J\u00fada, Benjam\u00edn, Efra\u00edm og Manasse, allt \u00fear til a\u00f0 \u00fea\u00f0 var allt ey\u00f0ilagt. [ Eftir \u00fea\u00f0 reistu Israelissynir aftur til sinna eigna og sta\u00f0a. [ En Esek\u00edas k\u00f3ngur skikka\u00f0i prestana og Lev\u00edtana hvern til sinnar \u00fe\u00e9nustu \u00ed s\u00ednu emb\u00e6tti, b\u00e6\u00f0i prestana og Lev\u00edtana, til brennif\u00f3rnanna og \u00feakkl\u00e6tisf\u00f3rnanna, a\u00f0 \u00feeir skyldu \u00fej\u00f3na, \u00feakka og lofa \u00ed herb\u00fa\u00f0ardyrum Drottins. Og k\u00f3ngurinn gaf sinn part af s\u00ednu g\u00f3ssi til brennioffurs, <a href=\"https:\/\/biblian.is\/gudbrandsbiblia\/sidari-kronikubok-31-kafli\/\"> [&#8230;]<\/a><\/p>\n","protected":false},"author":1,"featured_media":0,"parent":0,"menu_order":0,"comment_status":"open","ping_status":"open","template":"bibliukaflar.php","meta":{"footnotes":""},"class_list":["post-3091","page","type-page","status-publish","hentry"],"_links":{"self":[{"href":"https:\/\/biblian.is\/gudbrandsbiblia\/wp-json\/wp\/v2\/pages\/3091","targetHints":{"allow":["GET"]}}],"collection":[{"href":"https:\/\/biblian.is\/gudbrandsbiblia\/wp-json\/wp\/v2\/pages"}],"about":[{"href":"https:\/\/biblian.is\/gudbrandsbiblia\/wp-json\/wp\/v2\/types\/page"}],"author":[{"embeddable":true,"href":"https:\/\/biblian.is\/gudbrandsbiblia\/wp-json\/wp\/v2\/users\/1"}],"replies":[{"embeddable":true,"href":"https:\/\/biblian.is\/gudbrandsbiblia\/wp-json\/wp\/v2\/comments?post=3091"}],"version-history":[{"count":0,"href":"https:\/\/biblian.is\/gudbrandsbiblia\/wp-json\/wp\/v2\/pages\/3091\/revisions"}],"wp:attachment":[{"href":"https:\/\/biblian.is\/gudbrandsbiblia\/wp-json\/wp\/v2\/media?parent=3091"}],"curies":[{"name":"wp","href":"https:\/\/api.w.org\/{rel}","templated":true}]}}