{"id":3087,"date":"2017-12-18T18:32:36","date_gmt":"2017-12-18T18:32:36","guid":{"rendered":"http:\/\/biblian.is\/gudbrandsbiblia\/sidari-kronikubok-27-kafli\/"},"modified":"2017-12-18T18:32:36","modified_gmt":"2017-12-18T18:32:36","slug":"sidari-kronikubok-27-kafli","status":"publish","type":"page","link":"https:\/\/biblian.is\/gudbrandsbiblia\/sidari-kronikubok-27-kafli\/","title":{"rendered":"S\u00ed\u00f0ari kron\u00edkub\u00f3k 27. kafli"},"content":{"rendered":"<p>XXVII.<\/p>\n<p>J\u00f3tam var fimm og tuttugu \u00e1ra \u00fe\u00e1 hann var\u00f0 k\u00f3ngur og hann r\u00edkti sext\u00e1n \u00e1r \u00ed Jer\u00fasalem. <span class=\"athugasemd\" title=\"J\u00f3tam 16 \u00e1r k\u00f3ngur \u00ed J\u00fada\">[<\/span> Hans m\u00f3\u00f0ir h\u00e9t Jer\u00fasa d\u00f3ttir Sad\u00f3k. Hann gj\u00f6r\u00f0i \u00fea\u00f0 sem Drottni vel l\u00edka\u00f0i svo sem hans fa\u00f0ir \u00das\u00eda haf\u00f0i gj\u00f6rt, utan \u00fea\u00f0 a\u00f0 hann gekk ekki \u00ed Gu\u00f0s musteri. Og f\u00f3lki\u00f0 mannspilltist enn. Hann uppbygg\u00f0i portdyrnar \u00e1 h\u00fasi Drottins og hann reisti mikla bygging yfir m\u00farnum \u00d3fel. Og hann uppbygg\u00f0i sta\u00f0ina \u00e1 J\u00fadafjalli, hann bygg\u00f0i og slot og turna \u00ed sk\u00f3gunum.<\/p>\n<p>\tOg hann bar\u00f0ist vi\u00f0 k\u00f3ng Amm\u00f3nsona og vann sigur \u00e1 \u00feeim svo a\u00f0 Amm\u00f3nsynir g\u00e1fu honum \u00fea\u00f0 sama \u00e1r hundra\u00f0 centener silfurs, t\u00edu \u00fe\u00fasund coros hveitis og t\u00edu \u00fe\u00fasund coros byggs. \u00c1 \u00fev\u00ed \u00f6\u00f0ru \u00e1ri skenktu Amm\u00f3nsynir honum sl\u00edkt hi\u00f0 sama og svo l\u00edka \u00e1 \u00fev\u00ed \u00feri\u00f0ja \u00e1ri. Svo var\u00f0 J\u00f3tam mj\u00f6g megtugur \u00fev\u00ed hann greiddi g\u00f6tu s\u00edna r\u00e9ttilega fyrir Drottni s\u00ednum Gu\u00f0i.<\/p>\n<p>\tEn hva\u00f0 meira er a\u00f0 segja um J\u00f3tam, af hans bard\u00f6gum og hans vegum, sj\u00e1, \u00fea\u00f0 er skrifa\u00f0 \u00ed Israelis- og J\u00fadak\u00f3nga b\u00f3k. Hann var fimm \u00e1ra og tuttugu \u00fe\u00e1 hann var\u00f0 k\u00f3ngur og r\u00edkti sext\u00e1n \u00e1r \u00ed Jer\u00fasalem. Og J\u00f3tam sofna\u00f0i me\u00f0 s\u00ednum fe\u00f0rum og var jar\u00f0a\u00f0ur \u00ed Dav\u00ed\u00f0ssta\u00f0. En Akas hans son var\u00f0 k\u00f3ngur eftir hann.<\/p>\n","protected":false},"excerpt":{"rendered":"<p>XXVII. J\u00f3tam var fimm og tuttugu \u00e1ra \u00fe\u00e1 hann var\u00f0 k\u00f3ngur og hann r\u00edkti sext\u00e1n \u00e1r \u00ed Jer\u00fasalem. [ Hans m\u00f3\u00f0ir h\u00e9t Jer\u00fasa d\u00f3ttir Sad\u00f3k. Hann gj\u00f6r\u00f0i \u00fea\u00f0 sem Drottni vel l\u00edka\u00f0i svo sem hans fa\u00f0ir \u00das\u00eda haf\u00f0i gj\u00f6rt, utan \u00fea\u00f0 a\u00f0 hann gekk ekki \u00ed Gu\u00f0s musteri. Og f\u00f3lki\u00f0 mannspilltist enn. Hann uppbygg\u00f0i portdyrnar \u00e1 h\u00fasi Drottins og hann reisti mikla bygging yfir m\u00farnum \u00d3fel. Og hann uppbygg\u00f0i sta\u00f0ina \u00e1 J\u00fadafjalli, hann bygg\u00f0i og slot og turna \u00ed sk\u00f3gunum. Og hann bar\u00f0ist vi\u00f0 k\u00f3ng Amm\u00f3nsona og vann sigur \u00e1 \u00feeim svo a\u00f0 Amm\u00f3nsynir g\u00e1fu honum \u00fea\u00f0 sama \u00e1r hundra\u00f0 <a href=\"https:\/\/biblian.is\/gudbrandsbiblia\/sidari-kronikubok-27-kafli\/\"> [&#8230;]<\/a><\/p>\n","protected":false},"author":1,"featured_media":0,"parent":0,"menu_order":0,"comment_status":"open","ping_status":"open","template":"bibliukaflar.php","meta":{"footnotes":""},"class_list":["post-3087","page","type-page","status-publish","hentry"],"_links":{"self":[{"href":"https:\/\/biblian.is\/gudbrandsbiblia\/wp-json\/wp\/v2\/pages\/3087","targetHints":{"allow":["GET"]}}],"collection":[{"href":"https:\/\/biblian.is\/gudbrandsbiblia\/wp-json\/wp\/v2\/pages"}],"about":[{"href":"https:\/\/biblian.is\/gudbrandsbiblia\/wp-json\/wp\/v2\/types\/page"}],"author":[{"embeddable":true,"href":"https:\/\/biblian.is\/gudbrandsbiblia\/wp-json\/wp\/v2\/users\/1"}],"replies":[{"embeddable":true,"href":"https:\/\/biblian.is\/gudbrandsbiblia\/wp-json\/wp\/v2\/comments?post=3087"}],"version-history":[{"count":0,"href":"https:\/\/biblian.is\/gudbrandsbiblia\/wp-json\/wp\/v2\/pages\/3087\/revisions"}],"wp:attachment":[{"href":"https:\/\/biblian.is\/gudbrandsbiblia\/wp-json\/wp\/v2\/media?parent=3087"}],"curies":[{"name":"wp","href":"https:\/\/api.w.org\/{rel}","templated":true}]}}