{"id":3086,"date":"2017-12-18T18:32:36","date_gmt":"2017-12-18T18:32:36","guid":{"rendered":"http:\/\/biblian.is\/gudbrandsbiblia\/sidari-kronikubok-26-kafli\/"},"modified":"2017-12-18T18:32:36","modified_gmt":"2017-12-18T18:32:36","slug":"sidari-kronikubok-26-kafli","status":"publish","type":"page","link":"https:\/\/biblian.is\/gudbrandsbiblia\/sidari-kronikubok-26-kafli\/","title":{"rendered":"S\u00ed\u00f0ari kron\u00edkub\u00f3k 26. kafli"},"content":{"rendered":"<p>XXVI.<\/p>\n<p>\u00de\u00e1 t\u00f3k allur l\u00fd\u00f0ur J\u00fada \u00das\u00edam, hann var \u00fe\u00e1 sext\u00e1n \u00e1ra gamall, og settu hann til k\u00f3ngs \u00ed s\u00edns f\u00f6\u00f0urs sta\u00f0 Amas\u00eda. <span class=\"athugasemd\" title=\"\u00das\u00eda 52 \u00e1r k\u00f3ngur \u00ed J\u00fada \/ 4. Reg. 15\">[<\/span> Hann uppbyg\u00f0i El\u00f3t og kom henni aftur undir J\u00fada eftir \u00fea\u00f0 k\u00f3ngurinn var sofna\u00f0ur me\u00f0 s\u00ednum fe\u00f0rum. \u00das\u00eda var sext\u00e1n \u00e1ra \u00fe\u00e1 hann var\u00f0 k\u00f3ngur og hann r\u00edkti tv\u00f6 og fimmt\u00edgi \u00e1r \u00ed Jer\u00fasalem. Hans m\u00f3\u00f0ir h\u00e9t Jekalja af Jer\u00fasalem. Og hann gj\u00f6r\u00f0i \u00fea\u00f0 sem Drottni vel l\u00edka\u00f0i eins og hans fa\u00f0ir Amas\u00eda haf\u00f0i gj\u00f6rt og hann leita\u00f0i Drottins so lengi sem Sakar\u00eda lif\u00f0i hver e\u00f0 var menntur \u00ed Gu\u00f0s <span class=\"athugasemd\" title=\"a \/ (S\u00fdnum) \/ Sj\u00f3nir eru sp\u00e1d\u00f3mar og er meiningin a\u00f0 sakar\u00eda hafi veri\u00f0 l\u00e6r\u00f0ur \u00ed M\u00f3se, sp\u00e1m\u00f6nnunum Sam\u00fael, Dav\u00ed\u00f0, Ga\u00f0 og \u00f6\u00f0rum fleirum\">[<\/span> s\u00fdnum. Og svo lengi sem hann leita\u00f0i Drottins \u00fe\u00e1 l\u00e9t Gu\u00f0 allt vel lukkast fyrir honum.<\/p>\n<p>\tOg hann dr\u00f3 \u00fat \u00ed bardaga m\u00f3t \u00feeim Philisteis og ni\u00f0urbraut m\u00farinn \u00ed Gat og m\u00farinn \u00ed Jabne og m\u00farinn \u00ed Asd\u00f3d en uppbygg\u00f0i sta\u00f0i \u00ed Asd\u00f3d og \u00fear \u00ed kringum og \u00e1 me\u00f0al Philisteis. \u00dev\u00ed Drottinn hj\u00e1lpa\u00f0i honum\u00ed m\u00f3t Philisteis, m\u00f3t \u00feeim Arabis, m\u00f3t \u00feeim \u00ed G\u00far Baal og m\u00f3ti \u00feeim Meuniter. En \u00feeir Ammoniter f\u00e6r\u00f0u \u00das\u00eda g\u00e1fur og hann var\u00f0 nafnfr\u00e6gur allt til Egyptalands \u00fev\u00ed hann efldist meir og meir. Og \u00das\u00eda bygg\u00f0i einn turn \u00ed Jer\u00fasalem hj\u00e1 Hornporti og Dalporti og hj\u00e1 \u00f6\u00f0rum hornunum og gj\u00f6r\u00f0i \u00fe\u00e1 sterka. Hann bygg\u00f0i og kastala \u00ed ey\u00f0im\u00f6rku og gr\u00f3f marga brunna. \u00dev\u00ed hann var vellau\u00f0igur a\u00f0 kvikf\u00e9, b\u00e6\u00f0i \u00ed d\u00f6lunum og \u00e1 sl\u00e9ttunni. Hann setti og akurmenn og v\u00edngar\u00f0smenn \u00e1 fj\u00f6llunum og hj\u00e1 Karmel \u00fev\u00ed hann haf\u00f0i mikla lyst \u00e1 akurvinnu.<\/p>\n<p>\tOg \u00das\u00eda haf\u00f0i miki\u00f0 herli\u00f0 str\u00ed\u00f0smanna sem f\u00f3ru \u00ed bardaga og reikna\u00f0ir voru undir hendi Je\u00edel skrifara og Maesja emb\u00e6ttismanns og Hananja k\u00f3ngsins h\u00f6fu\u00f0smanna. <span class=\"athugasemd\" title=\"Talan \u00e1 str\u00ed\u00f0sf\u00f3lki \u00das\u00eda k\u00f3ngs\">[<\/span> Og \u00feeirra yppasta fe\u00f0ra tala af sterkum str\u00ed\u00f0sm\u00f6nnum voru tv\u00e6r \u00fe\u00fasundir og sex hundru\u00f0. Og undir \u00feeirra hendi var her \u00ferisvar sinnum hundra\u00f0 \u00fe\u00fasund sj\u00f6 \u00fe\u00fasund og fimm hundru\u00f0 vopnf\u00e6rra manna a\u00f0 hj\u00e1lpa k\u00f3nginum \u00ed m\u00f3ti s\u00ednum \u00f3vinum. Og \u00das\u00eda f\u00e9kk \u00feeim fyri allan herinn skildi, spj\u00f3t, hj\u00e1lma, brynjur, boga og steinsl\u00f6ngur. Og hann gj\u00f6r\u00f0i \u00ed Jer\u00fasalem alls kyns v\u00edgv\u00e9lar sem a\u00f0 vera skyldi \u00ed turnum og \u00e1 hornum til a\u00f0 skj\u00f3ta \u00fat me\u00f0 p\u00edlum og fleygja st\u00f3rum steinum. Og hans rykti barst v\u00ed\u00f0a \u00fat \u00fev\u00ed a\u00f0 Drottinn hj\u00e1lpa\u00f0i honum s\u00e9rlega \u00fear til a\u00f0 hann var\u00f0 mj\u00f6g megtugur.<\/p>\n<p>\tEn sem \u00das\u00eda k\u00f3ngur var megtugur or\u00f0inn \u00fe\u00e1 metna\u00f0ist hann \u00ed s\u00ednu hjarta s\u00e9r sj\u00e1lfum til gl\u00f6tunar \u00fev\u00ed hann gleymdi Drottni og gekk inn \u00ed musteri Drottins og vildi offra reykelsi yfir reykelsisaltarinu. En Asar\u00eda kennima\u00f0ur gekk eftir honum og \u00e1ttat\u00edgi Drottins kennimenn me\u00f0 honum, hraustir menn hverjir a\u00f0 st\u00f3\u00f0u \u00ed m\u00f3ti \u00das\u00eda k\u00f3ngi og s\u00f6g\u00f0u til hans: &#8222;Eigi ber \u00fe\u00e9r a\u00f0 veifa reykelsi fyrir Drottni heldur prestunu, sonum Aron, \u00feeir sem \u00fear eru helga\u00f0ir reykelsi a\u00f0 veifa. <span class=\"athugasemd\" title=\"Num. 8\">[<\/span> Gakk \u00fe\u00fa \u00fat af helgid\u00f3minum \u00fev\u00ed a\u00f0 \u00fe\u00fa hefur misgj\u00f6rt og \u00fea\u00f0 ver\u00f0ur \u00fe\u00e9r enginn hei\u00f0ur fyrir Gu\u00f0i Drottni.&#8220; <\/p>\n<p>\t\u00das\u00eda var\u00f0 rei\u00f0ur og hann h\u00e9lt \u00e1 gl\u00f3\u00f0arkerinu \u00ed sinni hendi. <span class=\"athugasemd\" title=\"\u00das\u00eda sleginn me\u00f0 l\u00edk\u00fer\u00e1 \/ 4. Reg. 15\">[<\/span> Og sem hann h\u00f3ta\u00f0i kennim\u00f6nnunum strax kom \u00fat l\u00edk\u00fer\u00e1 \u00ed hans enni fyrir prestanna augs\u00fdn \u00ed h\u00fasi Drottins, r\u00e9tt frammi fyrir reykelsisaltarinu. Og Asar\u00eda kennimannah\u00f6f\u00f0ingi sneri s\u00e9r til hans og allir prestarnir og sj\u00e1, \u00fe\u00e1 var komin \u00fat spitelska \u00ed hans enni og \u00feeir hrundu honum \u00fea\u00f0an. Hann fl\u00fdtti s\u00e9r og svo sj\u00e1lfur a\u00f0 ganga \u00fat \u00fev\u00ed hans pl\u00e1ga var af Drottni. Svo var\u00f0 n\u00fa k\u00f3ng \u00das\u00eda l\u00edk\u00fer\u00e1r allt til s\u00edns dau\u00f0a og hann bj\u00f3 \u00ed einu s\u00e9rlegu h\u00fasi, l\u00edk\u00fer\u00e1r, fyrir hverja hann var \u00fatrekinn af Gu\u00f0s h\u00fasi. Og J\u00f3tam hans son s\u00e1 fyrir k\u00f3ngsins h\u00fasi og d\u00e6mdi f\u00f3lki\u00f0 \u00ed landinu.<\/p>\n<p>\tHva\u00f0 sem meira er a\u00f0 segja um \u00das\u00edam, b\u00e6\u00f0i \u00fea\u00f0 fyrsta og s\u00ed\u00f0sta, \u00fea\u00f0 hefur Esajas sp\u00e1m\u00f0ur son Amos uppskrifa\u00f0. Og \u00das\u00eda sofna\u00f0i me\u00f0 s\u00ednum fe\u00f0rum og \u00feeir gr\u00f3fu hann hj\u00e1 hans fe\u00f0rum \u00ed akrinum hj\u00e1 k\u00f3nganna lei\u00f0um \u00fev\u00ed \u00feeir s\u00f6g\u00f0u: &#8222;Hann er l\u00edk\u00fer\u00e1r.&#8220; Og J\u00f3tam hans son t\u00f3k r\u00edki\u00f0 eftir hann.<\/p>\n","protected":false},"excerpt":{"rendered":"<p>XXVI. \u00de\u00e1 t\u00f3k allur l\u00fd\u00f0ur J\u00fada \u00das\u00edam, hann var \u00fe\u00e1 sext\u00e1n \u00e1ra gamall, og settu hann til k\u00f3ngs \u00ed s\u00edns f\u00f6\u00f0urs sta\u00f0 Amas\u00eda. [ Hann uppbyg\u00f0i El\u00f3t og kom henni aftur undir J\u00fada eftir \u00fea\u00f0 k\u00f3ngurinn var sofna\u00f0ur me\u00f0 s\u00ednum fe\u00f0rum. \u00das\u00eda var sext\u00e1n \u00e1ra \u00fe\u00e1 hann var\u00f0 k\u00f3ngur og hann r\u00edkti tv\u00f6 og fimmt\u00edgi \u00e1r \u00ed Jer\u00fasalem. Hans m\u00f3\u00f0ir h\u00e9t Jekalja af Jer\u00fasalem. Og hann gj\u00f6r\u00f0i \u00fea\u00f0 sem Drottni vel l\u00edka\u00f0i eins og hans fa\u00f0ir Amas\u00eda haf\u00f0i gj\u00f6rt og hann leita\u00f0i Drottins so lengi sem Sakar\u00eda lif\u00f0i hver e\u00f0 var menntur \u00ed Gu\u00f0s [ s\u00fdnum. Og svo lengi sem <a href=\"https:\/\/biblian.is\/gudbrandsbiblia\/sidari-kronikubok-26-kafli\/\"> [&#8230;]<\/a><\/p>\n","protected":false},"author":1,"featured_media":0,"parent":0,"menu_order":0,"comment_status":"open","ping_status":"open","template":"bibliukaflar.php","meta":{"footnotes":""},"class_list":["post-3086","page","type-page","status-publish","hentry"],"_links":{"self":[{"href":"https:\/\/biblian.is\/gudbrandsbiblia\/wp-json\/wp\/v2\/pages\/3086","targetHints":{"allow":["GET"]}}],"collection":[{"href":"https:\/\/biblian.is\/gudbrandsbiblia\/wp-json\/wp\/v2\/pages"}],"about":[{"href":"https:\/\/biblian.is\/gudbrandsbiblia\/wp-json\/wp\/v2\/types\/page"}],"author":[{"embeddable":true,"href":"https:\/\/biblian.is\/gudbrandsbiblia\/wp-json\/wp\/v2\/users\/1"}],"replies":[{"embeddable":true,"href":"https:\/\/biblian.is\/gudbrandsbiblia\/wp-json\/wp\/v2\/comments?post=3086"}],"version-history":[{"count":0,"href":"https:\/\/biblian.is\/gudbrandsbiblia\/wp-json\/wp\/v2\/pages\/3086\/revisions"}],"wp:attachment":[{"href":"https:\/\/biblian.is\/gudbrandsbiblia\/wp-json\/wp\/v2\/media?parent=3086"}],"curies":[{"name":"wp","href":"https:\/\/api.w.org\/{rel}","templated":true}]}}

Síðari kroníkubók 26. kafli

<p>XXVI.</p>
<p>Þá tók allur lýður Júda Úsíam, hann var þá sextán ára gamall, og settu hann til kóngs í síns föðurs stað Amasía. <span class="athugasemd" title="Úsía 52 ár kóngur í Júda / 4. Reg. 15">[</span> Hann uppbygði Elót og kom henni aftur undir Júda eftir það kóngurinn var sofnaður með sínum feðrum. Úsía var sextán ára þá hann varð kóngur og hann ríkti tvö og fimmtígi ár í Jerúsalem. Hans móðir hét Jekalja af Jerúsalem. Og hann gjörði það sem Drottni vel líkaði eins og hans faðir Amasía hafði gjört og hann leitaði Drottins so lengi sem Sakaría lifði hver eð var menntur í Guðs <span class="athugasemd" title="a / (Sýnum) / Sjónir eru spádómar og er meiningin að sakaría hafi verið lærður í Móse, spámönnunum Samúel, Davíð, Gað og öðrum fleirum">[</span> sýnum. Og svo lengi sem hann leitaði Drottins þá lét Guð allt vel lukkast fyrir honum.</p>
<p>	Og hann dró út í bardaga mót þeim Philisteis og niðurbraut múrinn í Gat og múrinn í Jabne og múrinn í Asdód en uppbyggði staði í Asdód og þar í kringum og á meðal Philisteis. Því Drottinn hjálpaði honumí mót Philisteis, mót þeim Arabis, mót þeim í Gúr Baal og móti þeim Meuniter. En þeir Ammoniter færðu Úsía gáfur og hann varð nafnfrægur allt til Egyptalands því hann efldist meir og meir. Og Úsía byggði einn turn í Jerúsalem hjá Hornporti og Dalporti og hjá öðrum hornunum og gjörði þá sterka. Hann byggði og kastala í eyðimörku og gróf marga brunna. Því hann var vellauðigur að kvikfé, bæði í dölunum og á sléttunni. Hann setti og akurmenn og víngarðsmenn á fjöllunum og hjá Karmel því hann hafði mikla lyst á akurvinnu.</p>
<p>	Og Úsía hafði mikið herlið stríðsmanna sem fóru í bardaga og reiknaðir voru undir hendi Jeíel skrifara og Maesja embættismanns og Hananja kóngsins höfuðsmanna. <span class="athugasemd" title="Talan á stríðsfólki Úsía kóngs">[</span> Og þeirra yppasta feðra tala af sterkum stríðsmönnum voru tvær þúsundir og sex hundruð. Og undir þeirra hendi var her þrisvar sinnum hundrað þúsund sjö þúsund og fimm hundruð vopnfærra manna að hjálpa kónginum í móti sínum óvinum. Og Úsía fékk þeim fyri allan herinn skildi, spjót, hjálma, brynjur, boga og steinslöngur. Og hann gjörði í Jerúsalem alls kyns vígvélar sem að vera skyldi í turnum og á hornum til að skjóta út með pílum og fleygja stórum steinum. Og hans rykti barst víða út því að Drottinn hjálpaði honum sérlega þar til að hann varð mjög megtugur.</p>
<p>	En sem Úsía kóngur var megtugur orðinn þá metnaðist hann í sínu hjarta sér sjálfum til glötunar því hann gleymdi Drottni og gekk inn í musteri Drottins og vildi offra reykelsi yfir reykelsisaltarinu. En Asaría kennimaður gekk eftir honum og áttatígi Drottins kennimenn með honum, hraustir menn hverjir að stóðu í móti Úsía kóngi og sögðu til hans: &#8222;Eigi ber þér að veifa reykelsi fyrir Drottni heldur prestunu, sonum Aron, þeir sem þar eru helgaðir reykelsi að veifa. <span class="athugasemd" title="Num. 8">[</span> Gakk þú út af helgidóminum því að þú hefur misgjört og það verður þér enginn heiður fyrir Guði Drottni.&#8220; </p>
<p>	Úsía varð reiður og hann hélt á glóðarkerinu í sinni hendi. <span class="athugasemd" title="Úsía sleginn með líkþrá / 4. Reg. 15">[</span> Og sem hann hótaði kennimönnunum strax kom út líkþrá í hans enni fyrir prestanna augsýn í húsi Drottins, rétt frammi fyrir reykelsisaltarinu. Og Asaría kennimannahöfðingi sneri sér til hans og allir prestarnir og sjá, þá var komin út spitelska í hans enni og þeir hrundu honum þaðan. Hann flýtti sér og svo sjálfur að ganga út því hans plága var af Drottni. Svo varð nú kóng Úsía líkþrár allt til síns dauða og hann bjó í einu sérlegu húsi, líkþrár, fyrir hverja hann var útrekinn af Guðs húsi. Og Jótam hans son sá fyrir kóngsins húsi og dæmdi fólkið í landinu.</p>
<p>	Hvað sem meira er að segja um Úsíam, bæði það fyrsta og síðsta, það hefur Esajas spámður son Amos uppskrifað. Og Úsía sofnaði með sínum feðrum og þeir grófu hann hjá hans feðrum í akrinum hjá kónganna leiðum því þeir sögðu: &#8222;Hann er líkþrár.&#8220; Og Jótam hans son tók ríkið eftir hann.</p>

<p>XXVI. Þá tók allur lýður Júda Úsíam, hann var þá sextán ára gamall, og settu hann til kóngs í síns föðurs stað Amasía. [ Hann uppbygði Elót og kom henni aftur undir Júda eftir það kóngurinn var sofnaður með sínum feðrum. Úsía var sextán ára þá hann varð kóngur og hann ríkti tvö og fimmtígi ár í Jerúsalem. Hans móðir hét Jekalja af Jerúsalem. Og hann gjörði það sem Drottni vel líkaði eins og hans faðir Amasía hafði gjört og hann leitaði Drottins so lengi sem Sakaría lifði hver eð var menntur í Guðs [ sýnum. Og svo lengi sem <a href="https://biblian.is/gudbrandsbiblia/sidari-kronikubok-26-kafli/"> [&#8230;]</a></p>
