{"id":3085,"date":"2017-12-18T18:32:36","date_gmt":"2017-12-18T18:32:36","guid":{"rendered":"http:\/\/biblian.is\/gudbrandsbiblia\/sidari-kronikubok-25-kafli\/"},"modified":"2017-12-18T18:32:36","modified_gmt":"2017-12-18T18:32:36","slug":"sidari-kronikubok-25-kafli","status":"publish","type":"page","link":"https:\/\/biblian.is\/gudbrandsbiblia\/sidari-kronikubok-25-kafli\/","title":{"rendered":"S\u00ed\u00f0ari kron\u00edkub\u00f3k 25. kafli"},"content":{"rendered":"<p>XXV.<\/p>\n<p>Amas\u00eda t\u00f3k k\u00f3ngd\u00f3m eftir sinn f\u00f6\u00f0ur \u00fe\u00e1 hann haf\u00f0i fimm \u00e1r og tuttugu en hann r\u00edkti n\u00edu \u00e1r og tuttugu \u00ed Jer\u00fasalem. <span class=\"athugasemd\" title=\"Amas\u00eda 29 \u00e1r k\u00f3ngur \u00ed Jer\u00fasalem \/ 4. Reg. 14\">[<\/span> Hans m\u00f3\u00f0ir h\u00e9t J\u00f3adan af Jer\u00fasalem. Hann gj\u00f6r\u00f0i \u00fea\u00f0 sem Drottni vel \u00fe\u00f3kna\u00f0ist en \u00fe\u00f3 ekki af \u00f6llu hjarta. En sem hann var sta\u00f0festur \u00ed s\u00ednu r\u00edki \u00fe\u00e1 sl\u00f3 hann s\u00edna \u00fe\u00e9nara \u00ed hel \u00fe\u00e1 sem \u00e1\u00f0ur h\u00f6f\u00f0u drepi\u00f0 hans f\u00f6\u00f0ur. En \u00feeirra sonum gj\u00f6r\u00f0i hann ekki grand \u00fev\u00ed a\u00f0 so stendur skrifa\u00f0 \u00ed M\u00f3ses l\u00f6gm\u00e1li, \u00fear a\u00f0 Drottinn svo b\u00fd\u00f0ur: &#8222;Fe\u00f0urnir skulu eigi deyja fyrir synina, eigi heldur synirnir fyrir fe\u00f0urna, heldur skal hver deyja fyrir s\u00edna eigin synd.&#8220; <span class=\"athugasemd\" title=\"Deut. 34 \/ Esek. 18\">[<\/span> <\/p>\n<p>\tOg Amas\u00eda samankalla\u00f0i J\u00fada og setti af \u00feeim yfir \u00feeirra fe\u00f0ra h\u00fas h\u00f6f\u00f0ingja yfir \u00fe\u00fasund og yfir hundra\u00f0 me\u00f0al alls J\u00fada og Benjam\u00edn og hann reikna\u00f0i \u00fe\u00e1 sem voru tv\u00edtugir og \u00fea\u00f0an af eldri og fann \u00feeirra t\u00f6lu \u00ferisvar sinnum hundra\u00f0 \u00fe\u00fasund \u00fatvaldra sem f\u00e6rir voru til bardaga a\u00f0 bera b\u00e6\u00f0i skj\u00f6ld og spj\u00f3t. \u00dear a\u00f0 auk t\u00f3k hann til s\u00edn af \u00cdsrael hundra\u00f0 \u00fe\u00fasund sterkra str\u00ed\u00f0smanna fyrir hundra\u00f0 centener silfurs.<\/p>\n<p>\tEn \u00fear kom einn gu\u00f0sma\u00f0ur til hans og sag\u00f0i: <span class=\"athugasemd\" title=\"Gu\u00f0sma\u00f0ur \u00e1minnir Amas\u00edam\">[<\/span> &#8222;\u00de\u00fa k\u00f3ngur, l\u00e1t ekki \u00cdsraelsher fara me\u00f0 \u00fe\u00e9r \u00fev\u00ed Drottinn er ekki me\u00f0 \u00cdsrael, eigi heldur me\u00f0 \u00f6llum sonum Efra\u00edm. \u00dev\u00ed ef \u00fe\u00fa kemur \u00ed bardaga a\u00f0 s\u00fdna hreysti \u00fe\u00edna \u00fe\u00e1 mun Gu\u00f0 l\u00e1ta \u00feig falla fyrir \u00fe\u00ednum \u00f3vinum. \u00dev\u00ed a\u00f0 hj\u00e1 Gu\u00f0i er magtin til a\u00f0 hj\u00e1lpa og svo til a\u00f0 l\u00e1ta falla.&#8220; Amas\u00eda k\u00f3ngur svara\u00f0i \u00feessum gu\u00f0smanni: &#8222;Hva\u00f0 skal \u00fe\u00e1 gj\u00f6ra af \u00feeim hundra\u00f0 centener sem eg hefi gefi\u00f0 str\u00ed\u00f0sm\u00f6nnum af \u00cdsrael?&#8220; Gu\u00f0sma\u00f0ur svara\u00f0i: &#8222;Drottinn hefur meira en \u00feetta \u00fea\u00f0 sem hann kann a\u00f0 gefa \u00fe\u00e9r.&#8220; Eftir \u00feetta skildi Amas\u00eda \u00fea\u00f0 str\u00ed\u00f0sf\u00f3lk fr\u00e1 s\u00e9r sem til hans var komi\u00f0 af Efra\u00edm a\u00f0 \u00fea\u00f0 f\u00e6ri til sinna heimkynna. \u00deetta gramdist f\u00f3lkinu vi\u00f0 J\u00fada og f\u00f3r heim aftur til sinna heimkynna me\u00f0 grimmum hug.<\/p>\n<p>\tEn Amas\u00eda f\u00e9kk styrking og f\u00e6r\u00f0i \u00fat sinn her ogi dr\u00f3 \u00ed \u00feann sta\u00f0 sem kalla\u00f0ist Saltdalur og sl\u00f3 \u00fear t\u00edu \u00fe\u00fasund af sonum Se\u00edr. <span class=\"athugasemd\" title=\"Edomiter slegnir\">[<\/span> Og synir J\u00fada t\u00f3ku til fanga af \u00feeim t\u00edu \u00fe\u00fasund manna lifandi og leiddi \u00fe\u00e1 upp \u00e1 eina fjallsgn\u00edpu og \u00feeir hrundu \u00feeim ofan fyrir fjallsgn\u00edpuna svo \u00feeir brustu allir \u00ed sundur. En \u00fea\u00f0 str\u00ed\u00f0sf\u00f3lk sem Amas\u00eda gaf orlof til heimfer\u00f0ar a\u00f0 \u00feeir f\u00e6ri ekki \u00ed str\u00ed\u00f0 me\u00f0 hans f\u00f3lki \u00fea\u00f0 settist ni\u00f0ur um borgir J\u00fada allt fr\u00e1 Samaria og til Bet H\u00f3ron og sl\u00f3gu \u00fear \u00ed hel \u00ferj\u00e1r \u00fe\u00fasundir manns og t\u00f3ku \u00fear miki\u00f0 herfang.<\/p>\n<p>\tN\u00fa sem Amas\u00eda kom aftur fr\u00e1 \u00fev\u00ed slagi sem hann veitti \u00feeim Edomiter \u00fe\u00e1 f\u00e6r\u00f0i hann me\u00f0 s\u00e9r afgu\u00f0i sona Se\u00edr og setti \u00fe\u00e1 s\u00e9r til gu\u00f0a, d\u00fdrka\u00f0i \u00fe\u00e1 og tilba\u00f0 \u00fe\u00e1 og brenndi fyrir \u00feeim reykelsi. \u00de\u00e1 kom Drottins rei\u00f0i yfir Amas\u00eda og sendi til hans einn sp\u00e1mann hver e\u00f0 sag\u00f0i til hans: <span class=\"athugasemd\" title=\"Einn sp\u00e1ma\u00f0ur straffar Amas\u00eda\">[<\/span> &#8222;\u00dev\u00ed leitar \u00fe\u00fa a\u00f0 \u00feess f\u00f3lks gu\u00f0um sem a\u00f0 eigi g\u00e1tu hj\u00e1lpa\u00f0 s\u00ednu f\u00f3lki af \u00feinni hendi?&#8220; En sem hann tala\u00f0i \u00feetta vi\u00f0 hann \u00fe\u00e1 sag\u00f0i k\u00f3ngurinn: &#8222;Hafa menn sett \u00feig til k\u00f3ngs r\u00e1\u00f0gjafa? L\u00e1t af so a\u00f0 eg sl\u00e1i \u00feig ekki.&#8220; \u00de\u00e1 h\u00e6tti sp\u00e1ma\u00f0urinn og sag\u00f0i: &#8222;Merki eg vel a\u00f0 Gu\u00f0 hefur \u00e1sett s\u00e9r a\u00f0 fordjarfa \u00feig fyrst \u00fe\u00fa gj\u00f6r\u00f0ir \u00feetta og vilt eigi a\u00f0 hl\u00fd\u00f0a m\u00ednum r\u00e1\u00f0um.&#8220;<\/p>\n<p>\tAmas\u00eda J\u00fadak\u00f3ngur haf\u00f0i r\u00e1\u00f0 r\u00e1\u00f0gjafa sinna og sendi or\u00f0 J\u00f3as Israelisk\u00f3ngi syni J\u00f3akas, sonar Jeh\u00fa, og l\u00e9t segja so: <span class=\"athugasemd\" title=\"Amas\u00eda leitar eftir \u00f3lukku og finnur hana\">[<\/span> &#8222;Kom og sj\u00e1i hvor okkar annan.&#8220; En J\u00f3ab Israelisk\u00f3ngur sendi til Amas\u00eda k\u00f3ngs J\u00fada og l\u00e9t segja honum: &#8222;\u00deyrnirunnurinn \u00ed L\u00edbanon sendi sedrus \u00ed L\u00edbanon \u00feessa or\u00f0sending: Gef \u00fe\u00edna d\u00f3ttir m\u00ednum syni til kvinnu. En villud\u00fdrin \u00ed L\u00edbanon hlupu yfir um \u00feyrnirunninn og tr\u00e1\u00f0u hann undir f\u00f3tum. \u00de\u00fa hugsar: Sj\u00e1, eg hefi slegi\u00f0 \u00fe\u00e1 Edomitas. Af \u00fev\u00ed metnast \u00feitt hjarta og st\u00e6rir sig. Vert \u00fe\u00fa heima e\u00f0a \u00fev\u00ed leitar \u00fe\u00fa eftir \u00f3lukku svo \u00fe\u00fa fallir og J\u00fada me\u00f0 \u00fe\u00e9r?&#8220;<\/p>\n<p>\tEn Amas\u00eda hl\u00fdddi hans bo\u00f0skap ekki \u00fev\u00ed \u00fea\u00f0 ske\u00f0i af Drottni a\u00f0 \u00feeir skyldu gefast \u00ed \u00f3vina hendur fyrir \u00fea\u00f0 \u00feeir h\u00f6f\u00f0u leita\u00f0 Edomiters sk\u00fargo\u00f0a. \u00de\u00e1 f\u00f3r J\u00f3as Israelisk\u00f3ngur upp og \u00feeir s\u00e1u hver annan, hann og Amas\u00eda k\u00f3ngur J\u00fada, \u00ed Bet Semes sem liggur \u00ed landi J\u00fada. En J\u00fada f\u00e9ll fyrir \u00cdsrael og fl\u00fd\u00f0i hver til sinna tjaldb\u00fa\u00f0a. En J\u00f3as son J\u00f3akas \u00cdsraelsk\u00f3ngur t\u00f3k til fanga Amas\u00eda son J\u00f3as k\u00f3ng J\u00fada \u00ed greindum sta\u00f0 Bet Semes og flutti hann til Jer\u00fasalem. Og hann ni\u00f0urbraut sta\u00f0arm\u00farinn fr\u00e1 Efra\u00edmsporti og allt a\u00f0 \u00fev\u00ed porti sem st\u00f3\u00f0 vi\u00f0 horni\u00f0, fj\u00f6gur hundru\u00f0 \u00e1lna langt. Hann t\u00f3k og \u00ed burt \u00fea\u00f0 gull og silfur og \u00f6ll \u00feau ker \u00feau sem voru \u00ed Drottins h\u00fasi hj\u00e1 \u00d3be\u00f0 Ed\u00f3m og alla f\u00e9sj\u00f3\u00f0u \u00ed k\u00f3ngsins h\u00fasi og hann flutti b\u00f6rnin \u00ed g\u00edsling me\u00f0 s\u00e9r \u00ed Samariam.<\/p>\n<p>\tOg Amas\u00eda son J\u00f3as k\u00f3ngur J\u00fada lif\u00f0i fimmt\u00e1n \u00e1r eftir dau\u00f0a J\u00f3as sonar J\u00f3akas \u00cdsraelsk\u00f3ngs. En hva\u00f0 meira er a\u00f0 segja af Amas\u00eda, b\u00e6\u00f0i \u00fea\u00f0 fyrsta og i\u00f0 s\u00ed\u00f0sta, sj\u00b4, \u00fea\u00f0 er skrifa\u00f0 \u00ed B\u00f3k J\u00fada- og \u00cdsraelsk\u00f3nga. En fr\u00e1 \u00feeim t\u00edma sem a\u00f0 Amas\u00eda gaf sig fr\u00e1 Gu\u00f0i \u00fe\u00e1 b\u00e1ru \u00feeir r\u00e1\u00f0 saman \u00ed m\u00f3ti honum \u00ed Jer\u00fasalem en hann fl\u00fd\u00f0i til Lak\u00eds. \u00deanga\u00f0 sendu \u00feeir eftir honum og l\u00e9tu drepa hann \u00fear og fluttu hann so \u00e1 hestum og gr\u00f3fu hann hj\u00e1 s\u00ednum fe\u00f0rum \u00ed borg J\u00fada.<\/p>\n","protected":false},"excerpt":{"rendered":"<p>XXV. Amas\u00eda t\u00f3k k\u00f3ngd\u00f3m eftir sinn f\u00f6\u00f0ur \u00fe\u00e1 hann haf\u00f0i fimm \u00e1r og tuttugu en hann r\u00edkti n\u00edu \u00e1r og tuttugu \u00ed Jer\u00fasalem. [ Hans m\u00f3\u00f0ir h\u00e9t J\u00f3adan af Jer\u00fasalem. Hann gj\u00f6r\u00f0i \u00fea\u00f0 sem Drottni vel \u00fe\u00f3kna\u00f0ist en \u00fe\u00f3 ekki af \u00f6llu hjarta. En sem hann var sta\u00f0festur \u00ed s\u00ednu r\u00edki \u00fe\u00e1 sl\u00f3 hann s\u00edna \u00fe\u00e9nara \u00ed hel \u00fe\u00e1 sem \u00e1\u00f0ur h\u00f6f\u00f0u drepi\u00f0 hans f\u00f6\u00f0ur. En \u00feeirra sonum gj\u00f6r\u00f0i hann ekki grand \u00fev\u00ed a\u00f0 so stendur skrifa\u00f0 \u00ed M\u00f3ses l\u00f6gm\u00e1li, \u00fear a\u00f0 Drottinn svo b\u00fd\u00f0ur: &#8222;Fe\u00f0urnir skulu eigi deyja fyrir synina, eigi heldur synirnir fyrir fe\u00f0urna, heldur skal hver deyja <a href=\"https:\/\/biblian.is\/gudbrandsbiblia\/sidari-kronikubok-25-kafli\/\"> [&#8230;]<\/a><\/p>\n","protected":false},"author":1,"featured_media":0,"parent":0,"menu_order":0,"comment_status":"open","ping_status":"open","template":"bibliukaflar.php","meta":{"footnotes":""},"class_list":["post-3085","page","type-page","status-publish","hentry"],"_links":{"self":[{"href":"https:\/\/biblian.is\/gudbrandsbiblia\/wp-json\/wp\/v2\/pages\/3085","targetHints":{"allow":["GET"]}}],"collection":[{"href":"https:\/\/biblian.is\/gudbrandsbiblia\/wp-json\/wp\/v2\/pages"}],"about":[{"href":"https:\/\/biblian.is\/gudbrandsbiblia\/wp-json\/wp\/v2\/types\/page"}],"author":[{"embeddable":true,"href":"https:\/\/biblian.is\/gudbrandsbiblia\/wp-json\/wp\/v2\/users\/1"}],"replies":[{"embeddable":true,"href":"https:\/\/biblian.is\/gudbrandsbiblia\/wp-json\/wp\/v2\/comments?post=3085"}],"version-history":[{"count":0,"href":"https:\/\/biblian.is\/gudbrandsbiblia\/wp-json\/wp\/v2\/pages\/3085\/revisions"}],"wp:attachment":[{"href":"https:\/\/biblian.is\/gudbrandsbiblia\/wp-json\/wp\/v2\/media?parent=3085"}],"curies":[{"name":"wp","href":"https:\/\/api.w.org\/{rel}","templated":true}]}}