{"id":3075,"date":"2017-12-18T18:32:36","date_gmt":"2017-12-18T18:32:36","guid":{"rendered":"http:\/\/biblian.is\/gudbrandsbiblia\/sidari-kronikubok-15-kafli\/"},"modified":"2017-12-18T18:32:36","modified_gmt":"2017-12-18T18:32:36","slug":"sidari-kronikubok-15-kafli","status":"publish","type":"page","link":"https:\/\/biblian.is\/gudbrandsbiblia\/sidari-kronikubok-15-kafli\/","title":{"rendered":"S\u00ed\u00f0ari kron\u00edkub\u00f3k 15. kafli"},"content":{"rendered":"<p>XV.<\/p>\n<p>Eftir \u00feetta kom andi Drottins yfir Assarja son \u00d3be\u00f0. <span class=\"athugasemd\" title=\"Assarja sp\u00e1r fyrir\">[<\/span> Hann gekk \u00fat \u00ed m\u00f3t Assa og sag\u00f0i til hans: &#8222;Heyr mig Assa og allur J\u00fada og Benjam\u00edn. Drottinn er me\u00f0 y\u00f0ur \u00fev\u00ed a\u00f0 \u00fe\u00e9r eru\u00f0 me\u00f0 honum og \u00fe\u00e1 \u00fe\u00e9r leiti\u00f0 a\u00f0 honum l\u00e6tur hann y\u00f0ur finna sig. En ef \u00fe\u00e9r yfirgefi\u00f0 hann \u00fe\u00e1 mun hann yfirgefa y\u00f0ur. \u00dear skulu l\u00ed\u00f0a margir dagar \u00ed \u00cdsrael a\u00f0 \u00fear mun enginn sannur Gu\u00f0 vera, enginn prestur s\u00e1 sem kennir og ekkert l\u00f6gm\u00e1l. Og \u00fe\u00e1 \u00feeir sn\u00faa s\u00e9r \u00ed sinni ney\u00f0 til Drottins Gu\u00f0s \u00cdsraels og leita a\u00f0 honum \u00fe\u00e1 mun hann l\u00e1ta sig finna. <span class=\"athugasemd\" title=\"Hosee 3 \/ Gu\u00f0 er me\u00f0 oss n\u00e6r v\u00e9r erum me\u00f0 honum\">[<\/span> Og \u00e1 \u00feeim t\u00edma skal \u00feeim ekki vegna vel sem a\u00f0 ganga \u00fat og inn \u00fev\u00ed \u00fear skal ver\u00f0a ein st\u00f3rmikil h\u00f6rmung yfir \u00f6llum \u00feeim sem b\u00faa \u00e1 j\u00f6r\u00f0unni. \u00dev\u00ed eitt f\u00f3lk skal berjast \u00ed m\u00f3ti \u00f6\u00f0ru og einn sta\u00f0ur \u00ed m\u00f3t \u00f6\u00f0rum \u00fev\u00ed Gu\u00f0 skal skelfa \u00fe\u00e1 me\u00f0 alls kyns angist. En \u00fe\u00e9r skulu\u00f0 vera me\u00f0 einu g\u00f3\u00f0u ge\u00f0i og taki\u00f0 ekki y\u00f0ar hendur \u00fear fr\u00e1 \u00fev\u00ed y\u00f0ar gj\u00f6rningur hefur s\u00edn laun.&#8220;<\/p>\n<p>\tEn sem Assa heyr\u00f0i \u00feessi or\u00f0 og sp\u00e1d\u00f3m \u00d3be\u00f0 sp\u00e1manns \u00fe\u00e1 styrktist hann og \u00ed burt t\u00f3k allar sv\u00edvir\u00f0ingar af \u00f6llu J\u00fada- og Benjam\u00ednslandi og svo l\u00edka af \u00feeim borgum sem hann haf\u00f0i unni\u00f0 \u00e1 fjallinu Efra\u00edm og hann endurb\u00e6tti altari Drottins \u00fea\u00f0 sem st\u00f3\u00f0 fyrir Drottins fordyrum. <span class=\"athugasemd\" title=\"\u00d3be\u00f0\">[<\/span> Og hann samansafna\u00f0i \u00f6llum J\u00fada og Benjam\u00edn og \u00feeim \u00fatlendu af Efra\u00edm, Manasse og S\u00edmeon \u00fev\u00ed margir af \u00feeim \u00ed \u00cdsrael f\u00e9llu til hans \u00fe\u00e1 \u00feeir s\u00e1u a\u00f0 Drottinn hans Gu\u00f0 var me\u00f0 honum.<\/p>\n<p>\tOg \u00feeir s\u00f6fnu\u00f0ust saman \u00ed Jer\u00fasalem \u00ed \u00feeim \u00feri\u00f0ja m\u00e1nu\u00f0i \u00e1 fimmt\u00e1nda \u00e1ri r\u00edkis Assa og f\u00e6r\u00f0u Drottni \u00feann sama dag f\u00f3rnir af \u00fev\u00ed herfangi sem \u00feeir h\u00f6f\u00f0u heimf\u00e6rt, sj\u00f6 hundru\u00f0 uxa og sj\u00f6 \u00fe\u00fasund sau\u00f0i, og \u00feeir bundu samt\u00f6k me\u00f0 s\u00e9r a\u00f0 leita Drottins \u00feeirra fe\u00f0ra Gu\u00f0s af \u00f6llu hjarta og af allri s\u00e1lu. Og hver s\u00e1 sem ekki vildi leita Drottins \u00cdsraels Gu\u00f0s hann skyldi missa l\u00edfi\u00f0, meiri h\u00e1ttar og minni, b\u00e6\u00f0i menn og kvinnur. <span class=\"athugasemd\" title=\"S\u00e1ttm\u00e1l me\u00f0 Gu\u00f0\">[<\/span> Og allur J\u00fada var\u00f0 gla\u00f0ur yfir ei\u00f0num \u00fev\u00ed a\u00f0 \u00feeir h\u00f6f\u00f0u svari\u00f0 af al\u00fa\u00f0 s\u00edns hjarta og \u00feeir leitu\u00f0u hans af \u00f6llum vilja og hann l\u00e9t \u00fe\u00e1 finna sig og Drottinn gaf \u00feeim fri\u00f0 umhverfis. <\/p>\n<p>\tOg k\u00f3ng Assa afsetti s\u00edna m\u00f3\u00f0ur Maeka af <span class=\"athugasemd\" title=\"sword Emb\u00e6tti\">[<\/span> valdinu \u00fev\u00ed h\u00fan haf\u00f0i stifta\u00f0 Mipleset \u00ed einum lundi. Og Assa afm\u00e1\u00f0i hennar Mipleset og braut \u00fea\u00f0 \u00ed sundur og brenndi \u00fea\u00f0 \u00ed l\u00e6knum Kedron. <span class=\"athugasemd\" title=\"Mipleset \/ 3. Reg. 15\">[<\/span> En \u00fe\u00e6r h\u00e6\u00f0ir \u00ed \u00cdsrael voru ekki burt teknar. \u00de\u00f3 var Assa hjarta r\u00e9tt alla hans daga. Og hann flutti inn \u00ed Gu\u00f0s h\u00fas \u00fea\u00f0 sem hans fa\u00f0ir haf\u00f0i helga\u00f0 og \u00fea\u00f0 hann sj\u00e1lfur haf\u00f0i helga\u00f0, silfur, gull og ker. Og \u00fear var enginn \u00f3fri\u00f0ur inn til \u00feess fimmt\u00e1nda og tuttugasta \u00e1rs Assa k\u00f3ngs.<\/p>\n","protected":false},"excerpt":{"rendered":"<p>XV. Eftir \u00feetta kom andi Drottins yfir Assarja son \u00d3be\u00f0. [ Hann gekk \u00fat \u00ed m\u00f3t Assa og sag\u00f0i til hans: &#8222;Heyr mig Assa og allur J\u00fada og Benjam\u00edn. Drottinn er me\u00f0 y\u00f0ur \u00fev\u00ed a\u00f0 \u00fe\u00e9r eru\u00f0 me\u00f0 honum og \u00fe\u00e1 \u00fe\u00e9r leiti\u00f0 a\u00f0 honum l\u00e6tur hann y\u00f0ur finna sig. En ef \u00fe\u00e9r yfirgefi\u00f0 hann \u00fe\u00e1 mun hann yfirgefa y\u00f0ur. \u00dear skulu l\u00ed\u00f0a margir dagar \u00ed \u00cdsrael a\u00f0 \u00fear mun enginn sannur Gu\u00f0 vera, enginn prestur s\u00e1 sem kennir og ekkert l\u00f6gm\u00e1l. Og \u00fe\u00e1 \u00feeir sn\u00faa s\u00e9r \u00ed sinni ney\u00f0 til Drottins Gu\u00f0s \u00cdsraels og leita a\u00f0 honum \u00fe\u00e1 mun <a href=\"https:\/\/biblian.is\/gudbrandsbiblia\/sidari-kronikubok-15-kafli\/\"> [&#8230;]<\/a><\/p>\n","protected":false},"author":1,"featured_media":0,"parent":0,"menu_order":0,"comment_status":"open","ping_status":"open","template":"bibliukaflar.php","meta":{"footnotes":""},"class_list":["post-3075","page","type-page","status-publish","hentry"],"_links":{"self":[{"href":"https:\/\/biblian.is\/gudbrandsbiblia\/wp-json\/wp\/v2\/pages\/3075","targetHints":{"allow":["GET"]}}],"collection":[{"href":"https:\/\/biblian.is\/gudbrandsbiblia\/wp-json\/wp\/v2\/pages"}],"about":[{"href":"https:\/\/biblian.is\/gudbrandsbiblia\/wp-json\/wp\/v2\/types\/page"}],"author":[{"embeddable":true,"href":"https:\/\/biblian.is\/gudbrandsbiblia\/wp-json\/wp\/v2\/users\/1"}],"replies":[{"embeddable":true,"href":"https:\/\/biblian.is\/gudbrandsbiblia\/wp-json\/wp\/v2\/comments?post=3075"}],"version-history":[{"count":0,"href":"https:\/\/biblian.is\/gudbrandsbiblia\/wp-json\/wp\/v2\/pages\/3075\/revisions"}],"wp:attachment":[{"href":"https:\/\/biblian.is\/gudbrandsbiblia\/wp-json\/wp\/v2\/media?parent=3075"}],"curies":[{"name":"wp","href":"https:\/\/api.w.org\/{rel}","templated":true}]}}