{"id":3070,"date":"2017-12-18T18:32:32","date_gmt":"2017-12-18T18:32:32","guid":{"rendered":"http:\/\/biblian.is\/gudbrandsbiblia\/sidari-kronikubok-10-kafli\/"},"modified":"2017-12-18T18:32:32","modified_gmt":"2017-12-18T18:32:32","slug":"sidari-kronikubok-10-kafli","status":"publish","type":"page","link":"https:\/\/biblian.is\/gudbrandsbiblia\/sidari-kronikubok-10-kafli\/","title":{"rendered":"S\u00ed\u00f0ari kron\u00edkub\u00f3k 10. kafli"},"content":{"rendered":"<p>X.<\/p>\n<p>R\u00f3b\u00f3am f\u00f3r til S\u00edkem \u00fev\u00ed a\u00f0 allur \u00cdsrael var \u00fear kominn a\u00f0 taka hann til k\u00f3ngs. <span class=\"athugasemd\" title=\"3. Reg. 12 \/ R\u00f3b\u00f3am k\u00f3ngur\">[<\/span> En sem Jer\u00f3b\u00f3am son Nebat sem var \u00ed Egyptalandi heyr\u00f0i \u00fea\u00f0 (\u00fev\u00ed a\u00f0 hann haf\u00f0i fl\u00fai\u00f0 \u00feanga\u00f0 undan Sal\u00f3mon) \u00fe\u00e1 kom hann aftur af Egyptalandi. <span class=\"athugasemd\" title=\"Jer\u00f3b\u00f3am \/ 3. Reg. 11\">[<\/span> Og \u00feeir sendu bo\u00f0 og l\u00e9tu kalla hann. Og Jer\u00f3b\u00f3am kom me\u00f0 \u00f6llum \u00cdsrael og tala\u00f0i vi\u00f0 R\u00f3b\u00f3am og sag\u00f0i: &#8222;\u00deinn fa\u00f0ir lag\u00f0i \u00feungt \u00e1nau\u00f0arok \u00e1 oss. Svo gj\u00f6r \u00fe\u00fa n\u00fa \u00fe\u00e1 h\u00f6r\u00f0u \u00e1nau\u00f0ar\u00fej\u00f3nustu \u00fe\u00edns f\u00f6\u00f0urs og hans \u00feunga ok nokkrum mun l\u00e9ttara sem hann lag\u00f0i \u00e1 oss. \u00de\u00e1 viljum v\u00e9r \u00fej\u00f3na \u00fe\u00e9r.&#8220; Og hann sag\u00f0i til \u00feeirra: &#8222;Eftir \u00ferj\u00e1 daga komi\u00f0 aftur til m\u00edn.&#8220; Og f\u00f3lki\u00f0 gekk \u00ed burt.<\/p>\n<p>\tOg R\u00f3b\u00f3am r\u00e1\u00f0ga\u00f0ist um vi\u00f0 \u00fe\u00e1 \u00f6ldunga sem sta\u00f0i\u00f0 h\u00f6f\u00f0u fyri hans f\u00f6\u00f0ur Sal\u00f3mon me\u00f0an hann lif\u00f0i og sag\u00f0i: <span class=\"athugasemd\" title=\"R\u00e1\u00f0 \u00f6ldunganna\">[<\/span> &#8222;Hva\u00f0a r\u00e1\u00f0 gefi \u00fe\u00e9r hvert svar a\u00f0 eg skuli gefa \u00feessu f\u00f3lki?&#8220; \u00deeir sv\u00f6ru\u00f0u og s\u00f6g\u00f0u: &#8222;Ef \u00fe\u00fa sveigir til vi\u00f0 \u00feennan l\u00fd\u00f0 og talar linlega vi\u00f0 \u00fe\u00e1 og me\u00f0 mj\u00fakum or\u00f0um \u00fe\u00e1 ver\u00f0a \u00feeir alla \u00e6vi \u00fe\u00e9r undirgefnir.&#8220; En hann fyrirl\u00e9t \u00f6ldunganna r\u00e1\u00f0 sem \u00feeir g\u00e1fu honum og r\u00e1\u00f0ga\u00f0ist um vi\u00f0 \u00fe\u00e1 \u00e6skumenn sem upp h\u00f6f\u00f0u vaxi\u00f0 me\u00f0 honum og st\u00f3\u00f0u fyrir honum og sag\u00f0i: &#8222;Hva\u00f0a r\u00e1\u00f0 leggi \u00fe\u00e9r a\u00f0 eg skuli svara \u00feessu f\u00f3lki sem tala\u00f0i vi\u00f0 mig og sag\u00f0i: Gj\u00f6r \u00fea\u00f0 ok l\u00e9ttara sem \u00feinn fa\u00f0ir lag\u00f0i \u00e1 oss?&#8220; En \u00feeir \u00e6skumenn sem upp voru vaxnir me\u00f0 honum sv\u00f6ru\u00f0u og s\u00f6g\u00f0u: <span class=\"athugasemd\" title=\"R\u00e1\u00f0 \u00e6skumannanna\">[<\/span> &#8222;Svo skalt \u00fe\u00fa segja til f\u00f3lksins sem tala\u00f0 hefur vi\u00f0 \u00feig og sagt: \u00deinn fa\u00f0ir gj\u00f6r\u00f0i vort ok of \u00feungt. Gj\u00f6r \u00fe\u00fa oss \u00fea\u00f0 l\u00e9ttara, \u00fe\u00e1 seg \u00fe\u00fa so: Minn hinn minnsti fingur skal vera \u00feykkri en m\u00edns f\u00f6\u00f0urs lendar. Hafi minn fa\u00f0ir lagt \u00feungt ok \u00e1 y\u00f0ur \u00fe\u00e1 skal eg gj\u00f6ra \u00fea\u00f0 enn \u00feyngra. Minn fa\u00f0ir lamdi y\u00f0ur me\u00f0 svipum en eg vil sl\u00e1 y\u00f0ur me\u00f0 h\u00f6ggormum.&#8220;<\/p>\n<p>\tN\u00fa sem Jer\u00f3b\u00f3am kom aftur og allt f\u00f3lki\u00f0 \u00e1 \u00feeim \u00feri\u00f0ja degi til R\u00f3b\u00f3am eftir \u00fev\u00ed sem k\u00f3ngurinn haf\u00f0i bo\u00f0i\u00f0 og sagt: &#8222;Komi\u00f0 aftur til m\u00edn \u00e1 \u00feeim \u00feri\u00f0ja degi&#8220; \u00fe\u00e1 svara\u00f0i k\u00f3ngurinn \u00feeim har\u00f0lega. Og R\u00f3b\u00f3am k\u00f3ngur yfirgaf \u00f6ldunganna r\u00e1\u00f0 og tala\u00f0i vi\u00f0 \u00fe\u00e1 so sem \u00feeir \u00e6skumenn r\u00e1\u00f0l\u00f6g\u00f0u og sag\u00f0i: &#8222;Hafi minn fa\u00f0ir gj\u00f6rt y\u00f0vart ok \u00feungt \u00fe\u00e1 vil eg gj\u00f6ra \u00fea\u00f0 enn \u00feyngra. Minn fa\u00f0ir aga\u00f0i y\u00f0ur me\u00f0 svipum en eg vil sl\u00e1 y\u00f0ur me\u00f0 h\u00f6ggormum.&#8220; Og k\u00f3ngurinn hl\u00fdddi ekki f\u00f3lkinu \u00fev\u00ed a\u00f0 \u00fea\u00f0 var svo tilsett af Gu\u00f0i upp \u00e1 \u00fea\u00f0 a\u00f0 Drottinn vildi sta\u00f0festa sitt or\u00f0 \u00fea\u00f0 hann tala\u00f0i vi\u00f0 Ah\u00eda af S\u00edl\u00f3 til Jer\u00f3b\u00f3am sonar Nebat. <span class=\"athugasemd\" title=\"Ah\u00eda\">[<\/span><\/p>\n<p>\tOg sem allur \u00cdsrael merkti a\u00f0 k\u00f3ngurinn vildi ekki hl\u00fd\u00f0a \u00feeim \u00fe\u00e1 svara\u00f0 f\u00f3lki\u00f0 k\u00f3nginum og sag\u00f0i: <span class=\"athugasemd\" title=\"3. Reg. 11\">[<\/span> &#8222;Hva\u00f0a hlutskipti eigum v\u00e9r undir Dav\u00ed\u00f0 e\u00f0a arf undir syni \u00cdsa\u00ed? Fari hver ma\u00f0ur af \u00cdsrael til sinna heimkynna en sj\u00e1 \u00fe\u00fa fyrir \u00fe\u00ednu h\u00fasi, Dav\u00ed\u00f0.&#8220; Og allur \u00cdsrael f\u00f3r hver til s\u00edns heimilis. En R\u00f3b\u00f3am k\u00f3ngur r\u00edkti alleinasta yfir \u00cdsraelssonum \u00feeim sem bjuggu \u00ed J\u00fadast\u00f6\u00f0um. Og R\u00f3b\u00f3am k\u00f3ngur \u00fatsendi sinn skattah\u00f6f\u00f0ingja Had\u00f3ram en \u00cdsraelssynir gr\u00fdttu hann \u00ed hel. <span class=\"athugasemd\" title=\"Had\u00f3ram \u00ed hel sleginn\">[<\/span> Og R\u00f3b\u00f3am k\u00f3ngur st\u00e9 me\u00f0 fl\u00fdti \u00e1 sinn vagn og fl\u00fa\u00f0i til Jer\u00fasalem. Svo f\u00e9ll \u00cdsrael fr\u00e1 Dav\u00ed\u00f0s h\u00fasi allt til \u00feessa dags. <span class=\"athugasemd\" title=\"\u00cdsrael f\u00e9ll fr\u00e1 J\u00fada\">[<\/span><\/p>\n","protected":false},"excerpt":{"rendered":"<p>X. R\u00f3b\u00f3am f\u00f3r til S\u00edkem \u00fev\u00ed a\u00f0 allur \u00cdsrael var \u00fear kominn a\u00f0 taka hann til k\u00f3ngs. [ En sem Jer\u00f3b\u00f3am son Nebat sem var \u00ed Egyptalandi heyr\u00f0i \u00fea\u00f0 (\u00fev\u00ed a\u00f0 hann haf\u00f0i fl\u00fai\u00f0 \u00feanga\u00f0 undan Sal\u00f3mon) \u00fe\u00e1 kom hann aftur af Egyptalandi. [ Og \u00feeir sendu bo\u00f0 og l\u00e9tu kalla hann. Og Jer\u00f3b\u00f3am kom me\u00f0 \u00f6llum \u00cdsrael og tala\u00f0i vi\u00f0 R\u00f3b\u00f3am og sag\u00f0i: &#8222;\u00deinn fa\u00f0ir lag\u00f0i \u00feungt \u00e1nau\u00f0arok \u00e1 oss. Svo gj\u00f6r \u00fe\u00fa n\u00fa \u00fe\u00e1 h\u00f6r\u00f0u \u00e1nau\u00f0ar\u00fej\u00f3nustu \u00fe\u00edns f\u00f6\u00f0urs og hans \u00feunga ok nokkrum mun l\u00e9ttara sem hann lag\u00f0i \u00e1 oss. \u00de\u00e1 viljum v\u00e9r \u00fej\u00f3na \u00fe\u00e9r.&#8220; Og hann sag\u00f0i <a href=\"https:\/\/biblian.is\/gudbrandsbiblia\/sidari-kronikubok-10-kafli\/\"> [&#8230;]<\/a><\/p>\n","protected":false},"author":1,"featured_media":0,"parent":0,"menu_order":0,"comment_status":"open","ping_status":"open","template":"bibliukaflar.php","meta":{"footnotes":""},"class_list":["post-3070","page","type-page","status-publish","hentry"],"_links":{"self":[{"href":"https:\/\/biblian.is\/gudbrandsbiblia\/wp-json\/wp\/v2\/pages\/3070","targetHints":{"allow":["GET"]}}],"collection":[{"href":"https:\/\/biblian.is\/gudbrandsbiblia\/wp-json\/wp\/v2\/pages"}],"about":[{"href":"https:\/\/biblian.is\/gudbrandsbiblia\/wp-json\/wp\/v2\/types\/page"}],"author":[{"embeddable":true,"href":"https:\/\/biblian.is\/gudbrandsbiblia\/wp-json\/wp\/v2\/users\/1"}],"replies":[{"embeddable":true,"href":"https:\/\/biblian.is\/gudbrandsbiblia\/wp-json\/wp\/v2\/comments?post=3070"}],"version-history":[{"count":0,"href":"https:\/\/biblian.is\/gudbrandsbiblia\/wp-json\/wp\/v2\/pages\/3070\/revisions"}],"wp:attachment":[{"href":"https:\/\/biblian.is\/gudbrandsbiblia\/wp-json\/wp\/v2\/media?parent=3070"}],"curies":[{"name":"wp","href":"https:\/\/api.w.org\/{rel}","templated":true}]}}