{"id":3067,"date":"2017-12-18T18:32:32","date_gmt":"2017-12-18T18:32:32","guid":{"rendered":"http:\/\/biblian.is\/gudbrandsbiblia\/sidari-kronikubok-7-kafli\/"},"modified":"2017-12-18T18:32:32","modified_gmt":"2017-12-18T18:32:32","slug":"sidari-kronikubok-7-kafli","status":"publish","type":"page","link":"https:\/\/biblian.is\/gudbrandsbiblia\/sidari-kronikubok-7-kafli\/","title":{"rendered":"S\u00ed\u00f0ari kron\u00edkub\u00f3k 7. kafli"},"content":{"rendered":"<p>VII.<\/p>\n<p>En sem Sal\u00f3mon haf\u00f0i enda\u00f0 s\u00edna b\u00e6n \u00fe\u00e1 f\u00e9ll eldur ofan af himnum og brenndi upp brennioffri\u00f0 og \u00fe\u00e6r a\u00f0rar f\u00f3rnir. <span class=\"athugasemd\" title=\"3. Reg. 8\">[<\/span> Og Drottins d\u00fdr\u00f0 uppfyllti h\u00fasi\u00f0 svo prestarnir g\u00e1tu ekki gengi\u00f0 inn \u00ed musteri Drottins svo lengi sem Drottins d\u00fdr\u00f0 uppfyllti Drottins h\u00fas. Og allir \u00cdsraelssynir s\u00e1u eldinn ofan falla og Drottins d\u00fdr\u00f0 yfir h\u00fasi\u00f0 og \u00feeir f\u00e9llu \u00e1 s\u00edn kn\u00e9 og \u00e1 s\u00ednar \u00e1sj\u00f3nir til jar\u00f0ar fram \u00e1 steing\u00f3lfi\u00f0 og b\u00e1\u00f0ust fyrir og \u00fe\u00f6kku\u00f0u Drottni \u00fev\u00ed a\u00f0 hann er g\u00f3\u00f0ur og hans miskunnsemi varir eil\u00edflega. <\/p>\n<p>\tEn k\u00f3ngurinn og allt f\u00f3lki\u00f0 f\u00e6r\u00f0i f\u00f3rnir fyrir Drottni. <span class=\"athugasemd\" title=\"Musterisins v\u00edgsla\">[<\/span> \u00dev\u00ed Sal\u00f3mon k\u00f3ngur f\u00f3rnf\u00e6r\u00f0i tv\u00f6 og tuttugu \u00fe\u00fasund uxa og hundra\u00f0 og tuttugu \u00fe\u00fasund sau\u00f0i og v\u00edg\u00f0u so Gu\u00f0s h\u00fas, b\u00e6\u00f0i k\u00f3ngur og allt f\u00f3lki\u00f0. En prestarnir st\u00f3\u00f0u \u00ed s\u00ednu var\u00f0haldi og Lev\u00edtarnir me\u00f0 Drottins hlj\u00f3\u00f0f\u00e6rum sem Dav\u00ed\u00f0 k\u00f3ngur l\u00e9t gj\u00f6ra til lofgj\u00f6r\u00f0ar Drottni a\u00f0 hans miskunnsemi varir eil\u00edflega. Og \u00feeir l\u00e9ku Dav\u00ed\u00f0s psalma me\u00f0 s\u00ednum h\u00f6ndum og prestarnir bl\u00e9su \u00ed s\u00edna b\u00e1s\u00fana frammi fyrir \u00feeim en allur \u00cdsrael st\u00f3\u00f0. Og Sal\u00f3mon helga\u00f0i mi\u00f0gar\u00f0sr\u00fami\u00f0 sem var fyrir Drottins h\u00fasi \u00fev\u00ed hann haf\u00f0i \u00fear offra\u00f0 brennif\u00f3rnirnar og \u00feakkl\u00e6tisins offurs feitleika s\u00f6kum \u00feess a\u00f0 \u00fea\u00f0 koparaltari sem Sal\u00f3mon l\u00e9t gj\u00f6ra var ekki so st\u00f3rt a\u00f0 \u00fea\u00f0 t\u00e6ki allar brennif\u00f3rnir, matarf\u00f3rnir og feitleika.<\/p>\n<p>\tOg \u00e1 \u00feessum t\u00edma h\u00e9lt Sal\u00f3mon miki\u00f0 h\u00e1t\u00ed\u00f0arhald \u00ed sj\u00f6 daga og allur \u00cdsrael me\u00f0 honum, einn mj\u00f6g mikill s\u00f6fnu\u00f0ur, fr\u00e1 Hemat og til Egiptil\u00e6kjar. Og \u00e1 \u00feeim \u00e1ttunda degi h\u00e9lt hann eina samkomu. \u00dev\u00ed a\u00f0 altarisins v\u00edgslu h\u00e9ldu \u00feeir \u00ed sj\u00f6 daga og so h\u00e1t\u00ed\u00f0ina \u00ed sj\u00f6 daga. En \u00e1 \u00feeim \u00feri\u00f0ja og tuttugasta degi \u00feess sj\u00f6unda m\u00e1na\u00f0ar l\u00e9t hann f\u00f3lki\u00f0 fara til sinna tjaldb\u00fa\u00f0a me\u00f0 gle\u00f0i og fagna\u00f0i yfir \u00f6llu \u00fev\u00ed inu g\u00f3\u00f0a sem Drottinn haf\u00f0i veitt Dav\u00ed\u00f0 og Sal\u00f3mon og s\u00ednu f\u00f3lki \u00cdsrael. Svo fullkomna\u00f0i Sal\u00f3mon k\u00f3ngur Drottins h\u00fas og k\u00f3ngsins h\u00fas og allt \u00fea\u00f0 anna\u00f0 sem hann haf\u00f0i \u00ed sinni a\u00f0 gj\u00f6ra \u00ed Drottins h\u00fasi og \u00ed s\u00ednu h\u00fasi lukkusamlega.<\/p>\n<p>\tOg Drottinn birtist Sal\u00f3mon um n\u00f3tt og sag\u00f0i til hans: <span class=\"athugasemd\" title=\"Drottinn opinberar sig Sal\u00f3moni \/ 3. Reg. 9 \/ 1. Reg. 6\">[<\/span> &#8222;Eg hefi heyrt \u00fe\u00edna b\u00e6n og hef \u00fatvali\u00f0 m\u00e9r \u00feennan sta\u00f0 til eins f\u00f3rnf\u00e6ringar h\u00fass. Sj\u00e1, n\u00e6r eg byrgi himininn svo \u00fear rignir ekki e\u00f0a eg b\u00fd\u00f0 engisprettum upp a\u00f0 \u00e9ta landi\u00f0 e\u00f0a eg l\u00e6t koma dreps\u00f3tt \u00e1 me\u00f0al f\u00f3lksins so a\u00f0 mitt f\u00f3lk au\u00f0m\u00fdki sig hvert kalla\u00f0 er eftir m\u00ednu nafni, og ef \u00feeir bi\u00f0ja og leita m\u00edns andlits og sn\u00faa s\u00e9r fr\u00e1 s\u00ednum vondu vegum \u00fe\u00e1 vil eg heyra \u00fe\u00e1 af himninum og fyrirgefa \u00feeim \u00feeirra syndir og l\u00e6kna \u00feeirra land. So skulu n\u00fa m\u00edn augu vera opin og m\u00edn eyru skulu g\u00e6ta a\u00f0 \u00feeim b\u00e6num sem be\u00f0nar eru \u00ed \u00feessum sta\u00f0. \u00dev\u00ed hefi eg n\u00fa \u00fatvali\u00f0 \u00feetta h\u00fas og \u00fea\u00f0 heilagt gj\u00f6rt a\u00f0 mitt nafn skal vera \u00fear \u00e6vinlega og m\u00edn augu og mitt hjarta skulu allt\u00ed\u00f0 vera \u00fear.<\/p>\n<p>\tOg ef \u00fe\u00fa gengur fyrir m\u00e9r svo sem \u00feinn fa\u00f0ir Dav\u00ed\u00f0 gekk svo a\u00f0 \u00fe\u00fa gj\u00f6rir allt \u00fea\u00f0 sem eg b\u00edfala \u00fe\u00e9r og heldur m\u00edn bo\u00f0or\u00f0 og r\u00e9ttindi, \u00fe\u00e1 vil eg sta\u00f0festa \u00feinn konunglegan st\u00f3l l\u00edka sem eg hefi lofa\u00f0 \u00fe\u00ednum f\u00f6\u00f0ur Dav\u00ed\u00f0 og sagt: \u00deig skal ekki vanta einn mann hver e\u00f0 s\u00e9 h\u00f6f\u00f0ingi yfir \u00cdsrael. <span class=\"athugasemd\" title=\"Fyrirheit\">[<\/span> En ef \u00fe\u00e9r fr\u00e1sn\u00fai\u00f0 y\u00f0ur og yfirgefi\u00f0 m\u00edn r\u00e9ttindi og bo\u00f0or\u00f0 sem eg hefi lagt fyrir y\u00f0ur og \u00fe\u00e9r fari\u00f0 til a\u00f0 \u00fej\u00f3na \u00f6\u00f0rum gu\u00f0um og tilbi\u00f0ji\u00f0 \u00fe\u00e1 \u00fe\u00e1 skal eg upprykkja \u00feeim af m\u00ednu landi sem eg hefi gefi\u00f0 \u00feeim. <span class=\"athugasemd\" title=\"H\u00f3tanir\">[<\/span> Og \u00feetta h\u00fas sem eg hefi helga\u00f0 m\u00ednu nafni, \u00fev\u00ed skal eg burtkasta fr\u00e1 m\u00ednu andliti a\u00f0 \u00fea\u00f0 ver\u00f0i a\u00f0 or\u00f0skvi\u00f0 og d\u00e6mis\u00f6gu \u00e1 me\u00f0al allra \u00fej\u00f3\u00f0a. Og \u00feetta h\u00fas sem var \u00fea\u00f0 h\u00e6sta skal ver\u00f0a a\u00f0 undran \u00f6llum \u00feeim sem \u00fear ganga framhj\u00e1 og \u00feeir munu segja: \u00dev\u00ed hefur Drottinn fari\u00f0 svo me\u00f0 \u00feetta land og me\u00f0 \u00feetta h\u00fas? \u00de\u00e1 mun svara\u00f0 ver\u00f0a: Fyrir \u00fev\u00ed a\u00f0 \u00feeir hafa fyrirliti\u00f0 Drottin \u00feeirra fe\u00f0ra Gu\u00f0, \u00feann sem \u00fe\u00e1 \u00fatleiddi af Egyptalandi, og hafa gefi\u00f0 sig til annarlegra gu\u00f0a, tilbe\u00f0i\u00f0 \u00fe\u00e1 og \u00fej\u00f3na\u00f0 \u00feeim. \u00dear fyrir hefur hann leitt alla \u00feessa \u00f3lukku yfir \u00fe\u00e1.&#8220;<\/p>\n","protected":false},"excerpt":{"rendered":"<p>VII. En sem Sal\u00f3mon haf\u00f0i enda\u00f0 s\u00edna b\u00e6n \u00fe\u00e1 f\u00e9ll eldur ofan af himnum og brenndi upp brennioffri\u00f0 og \u00fe\u00e6r a\u00f0rar f\u00f3rnir. [ Og Drottins d\u00fdr\u00f0 uppfyllti h\u00fasi\u00f0 svo prestarnir g\u00e1tu ekki gengi\u00f0 inn \u00ed musteri Drottins svo lengi sem Drottins d\u00fdr\u00f0 uppfyllti Drottins h\u00fas. Og allir \u00cdsraelssynir s\u00e1u eldinn ofan falla og Drottins d\u00fdr\u00f0 yfir h\u00fasi\u00f0 og \u00feeir f\u00e9llu \u00e1 s\u00edn kn\u00e9 og \u00e1 s\u00ednar \u00e1sj\u00f3nir til jar\u00f0ar fram \u00e1 steing\u00f3lfi\u00f0 og b\u00e1\u00f0ust fyrir og \u00fe\u00f6kku\u00f0u Drottni \u00fev\u00ed a\u00f0 hann er g\u00f3\u00f0ur og hans miskunnsemi varir eil\u00edflega. En k\u00f3ngurinn og allt f\u00f3lki\u00f0 f\u00e6r\u00f0i f\u00f3rnir fyrir Drottni. [ \u00dev\u00ed Sal\u00f3mon <a href=\"https:\/\/biblian.is\/gudbrandsbiblia\/sidari-kronikubok-7-kafli\/\"> [&#8230;]<\/a><\/p>\n","protected":false},"author":1,"featured_media":0,"parent":0,"menu_order":0,"comment_status":"open","ping_status":"open","template":"bibliukaflar.php","meta":{"footnotes":""},"class_list":["post-3067","page","type-page","status-publish","hentry"],"_links":{"self":[{"href":"https:\/\/biblian.is\/gudbrandsbiblia\/wp-json\/wp\/v2\/pages\/3067","targetHints":{"allow":["GET"]}}],"collection":[{"href":"https:\/\/biblian.is\/gudbrandsbiblia\/wp-json\/wp\/v2\/pages"}],"about":[{"href":"https:\/\/biblian.is\/gudbrandsbiblia\/wp-json\/wp\/v2\/types\/page"}],"author":[{"embeddable":true,"href":"https:\/\/biblian.is\/gudbrandsbiblia\/wp-json\/wp\/v2\/users\/1"}],"replies":[{"embeddable":true,"href":"https:\/\/biblian.is\/gudbrandsbiblia\/wp-json\/wp\/v2\/comments?post=3067"}],"version-history":[{"count":0,"href":"https:\/\/biblian.is\/gudbrandsbiblia\/wp-json\/wp\/v2\/pages\/3067\/revisions"}],"wp:attachment":[{"href":"https:\/\/biblian.is\/gudbrandsbiblia\/wp-json\/wp\/v2\/media?parent=3067"}],"curies":[{"name":"wp","href":"https:\/\/api.w.org\/{rel}","templated":true}]}}

Síðari kroníkubók 7. kafli

<p>VII.</p>
<p>En sem Salómon hafði endað sína bæn þá féll eldur ofan af himnum og brenndi upp brennioffrið og þær aðrar fórnir. <span class="athugasemd" title="3. Reg. 8">[</span> Og Drottins dýrð uppfyllti húsið svo prestarnir gátu ekki gengið inn í musteri Drottins svo lengi sem Drottins dýrð uppfyllti Drottins hús. Og allir Ísraelssynir sáu eldinn ofan falla og Drottins dýrð yfir húsið og þeir féllu á sín kné og á sínar ásjónir til jarðar fram á steingólfið og báðust fyrir og þökkuðu Drottni því að hann er góður og hans miskunnsemi varir eilíflega. </p>
<p>	En kóngurinn og allt fólkið færði fórnir fyrir Drottni. <span class="athugasemd" title="Musterisins vígsla">[</span> Því Salómon kóngur fórnfærði tvö og tuttugu þúsund uxa og hundrað og tuttugu þúsund sauði og vígðu so Guðs hús, bæði kóngur og allt fólkið. En prestarnir stóðu í sínu varðhaldi og Levítarnir með Drottins hljóðfærum sem Davíð kóngur lét gjöra til lofgjörðar Drottni að hans miskunnsemi varir eilíflega. Og þeir léku Davíðs psalma með sínum höndum og prestarnir blésu í sína básúna frammi fyrir þeim en allur Ísrael stóð. Og Salómon helgaði miðgarðsrúmið sem var fyrir Drottins húsi því hann hafði þar offrað brennifórnirnar og þakklætisins offurs feitleika sökum þess að það koparaltari sem Salómon lét gjöra var ekki so stórt að það tæki allar brennifórnir, matarfórnir og feitleika.</p>
<p>	Og á þessum tíma hélt Salómon mikið hátíðarhald í sjö daga og allur Ísrael með honum, einn mjög mikill söfnuður, frá Hemat og til Egiptilækjar. Og á þeim áttunda degi hélt hann eina samkomu. Því að altarisins vígslu héldu þeir í sjö daga og so hátíðina í sjö daga. En á þeim þriðja og tuttugasta degi þess sjöunda mánaðar lét hann fólkið fara til sinna tjaldbúða með gleði og fagnaði yfir öllu því inu góða sem Drottinn hafði veitt Davíð og Salómon og sínu fólki Ísrael. Svo fullkomnaði Salómon kóngur Drottins hús og kóngsins hús og allt það annað sem hann hafði í sinni að gjöra í Drottins húsi og í sínu húsi lukkusamlega.</p>
<p>	Og Drottinn birtist Salómon um nótt og sagði til hans: <span class="athugasemd" title="Drottinn opinberar sig Salómoni / 3. Reg. 9 / 1. Reg. 6">[</span> &#8222;Eg hefi heyrt þína bæn og hef útvalið mér þennan stað til eins fórnfæringar húss. Sjá, nær eg byrgi himininn svo þar rignir ekki eða eg býð engisprettum upp að éta landið eða eg læt koma drepsótt á meðal fólksins so að mitt fólk auðmýki sig hvert kallað er eftir mínu nafni, og ef þeir biðja og leita míns andlits og snúa sér frá sínum vondu vegum þá vil eg heyra þá af himninum og fyrirgefa þeim þeirra syndir og lækna þeirra land. So skulu nú mín augu vera opin og mín eyru skulu gæta að þeim bænum sem beðnar eru í þessum stað. Því hefi eg nú útvalið þetta hús og það heilagt gjört að mitt nafn skal vera þar ævinlega og mín augu og mitt hjarta skulu alltíð vera þar.</p>
<p>	Og ef þú gengur fyrir mér svo sem þinn faðir Davíð gekk svo að þú gjörir allt það sem eg bífala þér og heldur mín boðorð og réttindi, þá vil eg staðfesta þinn konunglegan stól líka sem eg hefi lofað þínum föður Davíð og sagt: Þig skal ekki vanta einn mann hver eð sé höfðingi yfir Ísrael. <span class="athugasemd" title="Fyrirheit">[</span> En ef þér frásnúið yður og yfirgefið mín réttindi og boðorð sem eg hefi lagt fyrir yður og þér farið til að þjóna öðrum guðum og tilbiðjið þá þá skal eg upprykkja þeim af mínu landi sem eg hefi gefið þeim. <span class="athugasemd" title="Hótanir">[</span> Og þetta hús sem eg hefi helgað mínu nafni, því skal eg burtkasta frá mínu andliti að það verði að orðskvið og dæmisögu á meðal allra þjóða. Og þetta hús sem var það hæsta skal verða að undran öllum þeim sem þar ganga framhjá og þeir munu segja: Því hefur Drottinn farið svo með þetta land og með þetta hús? Þá mun svarað verða: Fyrir því að þeir hafa fyrirlitið Drottin þeirra feðra Guð, þann sem þá útleiddi af Egyptalandi, og hafa gefið sig til annarlegra guða, tilbeðið þá og þjónað þeim. Þar fyrir hefur hann leitt alla þessa ólukku yfir þá.&#8220;</p>

<p>VII. En sem Salómon hafði endað sína bæn þá féll eldur ofan af himnum og brenndi upp brennioffrið og þær aðrar fórnir. [ Og Drottins dýrð uppfyllti húsið svo prestarnir gátu ekki gengið inn í musteri Drottins svo lengi sem Drottins dýrð uppfyllti Drottins hús. Og allir Ísraelssynir sáu eldinn ofan falla og Drottins dýrð yfir húsið og þeir féllu á sín kné og á sínar ásjónir til jarðar fram á steingólfið og báðust fyrir og þökkuðu Drottni því að hann er góður og hans miskunnsemi varir eilíflega. En kóngurinn og allt fólkið færði fórnir fyrir Drottni. [ Því Salómon <a href="https://biblian.is/gudbrandsbiblia/sidari-kronikubok-7-kafli/"> [&#8230;]</a></p>
