{"id":3063,"date":"2017-12-18T18:32:32","date_gmt":"2017-12-18T18:32:32","guid":{"rendered":"http:\/\/biblian.is\/gudbrandsbiblia\/sidari-kronikubok-3-kafli\/"},"modified":"2017-12-18T18:32:32","modified_gmt":"2017-12-18T18:32:32","slug":"sidari-kronikubok-3-kafli","status":"publish","type":"page","link":"https:\/\/biblian.is\/gudbrandsbiblia\/sidari-kronikubok-3-kafli\/","title":{"rendered":"S\u00ed\u00f0ari kron\u00edkub\u00f3k 3. kafli"},"content":{"rendered":"<p>III.<\/p>\n<p>Og Sal\u00f3mon t\u00f3k til a\u00f0 byggja Drottni h\u00fas \u00ed Jer\u00fasalem \u00e1 fjallinu <span class=\"athugasemd\" title=\"a \/ (Mor\u00eda) \/ \u00e1 \u00feessu fjalli offra\u00f0i Abraham syni s\u00ednum \u00cdsak \/ Gen. xxy.\">[<\/span> Mor\u00eda \u00fear sem Dav\u00ed\u00f0 hans f\u00f6\u00f0ur var tilv\u00edsa\u00f0, \u00fear sem Dav\u00ed\u00f0 haf\u00f0i fyrirb\u00fai\u00f0 \u00ed lauagar\u00f0i Arnan Jebusiter. <span class=\"athugasemd\" title=\"Musterisbygging upphafin \/ 3. Reg. 6 \/ 2. Para. 24\">[<\/span> Og hann h\u00f3f a\u00f0 byggja annan dag \u00ed \u00feeim \u00f6\u00f0rum m\u00e1nu\u00f0i \u00e1 fj\u00f3r\u00f0a \u00e1ri s\u00edns r\u00edkis. Og Sal\u00f3mon lag\u00f0i so grundv\u00f6llinn til a\u00f0 byggja Drottins h\u00fas, fyrst lengdina sext\u00edgi \u00e1lna og breiddina tuttugu \u00e1lna og forh\u00fasi\u00f0 jafnt vi\u00f0 breiddina \u00e1 h\u00fasinu var tuttugu \u00e1lna langt en h\u00e6\u00f0in var hundra\u00f0 og tuttugu \u00e1lna. Og hann bj\u00f3 \u00fea\u00f0 innan af kl\u00e1ru gulli.<\/p>\n<p>\tEn \u00fea\u00f0 st\u00f3ra h\u00fas \u00feakti hann me\u00f0 grenitr\u00e9 og bj\u00f3 \u00fea\u00f0 me\u00f0 \u00fea\u00f0 besta gull og gj\u00f6r\u00f0i \u00fear upp \u00e1 p\u00e1lmavi\u00f0 og svo sem ke\u00f0jur samfastar hverjar vi\u00f0 a\u00f0ra. Hann setti h\u00fasi\u00f0 me\u00f0 gimsteina til pr\u00fd\u00f0i. Og gulli\u00f0 var \u00fea\u00f0 sk\u00edrasta og hann sl\u00f3 bitana utan til og veggina og dyrnar me\u00f0 gull og hann l\u00e9t \u00fatskera ker\u00fab\u00edm \u00e1 veggjunum.<\/p>\n<p>\tHann gj\u00f6r\u00f0i og h\u00fas \u00feess allrahelgasta hvers lengd e\u00f0 var tuttugu \u00e1lna eftir h\u00fassins breidd, \u00fea\u00f0 var og tuttugu \u00e1lna breitt, og bj\u00f3 \u00fea\u00f0 me\u00f0 \u00fea\u00f0 allra besta gull, n\u00e6r sex hundru\u00f0 centener. <span class=\"athugasemd\" title=\"Sancta sanctorum \/ \u00dea\u00f0 allrahelgasta af h\u00fasinu\">[<\/span> En til saums f\u00e9kk hann \u00feeim tuttugu siclos gulls a\u00f0 vigt. Hann sl\u00f3 og svo salina me\u00f0 gull. <\/p>\n<p>\tHann l\u00e9t og gj\u00f6ra \u00ed h\u00fasi \u00feess allrahelgasta tvo ker\u00fab\u00edm \u00fatskorna og forgyllti \u00fe\u00e1. En lengdin v\u00e6ngjanna \u00e1 ker\u00fab\u00edm voru tuttugu \u00e1lnir so a\u00f0 hver v\u00e6ngur var fimm \u00e1lnir og t\u00f3k a\u00f0 h\u00fasveggnum. Og s\u00e1 annar v\u00e6ngur var fimm \u00e1lna og t\u00f3k a\u00f0 hinum \u00f6\u00f0rum v\u00e6ngnum ker\u00fab\u00edm. Svo haf\u00f0i og s\u00e1 annar ker\u00fab\u00edm einn v\u00e6ng fimm \u00e1lna langan og t\u00f3k a\u00f0 h\u00fassins vegg en annar v\u00e6ngur, einnin fimm \u00e1lna langur, kom vi\u00f0 v\u00e6nginn \u00e1 \u00f6\u00f0rum ker\u00fab\u00edm, so a\u00f0 \u00feessir v\u00e6ngir ker\u00fab\u00edm voru \u00fatbreiddir tuttugu \u00e1lna langir a\u00f0 lengd. Og \u00feeir st\u00f3\u00f0u \u00e1 s\u00edna f\u00e6tur og \u00feeirra andlit snerist fram \u00ed h\u00fasi\u00f0. <\/p>\n<p>\tHann gj\u00f6r\u00f0i og eitt fortjald af skarlati, purpura og gu\u00f0vef og gj\u00f6r\u00f0i ker\u00fab\u00edm \u00fear upp \u00e1. <span class=\"athugasemd\" title=\"Fortjaldi\u00f0\">[<\/span> Hann gj\u00f6r\u00f0i og tvo st\u00f3lpa fyrir h\u00fasinu, fimmt\u00e1n og tuttugu \u00e1lna a\u00f0 h\u00e6\u00f0, og knappa \u00fear ofan \u00e1, fimm \u00e1lna. <span class=\"athugasemd\" title=\"3. Reg. 7 \/ 2 st\u00f3lpar\">[<\/span> Hann gj\u00f6r\u00f0i og hlekkjagj\u00f6rning til k\u00f3rsins og festi \u00fe\u00e1 ofan \u00e1 st\u00f3lpana og hann gj\u00f6r\u00f0i hundra\u00f0 granataepli og festi \u00fear \u00e1 hlekkjagj\u00f6rninginn. Og hann uppreisti st\u00f3lpana fyrir framan musteri\u00f0, \u00feann eina h\u00e6gramegin en \u00feann annan vinstramegin, og kalla\u00f0i \u00feann sem h\u00e6gramegin var Jak\u00edn en \u00feann sem var til vinstri handar B\u00f3as.<\/p>\n","protected":false},"excerpt":{"rendered":"<p>III. Og Sal\u00f3mon t\u00f3k til a\u00f0 byggja Drottni h\u00fas \u00ed Jer\u00fasalem \u00e1 fjallinu [ Mor\u00eda \u00fear sem Dav\u00ed\u00f0 hans f\u00f6\u00f0ur var tilv\u00edsa\u00f0, \u00fear sem Dav\u00ed\u00f0 haf\u00f0i fyrirb\u00fai\u00f0 \u00ed lauagar\u00f0i Arnan Jebusiter. [ Og hann h\u00f3f a\u00f0 byggja annan dag \u00ed \u00feeim \u00f6\u00f0rum m\u00e1nu\u00f0i \u00e1 fj\u00f3r\u00f0a \u00e1ri s\u00edns r\u00edkis. Og Sal\u00f3mon lag\u00f0i so grundv\u00f6llinn til a\u00f0 byggja Drottins h\u00fas, fyrst lengdina sext\u00edgi \u00e1lna og breiddina tuttugu \u00e1lna og forh\u00fasi\u00f0 jafnt vi\u00f0 breiddina \u00e1 h\u00fasinu var tuttugu \u00e1lna langt en h\u00e6\u00f0in var hundra\u00f0 og tuttugu \u00e1lna. Og hann bj\u00f3 \u00fea\u00f0 innan af kl\u00e1ru gulli. En \u00fea\u00f0 st\u00f3ra h\u00fas \u00feakti hann me\u00f0 grenitr\u00e9 <a href=\"https:\/\/biblian.is\/gudbrandsbiblia\/sidari-kronikubok-3-kafli\/\"> [&#8230;]<\/a><\/p>\n","protected":false},"author":1,"featured_media":0,"parent":0,"menu_order":0,"comment_status":"open","ping_status":"open","template":"bibliukaflar.php","meta":{"footnotes":""},"class_list":["post-3063","page","type-page","status-publish","hentry"],"_links":{"self":[{"href":"https:\/\/biblian.is\/gudbrandsbiblia\/wp-json\/wp\/v2\/pages\/3063","targetHints":{"allow":["GET"]}}],"collection":[{"href":"https:\/\/biblian.is\/gudbrandsbiblia\/wp-json\/wp\/v2\/pages"}],"about":[{"href":"https:\/\/biblian.is\/gudbrandsbiblia\/wp-json\/wp\/v2\/types\/page"}],"author":[{"embeddable":true,"href":"https:\/\/biblian.is\/gudbrandsbiblia\/wp-json\/wp\/v2\/users\/1"}],"replies":[{"embeddable":true,"href":"https:\/\/biblian.is\/gudbrandsbiblia\/wp-json\/wp\/v2\/comments?post=3063"}],"version-history":[{"count":0,"href":"https:\/\/biblian.is\/gudbrandsbiblia\/wp-json\/wp\/v2\/pages\/3063\/revisions"}],"wp:attachment":[{"href":"https:\/\/biblian.is\/gudbrandsbiblia\/wp-json\/wp\/v2\/media?parent=3063"}],"curies":[{"name":"wp","href":"https:\/\/api.w.org\/{rel}","templated":true}]}}