{"id":3056,"date":"2017-12-18T18:32:32","date_gmt":"2017-12-18T18:32:32","guid":{"rendered":"http:\/\/biblian.is\/gudbrandsbiblia\/fyrri-kronikubok-26-kafli\/"},"modified":"2017-12-18T18:32:32","modified_gmt":"2017-12-18T18:32:32","slug":"fyrri-kronikubok-26-kafli","status":"publish","type":"page","link":"https:\/\/biblian.is\/gudbrandsbiblia\/fyrri-kronikubok-26-kafli\/","title":{"rendered":"Fyrri kron\u00edkub\u00f3k 26. kafli"},"content":{"rendered":"<p>XXVI.<\/p>\n<p>Og Dav\u00ed\u00f0 og hersh\u00f6f\u00f0ingjarnir fr\u00e1skildu til emb\u00e6ttis\u00fej\u00f3nustunnar sonu Assaf, Heman og Jed\u00edt\u00fan, \u00fe\u00e1 sp\u00e1menn, me\u00f0 h\u00f6rpur, psallterium og cimbalis, og \u00feeir voru taldir til gj\u00f6rnings\u00fej\u00f3nustu eftir s\u00ednu emb\u00e6tti. <span class=\"athugasemd\" title=\"Dav\u00ed\u00f0 tilskikkar s\u00f6ngvara\">[<\/span> \u00c1 me\u00f0al sona Assaf var Sak\u00far, J\u00f3sef, Netanja, Assarela, synir Assaf undir hendi Assaf, hver a\u00f0 sp\u00e1\u00f0i hj\u00e1 k\u00f3nginum. <span class=\"athugasemd\" title=\"Assaf\">[<\/span> Af Jed\u00edt\u00fan. <span class=\"athugasemd\" title=\"Id\u00edt\u00fan\">[<\/span> Synir Jed\u00edt\u00fan voru Gedalja, S\u00f3r\u00ed, Jesaja, Hasab\u00eda, Matitja, \u00feessir sex voru undir \u00feeirra f\u00f6\u00f0ur Jed\u00edt\u00fan me\u00f0 s\u00ednum h\u00f6rpum sem sp\u00e1\u00f0u, \u00feakkandi og lofandi Drottin. Af Heman. <span class=\"athugasemd\" title=\"Heman\">[<\/span> Synir Heman voru B\u00fak\u00eda, Matanja, \u00das\u00edel, Seb\u00fael, Jer\u00edm\u00f3t, Hananja, Hanan\u00ed, El\u00edata, Gidalt\u00ed, R\u00f3mamt\u00ed Eser, Jasbekasa, Mall\u00f3t\u00ed, H\u00f3t\u00edr og Maes\u00ed\u00f3t. \u00deessir allir voru synir Heman, k\u00f3ngsins sj\u00e1anda, \u00ed Gu\u00f0s or\u00f0i a\u00f0 upphefja horni\u00f0. <span class=\"athugasemd\" title=\"(\u00dea\u00f0 horni\u00f0 upp a\u00f0 hefja) \/ Eg held a\u00f0 \u00feessi Heman hafi veri\u00f0 Dav\u00ed\u00f0s sp\u00e1mann \u00ed \u00feeim hlutum sem r\u00edki\u00f0 \u00e1hr\u00e6r\u00f0i, hvernin hann mundi str\u00ed\u00f0a og regera \u00fev\u00ed a\u00f0 horn \u00fe\u00fd\u00f0ist stj\u00f3rnan og r\u00edki\">[<\/span> \u00dev\u00ed a\u00f0 Gu\u00f0 haf\u00f0i gefi\u00f0 Heman fj\u00f3rt\u00e1n syni og \u00ferj\u00e1r d\u00e6tur. <\/p>\n<p>\t\u00deessir allir voru undir hendi sinna fe\u00f0ra, Assaf, Jed\u00edt\u00fan og Heman, a\u00f0 syngja \u00ed Drottins h\u00fasi me\u00f0 cymbalis, psalterio og h\u00f6rpum eftir emb\u00e6ttisgj\u00f6r\u00f0inni \u00ed h\u00fasi Drottins hj\u00e1 k\u00f3nginum. Og \u00feeirra tala og \u00feeirra br\u00e6\u00f0ra sem menntir voru \u00ed s\u00f6ngnum Drottins, allir saman meistarar, voru a\u00f0 t\u00f6lu tv\u00f6 hundru\u00f0 \u00e1tta og \u00e1ttat\u00edgi. Og \u00feeir k\u00f6stu\u00f0u hluti um \u00feeirra emb\u00e6tti, so fyrir \u00fe\u00e1 hinu minnstu sem fyrir \u00fe\u00e1 hina helstu, fyrir \u00fe\u00e1 hina l\u00e6r\u00f0u l\u00edka sem fyrir l\u00e6risveinana.<\/p>\n<p>\tOg inn fyrsti hlutur f\u00e9ll yfir J\u00f3sef sem var af Assaf, s\u00e1 annar yfir Gedalja og hans br\u00e6\u00f0ur og syni og \u00feeir voru t\u00f3lf, en \u00feri\u00f0ji yfir Sak\u00far og yfir hans syni og br\u00e6\u00f0ur og \u00feeir voru t\u00f3lf, en fj\u00f3r\u00f0i yfir Jesr\u00ed og hans syni og br\u00e6\u00f0ur og \u00feeir voru t\u00f3lf, en fimmti yfir Netanja og yfir hans syni og br\u00e6\u00f0ur og \u00feeir voru t\u00f3lf, en sj\u00f6tti yfir B\u00fak\u00eda, hans syni og br\u00e6\u00f0ur, og \u00feeir voru t\u00f3lf, en sj\u00f6undi yfir Jesreela, hans syni og br\u00e6\u00f0ur, og \u00feeir voru t\u00f3lf, en \u00e1ttundi yfir Jesaja, hans syni og br\u00e6\u00f0ur, og \u00feeir voru t\u00f3lf, en n\u00edundi yfir Matanja, hans syni og br\u00e6\u00f0ur, og \u00feeir voru t\u00f3lf, en t\u00edundi yfir S\u00edme\u00ed, hans syni og br\u00e6\u00f0ur, og \u00feeir voru t\u00f3lf, en t\u00f3lfti yfir Hasab\u00eda, hans syni og br\u00e6\u00f0ur, og \u00feeir voru t\u00f3lf, en \u00ferett\u00e1ndi yfir S\u00fabael, hans syni og br\u00e6\u00f0ur, og \u00feeir voru t\u00f3lf, en fj\u00f3rt\u00e1ndi yfir Matitja, hans syni og br\u00e6\u00f0ur, og \u00feeir voru t\u00f3lf, en fimmt\u00e1ndi yfir Jerem\u00f3t, hans syni og br\u00e6\u00f0ur, og \u00feeir voru t\u00f3lf, en sext\u00e1ndi yfir Ananja, hans syni og br\u00e6\u00f0ur, og \u00feeir voru t\u00f3lf, en seytj\u00e1ndi yfir Jasbekasa, hans syni og br\u00e6\u00f0ur, og \u00feeir voru t\u00f3lf, en \u00e1tj\u00e1ndi yfir Hanan\u00ed, hans syni og br\u00e6\u00f0ur, og \u00feeir voru t\u00f3lf, en n\u00edtj\u00e1ndi yfir Mall\u00f3t\u00ed, hans syni og br\u00e6\u00f0ur, og \u00feeir voru t\u00f3lf, en tuttugasti yfir El\u00edata, hans syni og br\u00e6\u00f0ur, og \u00feeir voru t\u00f3lf, en fyrsti og tuttugasti yfir H\u00f3t\u00edr, hans syni og br\u00e6\u00f0ur, og \u00feeir voru t\u00f3lf, en annar og tuttugasti yfir Gidalt\u00ed, hans syni og br\u00e6\u00f0ur, og \u00feeir voru t\u00f3lf, en \u00feri\u00f0ji og tuttugasti yfir Mahes\u00ed\u00f3t, hans syni og br\u00e6\u00f0ur, og \u00feeir voru t\u00f3lf, en fj\u00f3r\u00f0i og tuttugasti yfir R\u00f3mamt\u00edeser, hans syni og br\u00e6\u00f0ur, og \u00feeir voru t\u00f3lf. <span class=\"athugasemd\" title=\"24 \u00e6\u00f0stu s\u00f6ngvarar\">[<\/span><\/p>\n","protected":false},"excerpt":{"rendered":"<p>XXVI. Og Dav\u00ed\u00f0 og hersh\u00f6f\u00f0ingjarnir fr\u00e1skildu til emb\u00e6ttis\u00fej\u00f3nustunnar sonu Assaf, Heman og Jed\u00edt\u00fan, \u00fe\u00e1 sp\u00e1menn, me\u00f0 h\u00f6rpur, psallterium og cimbalis, og \u00feeir voru taldir til gj\u00f6rnings\u00fej\u00f3nustu eftir s\u00ednu emb\u00e6tti. [ \u00c1 me\u00f0al sona Assaf var Sak\u00far, J\u00f3sef, Netanja, Assarela, synir Assaf undir hendi Assaf, hver a\u00f0 sp\u00e1\u00f0i hj\u00e1 k\u00f3nginum. [ Af Jed\u00edt\u00fan. [ Synir Jed\u00edt\u00fan voru Gedalja, S\u00f3r\u00ed, Jesaja, Hasab\u00eda, Matitja, \u00feessir sex voru undir \u00feeirra f\u00f6\u00f0ur Jed\u00edt\u00fan me\u00f0 s\u00ednum h\u00f6rpum sem sp\u00e1\u00f0u, \u00feakkandi og lofandi Drottin. Af Heman. [ Synir Heman voru B\u00fak\u00eda, Matanja, \u00das\u00edel, Seb\u00fael, Jer\u00edm\u00f3t, Hananja, Hanan\u00ed, El\u00edata, Gidalt\u00ed, R\u00f3mamt\u00ed Eser, Jasbekasa, Mall\u00f3t\u00ed, H\u00f3t\u00edr og Maes\u00ed\u00f3t. \u00deessir <a href=\"https:\/\/biblian.is\/gudbrandsbiblia\/fyrri-kronikubok-26-kafli\/\"> [&#8230;]<\/a><\/p>\n","protected":false},"author":1,"featured_media":0,"parent":0,"menu_order":0,"comment_status":"open","ping_status":"open","template":"bibliukaflar.php","meta":{"footnotes":""},"class_list":["post-3056","page","type-page","status-publish","hentry"],"_links":{"self":[{"href":"https:\/\/biblian.is\/gudbrandsbiblia\/wp-json\/wp\/v2\/pages\/3056","targetHints":{"allow":["GET"]}}],"collection":[{"href":"https:\/\/biblian.is\/gudbrandsbiblia\/wp-json\/wp\/v2\/pages"}],"about":[{"href":"https:\/\/biblian.is\/gudbrandsbiblia\/wp-json\/wp\/v2\/types\/page"}],"author":[{"embeddable":true,"href":"https:\/\/biblian.is\/gudbrandsbiblia\/wp-json\/wp\/v2\/users\/1"}],"replies":[{"embeddable":true,"href":"https:\/\/biblian.is\/gudbrandsbiblia\/wp-json\/wp\/v2\/comments?post=3056"}],"version-history":[{"count":0,"href":"https:\/\/biblian.is\/gudbrandsbiblia\/wp-json\/wp\/v2\/pages\/3056\/revisions"}],"wp:attachment":[{"href":"https:\/\/biblian.is\/gudbrandsbiblia\/wp-json\/wp\/v2\/media?parent=3056"}],"curies":[{"name":"wp","href":"https:\/\/api.w.org\/{rel}","templated":true}]}}