{"id":3052,"date":"2017-12-18T18:32:28","date_gmt":"2017-12-18T18:32:28","guid":{"rendered":"http:\/\/biblian.is\/gudbrandsbiblia\/fyrri-kronikubok-22-kafli\/"},"modified":"2017-12-18T18:32:28","modified_gmt":"2017-12-18T18:32:28","slug":"fyrri-kronikubok-22-kafli","status":"publish","type":"page","link":"https:\/\/biblian.is\/gudbrandsbiblia\/fyrri-kronikubok-22-kafli\/","title":{"rendered":"Fyrri kron\u00edkub\u00f3k 22. kafli"},"content":{"rendered":"<p>XXII.<\/p>\n<p>Og Satan reis upp \u00ed m\u00f3ti \u00cdsrael og skaut Dav\u00ed\u00f0 \u00ed hug a\u00f0 hann l\u00e9ti telja \u00cdsraelsl\u00fd\u00f0. <span class=\"athugasemd\" title=\"Satan m\u00f3tstendur \u00cdsrael \/ 2. Reg. 24 \/ Dav\u00ed\u00f0 l\u00e6tur telja f\u00f3lki\u00f0\">[<\/span> Og Dav\u00ed\u00f0 sag\u00f0i til J\u00f3ab og til h\u00f6f\u00f0ingjanna f\u00f3lksins: &#8222;Fari\u00f0 og telji\u00f0 \u00cdsrael fr\u00e1 Berseba og allt til Dan og kunngj\u00f6ri\u00f0 m\u00e9r \u00fea\u00f0 aftur a\u00f0 eg viti hversu margur a\u00f0 hann er.&#8220; J\u00f3ab svara\u00f0i: &#8222;Drottinn hundra\u00f0faldi sitt f\u00f3lk fram yfir \u00fea\u00f0 sem n\u00fa er \u00fea\u00f0 margt. En minn herra k\u00f3ngur, eru \u00feeir ekki allir m\u00edns herra \u00fe\u00e9narar? Hvar fyrir vill minn herra vita \u00feetta? \u00dev\u00ed skal skuld koma \u00e1 \u00cdsrael?&#8220;<\/p>\n<p>\tEn \u00fea\u00f0 gekk fram sem k\u00f3ngur vildi \u00ed m\u00f3ti J\u00f3ab. <span class=\"athugasemd\" title=\"Manntal \u00cdsraelsf\u00f3lks\">[<\/span> Og J\u00f3ab f\u00f3r af sta\u00f0 og reisti \u00ed gegnum allan \u00cdsrael og kom til Jer\u00fasalem. Og hann f\u00e9kk Dav\u00ed\u00f0 manntal f\u00f3lksins. Og allur \u00cdsrael var ellefu sinnum hundra\u00f0 \u00fe\u00fasund manns sem vopnf\u00e6rir voru. En af J\u00fada fj\u00f3rum sinnum hundra\u00f0 \u00fe\u00fasund og sj\u00f6t\u00edgi \u00fe\u00fasundir vopnf\u00e6rra manna. En Lev\u00ed og Benjam\u00edn taldi hann ekki me\u00f0 \u00feessum \u00fev\u00ed a\u00f0 J\u00f3ab gj\u00f6r\u00f0i nau\u00f0ugur \u00feessa k\u00f3ngsskipan.<\/p>\n<p>\tEn \u00feetta misl\u00edka\u00f0i Gu\u00f0i og hann sl\u00f3 \u00cdsrael. Og Dav\u00ed\u00f0 sag\u00f0i til Gu\u00f0s: &#8222;Eg hefi \u00feunglega syndgast a\u00f0 eg gj\u00f6r\u00f0i sl\u00edkt. En tak n\u00fa burt misgj\u00f6rning \u00fe\u00edns \u00fe\u00e9nara \u00fev\u00ed a\u00f0 eg hefi gj\u00f6rt mj\u00f6g f\u00e1v\u00edslega.&#8220;<\/p>\n<p>\tOg Gu\u00f0 Drottinn tala\u00f0i me\u00f0 Ga\u00f0 Dav\u00ed\u00f0s sj\u00e1anda og sag\u00f0i: <span class=\"athugasemd\" title=\"Ga\u00f0 sp\u00e1ma\u00f0ur\">[<\/span> &#8222;Far \u00fe\u00fa, tala vi\u00f0 Dav\u00ed\u00f0 og seg \u00fe\u00fa honum: Svo segir Drottinn: \u00derj\u00e1 hluti legg eg fyrir \u00feig, kj\u00f3s \u00fe\u00fa hvern \u00fe\u00fa vilt a\u00f0 eg gj\u00f6ri \u00fe\u00e9r.&#8220; Og \u00fe\u00e1 Ga\u00f0 kom til Dav\u00ed\u00f0s sag\u00f0i hann til hans: &#8222;Svo segir Drottinn: Kj\u00f3s \u00fe\u00e9r hvort \u00fe\u00fa vilt \u00feriggja \u00e1ra hall\u00e6ri e\u00f0a a\u00f0 \u00fe\u00fa fl\u00fdir \u00ferj\u00e1 m\u00e1na\u00f0i fyrir \u00fe\u00ednum fjandm\u00f6nnum og fyrir sver\u00f0i \u00feinna \u00f3vina a\u00f0 \u00fea\u00f0 gr\u00edpi \u00feig e\u00f0a a\u00f0 Drottins sver\u00f0 og dreps\u00f3tt gangi um \u00ed \u00ferj\u00e1 daga \u00ed landinu a\u00f0 engill Drottins sl\u00e1i \u00ed hel \u00ed \u00f6llum \u00cdsraels lands\u00e1lfum. So sj\u00e1 n\u00fa til hversu eg skal svara \u00feeim sem mig \u00fatsendi.&#8220; Dav\u00ed\u00f0 sag\u00f0i til Ga\u00f0: &#8222;Mj\u00f6g \u00ferengjunst eg. En \u00fe\u00f3 k\u00fds eg a\u00f0 falla \u00ed h\u00f6nd Drottins \u00fev\u00ed a\u00f0 hans miskunn er mj\u00f6g mikil en ekki vil eg falla \u00ed mannanna hendur.&#8220;<\/p>\n<p>\t\u00de\u00e1 l\u00e9t Drottinn dreps\u00f3tt koma yfir \u00cdsrael so \u00fear f\u00e9llu sj\u00f6t\u00edgi \u00fe\u00fasundir manna af \u00cdsraelsf\u00f3lki. <span class=\"athugasemd\" title=\"70000 d\u00f3u \u00ed dreps\u00f3tt\">[<\/span> Og Gu\u00f0 sendi engilinn til Jer\u00fasalem a\u00f0 sl\u00e1 hana. Og \u00fe\u00e1 hann var a\u00f0 sl\u00e1 leit Drottinn til og hann angra\u00f0ist yfir \u00fev\u00ed inu vonda og sag\u00f0i til engilsins sem sl\u00f3 (f\u00f3lki\u00f0): &#8222;\u00dea\u00f0 er n\u00f3g, \u00fe\u00edn h\u00f6nd l\u00e1ti af.&#8220; En engill Drottins st\u00f3\u00f0 hj\u00e1 lauagar\u00f0i Arnan Jebusiter. Og Dav\u00ed\u00f0 upplyfti s\u00ednum augum og s\u00e1 engil Drottins standa \u00e1 millum himins og jar\u00f0ar og haf\u00f0i brug\u00f0i\u00f0 sver\u00f0 \u00ed sinni hendi og r\u00e9tti \u00fea\u00f0 yfir Jer\u00fasalem. \u00de\u00e1 f\u00e9ll Dav\u00ed\u00f0 fram til jar\u00f0ar og \u00feeir inu elstu me\u00f0 honum, kl\u00e6ddir <span class=\"athugasemd\" title=\"a \/ (Sekkjum) \/ Ebreski textinn kallar sekki \u00feau kl\u00e6\u00f0i sem eru gj\u00f6r\u00f0 af st\u00f3ru \u00f3breyttu l\u00edni e\u00f0a ullu svo sem \u00fea\u00f0 er sem til sekkja er haft.\">[<\/span> sekkjum. Og Dav\u00ed\u00f0 sag\u00f0i til Gu\u00f0s: &#8222;Hvert er eg eigi s\u00e1 sem bau\u00f0 a\u00f0 telja f\u00f3lki\u00f0? Eg er s\u00e1 sem syndga\u00f0ist og gj\u00f6r\u00f0i \u00fea\u00f0 hi\u00f0 vonda \u0096 hva\u00f0 hafa \u00feessir sau\u00f0ir gj\u00f6rt? Drottinn Gu\u00f0 minn, sn\u00faist \u00fe\u00edn h\u00f6nd \u00ed gegn m\u00e9r og m\u00edns f\u00f6\u00f0urs h\u00fasi en l\u00e1t \u00feitt f\u00f3lk eigi sl\u00e1st.&#8220;<\/p>\n<p>\tEngillinn sag\u00f0i til Ga\u00f0 og bau\u00f0 honum a\u00f0 segja Dav\u00ed\u00f0 a\u00f0 hann skyldi st\u00edga upp og reisa Drottni eitt altari \u00ed lauagar\u00f0i Arnan Jebusither. Og Dav\u00ed\u00f0 gekk upp eftir or\u00f0i Ga\u00f0 sem hann sag\u00f0i til hans \u00ed nafni Drottins. En sem Arnan snerist vi\u00f0 og s\u00e1 engilinn og hans fj\u00f3rir synir me\u00f0 honum f\u00f3ru \u00feeir a\u00f0 fela sig \u00fev\u00ed a\u00f0 \u00feeir voru a\u00f0 \u00fereskja hveiti. En sem Dav\u00ed\u00f0 gekk til Arnan leit Arnan vi\u00f0 og s\u00e1 Dav\u00ed\u00f0. Hann gekk \u00fat af lauagar\u00f0inum og f\u00e9ll til jar\u00f0ar og laut Dav\u00ed\u00f0. <\/p>\n<p>\tOg Dav\u00ed\u00f0 sag\u00f0i til Arnan: <span class=\"athugasemd\" title=\"Arnan\">[<\/span> &#8222;Gef m\u00e9r \u00feinn lauagar\u00f0 so eg megi byggja altari Drottni. Fyrir fulla peninga skalt \u00fe\u00fa gefa m\u00e9r hann so a\u00f0 pl\u00e1gan megi takast af f\u00f3lkinu.&#8220; Arnan svara\u00f0i Dav\u00ed\u00f0: &#8222;Tak hann til \u00fe\u00edn og gj\u00f6r, herra k\u00f3ngur, hva\u00f0 \u00fe\u00e9r \u00fe\u00f3knast. Sj\u00e1, eg gef uxana til brennioffurs og okin til vi\u00f0ar og hveiti til matoffurs, \u00fea\u00f0 gef eg allt saman.&#8220; Dav\u00ed\u00f0 k\u00f3ngur sag\u00f0i til Arnan: &#8222;Ekki skal svo vera heldur vil eg kaupa \u00feetta fyrir fulla peninga. \u00dev\u00ed a\u00f0 ei vil eg taka \u00fea\u00f0 sem \u00fe\u00e9r tilheyrir fyrir Drottni og eigi heldur gefa \u00fea\u00f0 sem eg \u00feigg kauplaust til brennif\u00f3rnar.&#8220; So gaf Dav\u00ed\u00f0 Arnan fyrir lauagar\u00f0inn sex hundru\u00f0 sekel gulls a\u00f0 vikt. Og Dav\u00ed\u00f0 reisti Drottni \u00fear eitt altari og f\u00e6r\u00f0i \u00fear yfir brennif\u00f3rnir og \u00feakkl\u00e6tisf\u00f3rnir. Og sem hann \u00e1kalla\u00f0i Drottin \u00fe\u00e1 b\u00e6nheyr\u00f0i hann hann af himni fyrir eldinn yfir brennioffursins altari. Og Drottinn sag\u00f0i til engilsins: &#8222;L\u00e1t \u00feitt sver\u00f0 \u00ed s\u00ednar sl\u00ed\u00f0rir.&#8220;<\/p>\n<p>\t\u00c1 \u00feeim sama t\u00edma \u00fe\u00e1 Dav\u00ed\u00f0 s\u00e1 \u00fea\u00f0 a\u00f0 Drottinn haf\u00f0i b\u00e6nheyrt hann \u00ed \u00feeim lauagar\u00f0i Arnan Jebusiter \u00fe\u00e1 plaga\u00f0i hann a\u00f0 f\u00e6ra \u00fear f\u00f3rnir. <span class=\"athugasemd\" title=\"Exod. 36 \/ 2. Para. 1\">[<\/span> \u00dev\u00ed a\u00f0 Drottins tjaldb\u00fa\u00f0 sem M\u00f3ses gj\u00f6r\u00f0i \u00ed ey\u00f0im\u00f6rkinni og \u00fea\u00f0 brennif\u00f3rnaaltari\u00f0 var \u00ed \u00feann t\u00edma \u00e1 h\u00e6\u00f0inni \u00ed G\u00edbeon og gat Dav\u00ed\u00f0 ekki fari\u00f0 \u00feanga\u00f0 a\u00f0 leita Gu\u00f0s, so var hann hr\u00e6ddur or\u00f0inn fyrir sver\u00f0i Drottins engils. Og Dav\u00ed\u00f0 sag\u00f0i: &#8222;H\u00e9r skal Drottins Gu\u00f0s h\u00fas vera og \u00feetta altari\u00f0 til brennif\u00f3rna \u00cdsrael.&#8220;<\/p>\n","protected":false},"excerpt":{"rendered":"<p>XXII. Og Satan reis upp \u00ed m\u00f3ti \u00cdsrael og skaut Dav\u00ed\u00f0 \u00ed hug a\u00f0 hann l\u00e9ti telja \u00cdsraelsl\u00fd\u00f0. [ Og Dav\u00ed\u00f0 sag\u00f0i til J\u00f3ab og til h\u00f6f\u00f0ingjanna f\u00f3lksins: &#8222;Fari\u00f0 og telji\u00f0 \u00cdsrael fr\u00e1 Berseba og allt til Dan og kunngj\u00f6ri\u00f0 m\u00e9r \u00fea\u00f0 aftur a\u00f0 eg viti hversu margur a\u00f0 hann er.&#8220; J\u00f3ab svara\u00f0i: &#8222;Drottinn hundra\u00f0faldi sitt f\u00f3lk fram yfir \u00fea\u00f0 sem n\u00fa er \u00fea\u00f0 margt. En minn herra k\u00f3ngur, eru \u00feeir ekki allir m\u00edns herra \u00fe\u00e9narar? Hvar fyrir vill minn herra vita \u00feetta? \u00dev\u00ed skal skuld koma \u00e1 \u00cdsrael?&#8220; En \u00fea\u00f0 gekk fram sem k\u00f3ngur vildi \u00ed m\u00f3ti J\u00f3ab. [ <a href=\"https:\/\/biblian.is\/gudbrandsbiblia\/fyrri-kronikubok-22-kafli\/\"> [&#8230;]<\/a><\/p>\n","protected":false},"author":1,"featured_media":0,"parent":0,"menu_order":0,"comment_status":"open","ping_status":"open","template":"bibliukaflar.php","meta":{"footnotes":""},"class_list":["post-3052","page","type-page","status-publish","hentry"],"_links":{"self":[{"href":"https:\/\/biblian.is\/gudbrandsbiblia\/wp-json\/wp\/v2\/pages\/3052","targetHints":{"allow":["GET"]}}],"collection":[{"href":"https:\/\/biblian.is\/gudbrandsbiblia\/wp-json\/wp\/v2\/pages"}],"about":[{"href":"https:\/\/biblian.is\/gudbrandsbiblia\/wp-json\/wp\/v2\/types\/page"}],"author":[{"embeddable":true,"href":"https:\/\/biblian.is\/gudbrandsbiblia\/wp-json\/wp\/v2\/users\/1"}],"replies":[{"embeddable":true,"href":"https:\/\/biblian.is\/gudbrandsbiblia\/wp-json\/wp\/v2\/comments?post=3052"}],"version-history":[{"count":0,"href":"https:\/\/biblian.is\/gudbrandsbiblia\/wp-json\/wp\/v2\/pages\/3052\/revisions"}],"wp:attachment":[{"href":"https:\/\/biblian.is\/gudbrandsbiblia\/wp-json\/wp\/v2\/media?parent=3052"}],"curies":[{"name":"wp","href":"https:\/\/api.w.org\/{rel}","templated":true}]}}