{"id":3038,"date":"2017-12-18T18:32:28","date_gmt":"2017-12-18T18:32:28","guid":{"rendered":"http:\/\/biblian.is\/gudbrandsbiblia\/fyrri-kronikubok-8-kafli\/"},"modified":"2017-12-18T18:32:28","modified_gmt":"2017-12-18T18:32:28","slug":"fyrri-kronikubok-8-kafli","status":"publish","type":"page","link":"https:\/\/biblian.is\/gudbrandsbiblia\/fyrri-kronikubok-8-kafli\/","title":{"rendered":"Fyrri kron\u00edkub\u00f3k 8. kafli"},"content":{"rendered":"<p>VIII.<\/p>\n<p>Synir \u00cdsaskar voru \u00feeir T\u00f3la, P\u00faa, Jas\u00fab og Simron, \u00feeir fj\u00f3rir. <span class=\"athugasemd\" title=\"Synir \u00cdsaskar \/ Gen. 46\">[<\/span> En synir T\u00f3la voru \u00das\u00ed, Refaja, Jer\u00edel, Jahema\u00ed, Jebsam og Sam\u00fael, h\u00f6f\u00f0ingjar \u00ed \u00feeirra fe\u00f0ra h\u00fasi af T\u00f3la. Og hi\u00f0 voldugasta f\u00f3lk \u00ed \u00feeirra \u00e6tt voru taldir \u00e1 Dav\u00ed\u00f0s d\u00f6gum tv\u00e6r og tuttugu \u00fe\u00fasundir og sex hundru\u00f0. Synir \u00das\u00ed voru Jesraja. En synir Jesraja voru M\u00edkael, \u00d3bad\u00eda, J\u00f3el og Jes\u00eda, \u00feeir fimm, og voru allir h\u00f6f\u00f0ingjar. En me\u00f0 \u00feeim \u00e1 me\u00f0al \u00feeirra \u00e6ttar \u00ed \u00feeirra fe\u00f0ra h\u00fasi voru sex og \u00ferj\u00e1t\u00edgi \u00fe\u00fasundir, \u00fea\u00f0 f\u00f3lk sem var f\u00e6rt \u00ed str\u00ed\u00f0. \u00dev\u00ed a\u00f0 \u00feeir h\u00f6f\u00f0u margar kvinnur og b\u00f6rn. Og \u00feeirra br\u00e6\u00f0ur af \u00f6llu \u00cdsaskar slekti, hraustir bardagamenn, voru sj\u00f6 og \u00e1ttat\u00edgi \u00fe\u00fasundir og voru allir reikna\u00f0ir.<\/p>\n<p>\tSynir Benjam\u00edn voru Bela, Beker og Jed\u00edael, \u00feeir \u00fer\u00edr. <span class=\"athugasemd\" title=\"Synir Benjam\u00edn\">[<\/span> En synir Bela voru Esb\u00f3n, \u00das\u00ed, \u00das\u00edel, Jer\u00edm\u00f3t og \u00cdr\u00ed, \u00feeir fimm h\u00f6f\u00f0ingjar \u00ed fe\u00f0ranna h\u00fasi, voldugt f\u00f3lk. \u00deeir voru reikna\u00f0ir tv\u00e6r og tuttugu \u00fe\u00fasundir fj\u00f3rir og \u00ferj\u00e1t\u00edgi. Synir Beker voru Sem\u00edra, J\u00f3as, El\u00edesser, El\u00ed\u00f3ena\u00ed, Amr\u00ed, Jerem\u00f3t, Ab\u00eda, Anat\u00f3t og Alamet. \u00deessir allir voru synir Beker. Og \u00feeir voru reikna\u00f0ir \u00ed \u00feeirra \u00e6tt eftir h\u00f6fu\u00f0sm\u00f6nnunum \u00ed \u00feeirra fe\u00f0ra h\u00fasi tuttugu \u00fe\u00fasundir og tv\u00f6 hundru\u00f0 \u00e1g\u00e6tt str\u00ed\u00f0sf\u00f3lk. En synir Jed\u00edael voru \u00feessir: B\u00edlhan. Synir B\u00edlhan voru Jeh\u00fas, Benjam\u00edn, Eh\u00fa\u00f0, Knaena, Setan, Tarsis og Ah\u00edsaar. \u00deeir voru allir synir Jed\u00edael, h\u00f6fu\u00f0smenn \u00ed \u00feeirra fe\u00f0ra h\u00fasi, hraustir str\u00ed\u00f0smenn, seytj\u00e1n \u00fe\u00fasundir og tv\u00f6 hundru\u00f0 bardagamenn. En S\u00fap\u00edm og H\u00fap\u00edm voru synir \u00cdr og H\u00fas\u00edm var son Aher.<\/p>\n<p>\tSynir Neftal\u00ed voru Jahs\u00edel, G\u00fan\u00ed, Jeser og Sall\u00fam, synir B\u00edla. <span class=\"athugasemd\" title=\"Synir Neftal\u00ed\">[<\/span> <\/p>\n<p>\tEn synir Manasses eru \u00feessir: <span class=\"athugasemd\" title=\"Synir Manasses\">[<\/span> Esr\u00edel sem hans frilla f\u00e6ddi honum, Aram\u00eda a\u00f0 nafni, hann gat Mak\u00edr, f\u00f6\u00f0ur G\u00edlea\u00f0. Og Mak\u00edr gaf H\u00fap\u00edm og S\u00fap\u00edm kvinnur. Hans systir h\u00e9t Maeka. Hans annar son h\u00e9t Selafeha\u00f0. Og Selafeha\u00f0 haf\u00f0i d\u00e6tur. Og Maeka h\u00fastr\u00fa Mak\u00edr f\u00e6ddi einn son. \u00deann kalla\u00f0i h\u00fan Peres og hans br\u00f3\u00f0ir h\u00e9t Sares, hans synir voru \u00feeir \u00dalam og Rakem. Og sonur \u00dalam var Bedan. \u00deessir voru synir G\u00edlea\u00f0 sonar Mak\u00edr, sonar Manasses. Og hans systir M\u00f3leket f\u00e6ddi \u00cdsh\u00fad, Ab\u00edeser og Mahela. Og Sem\u00edda \u00e1tti \u00feessa sonu: Ahean, S\u00edkem, L\u00edk\u00ed og An\u00edam.<\/p>\n<p>\t\u00deessir voru synir Efra\u00edm: <span class=\"athugasemd\" title=\"Synir Efra\u00edm\">[<\/span> S\u00fatela. Hans son var Bered, hans son var Tahat, hans son var Eleada, hans son var Tahat, hans son var Sabad, hans son var S\u00fatela, hans synir voru Eser og Elead. En \u00feeir menn \u00ed Gat, landsins innbyggjarar, sl\u00f3gu \u00fe\u00e1 \u00ed hel \u00fev\u00ed a\u00f0 \u00feeir voru til samans \u00fatfarnir a\u00f0 taka \u00feeirra kvikf\u00e9. Og Efra\u00edm \u00feeirra fa\u00f0ir syrg\u00f0i \u00fe\u00e1 lengi og hans br\u00e6\u00f0ur komu og huggu\u00f0u hann. Eftir \u00fea\u00f0 kenndi hann s\u00edna kvinnu og h\u00fan var\u00f0 \u00feungu\u00f0 og f\u00e6ddi einn son. \u00deann kalla\u00f0i h\u00fan Br\u00eda \u00fev\u00ed a\u00f0 \u00fea\u00f0 gekk illa til \u00ed hans h\u00fasi. <span class=\"athugasemd\" title=\"Br\u00eda\">[<\/span> Hans d\u00f3ttir var Seera. H\u00fan bygg\u00f0i upp \u00fea\u00f0 ne\u00f0sta og efsta Bet H\u00f3ron og \u00dasen Seera. Hennar synir voru Refat og Resef. Hans son var Tela, hans son var Tahan, hans son var Laedan, hans son var Am\u00ed\u00fad, hans son var El\u00edsama, hans son var N\u00fan, hans son var J\u00f3s\u00faa. <span class=\"athugasemd\" title=\"J\u00f3s\u00faa\">[<\/span> <\/p>\n<p>\tEn \u00feeirra eign og heimili var Betel me\u00f0 s\u00ednum d\u00e6trum austur a\u00f0 Naeram og Geser me\u00f0 hennar d\u00e6trum \u00ed m\u00f3t vestri og Sekem og hennar d\u00e6tur inn til Asa og hennar d\u00e6tur. Og hj\u00e1 Manassessonum Bet Sean og hennar d\u00e6tur, Taenak og hennar d\u00e6tur, Megidd\u00f3 og hennar d\u00e6tur, D\u00f3r og hennar d\u00e6tur. \u00dat \u00ed \u00feessum borgum bjuggu synir J\u00f3sef, sem voru synir \u00cdsrael. <\/p>\n<p>\tSynir Asser voru \u00feessir: <span class=\"athugasemd\" title=\"Synir Asser \/ Gen. 46\">[<\/span> Jemna, Jesva og Jesva\u00ed, Br\u00eda og \u00feeirra systir Sera. Synir Br\u00eda voru Heber og Malk\u00edel, hann er fa\u00f0ir Birsav\u00edt. Og Heber gat Jaflet, S\u00f3mer, H\u00f3tam og S\u00faa \u00feeirra systir. Synir Jaflet voru Passa, B\u00edmehal og Assvat, \u00fea\u00f0 voru synir Jeflet. Synir S\u00f3mer voru Ah\u00ed, Rahga, Jeh\u00faba og Aram. Og synir Helem hans br\u00f3\u00f0ur voru S\u00f3fa, Jemna, Seles og Amal. Synir S\u00f3fa voru S\u00faa, Harnefer, S\u00faal, Ber\u00ed, Jemra, Beser, H\u00f3d, Sama, Silsa, Jetran og Beera. Synir Jeter voru Jef\u00fanne, Pispa og Ara. Synir \u00dalla voru Ara, Han\u00edel og Risja. \u00deessir allir voru synir Asser, \u00fatvaldir h\u00f6f\u00f0ingjar \u00ed \u00feeirra fe\u00f0ra h\u00fasi, megtugir menn og hertugar yfir h\u00f6f\u00f0ingjunum, og voru reikna\u00f0ir a\u00f0 t\u00f6lu \u00feeir sem herf\u00e6rir voru sex og tuttugu \u00fe\u00fasundir manna.<\/p>\n","protected":false},"excerpt":{"rendered":"<p>VIII. Synir \u00cdsaskar voru \u00feeir T\u00f3la, P\u00faa, Jas\u00fab og Simron, \u00feeir fj\u00f3rir. [ En synir T\u00f3la voru \u00das\u00ed, Refaja, Jer\u00edel, Jahema\u00ed, Jebsam og Sam\u00fael, h\u00f6f\u00f0ingjar \u00ed \u00feeirra fe\u00f0ra h\u00fasi af T\u00f3la. Og hi\u00f0 voldugasta f\u00f3lk \u00ed \u00feeirra \u00e6tt voru taldir \u00e1 Dav\u00ed\u00f0s d\u00f6gum tv\u00e6r og tuttugu \u00fe\u00fasundir og sex hundru\u00f0. Synir \u00das\u00ed voru Jesraja. En synir Jesraja voru M\u00edkael, \u00d3bad\u00eda, J\u00f3el og Jes\u00eda, \u00feeir fimm, og voru allir h\u00f6f\u00f0ingjar. En me\u00f0 \u00feeim \u00e1 me\u00f0al \u00feeirra \u00e6ttar \u00ed \u00feeirra fe\u00f0ra h\u00fasi voru sex og \u00ferj\u00e1t\u00edgi \u00fe\u00fasundir, \u00fea\u00f0 f\u00f3lk sem var f\u00e6rt \u00ed str\u00ed\u00f0. \u00dev\u00ed a\u00f0 \u00feeir h\u00f6f\u00f0u margar kvinnur og b\u00f6rn. <a href=\"https:\/\/biblian.is\/gudbrandsbiblia\/fyrri-kronikubok-8-kafli\/\"> [&#8230;]<\/a><\/p>\n","protected":false},"author":1,"featured_media":0,"parent":0,"menu_order":0,"comment_status":"open","ping_status":"open","template":"bibliukaflar.php","meta":{"footnotes":""},"class_list":["post-3038","page","type-page","status-publish","hentry"],"_links":{"self":[{"href":"https:\/\/biblian.is\/gudbrandsbiblia\/wp-json\/wp\/v2\/pages\/3038","targetHints":{"allow":["GET"]}}],"collection":[{"href":"https:\/\/biblian.is\/gudbrandsbiblia\/wp-json\/wp\/v2\/pages"}],"about":[{"href":"https:\/\/biblian.is\/gudbrandsbiblia\/wp-json\/wp\/v2\/types\/page"}],"author":[{"embeddable":true,"href":"https:\/\/biblian.is\/gudbrandsbiblia\/wp-json\/wp\/v2\/users\/1"}],"replies":[{"embeddable":true,"href":"https:\/\/biblian.is\/gudbrandsbiblia\/wp-json\/wp\/v2\/comments?post=3038"}],"version-history":[{"count":0,"href":"https:\/\/biblian.is\/gudbrandsbiblia\/wp-json\/wp\/v2\/pages\/3038\/revisions"}],"wp:attachment":[{"href":"https:\/\/biblian.is\/gudbrandsbiblia\/wp-json\/wp\/v2\/media?parent=3038"}],"curies":[{"name":"wp","href":"https:\/\/api.w.org\/{rel}","templated":true}]}}