{"id":3035,"date":"2017-12-18T18:32:28","date_gmt":"2017-12-18T18:32:28","guid":{"rendered":"http:\/\/biblian.is\/gudbrandsbiblia\/fyrri-kronikubok-5-kafli\/"},"modified":"2017-12-18T18:32:28","modified_gmt":"2017-12-18T18:32:28","slug":"fyrri-kronikubok-5-kafli","status":"publish","type":"page","link":"https:\/\/biblian.is\/gudbrandsbiblia\/fyrri-kronikubok-5-kafli\/","title":{"rendered":"Fyrri kron\u00edkub\u00f3k 5. kafli"},"content":{"rendered":"<p>V.<\/p>\n<p>Synir S\u00edmeon voru Nem\u00f3el, Jam\u00edn, Jar\u00edb, Sera og Saul. <span class=\"athugasemd\" title=\"Synir Simeonis \/ Gen. 46\">[<\/span> Hans son var Sall\u00fam, hans son var Mibsam en hans son var Misma. En sonur Mismas var Ham\u00fael, hans son var Sak\u00far og hans son var S\u00edme\u00ed. En S\u00edme\u00ed haf\u00f0i sext\u00e1n syni og sex d\u00e6tur en hans br\u00e6\u00f0ur h\u00f6f\u00f0u ekki m\u00f6rg b\u00f6rn. Og hans \u00e6tthringur j\u00f3k sig ekki svo sem J\u00fadasynir.<\/p>\n<p>\tOg \u00feeir bjuggu \u00ed Bersaba, M\u00f3lada, Hasar S\u00faal, B\u00edlha, Esem, T\u00f3lad, Bet\u00fael, Harma, Siklag, Bet Markab\u00f3t, Hasar S\u00fassem, Bet B\u00eder\u00ed, Saara\u00edm. \u00deetta voru \u00feeirra sta\u00f0ir allt til daga Dav\u00ed\u00f0s k\u00f3ngs. \u00dear me\u00f0 \u00feorp \u00feeirra: Etam, A\u00edn, Rimmon, T\u00f3ken, Asan, \u00feeir fimm sta\u00f0ir og \u00f6ll \u00feau \u00feorp sem a\u00f0 voru \u00ed kringum \u00feessa sta\u00f0i allt a\u00f0 Baal. \u00dea\u00f0 eru \u00feeirra heimili og \u00feeirra \u00e6ttleif\u00f0 \u00e1 me\u00f0al \u00feeirra sj\u00e1lfra.<\/p>\n<p>\tOg Mes\u00f3sab, Jamlek og J\u00f3sa son Amas\u00eda, J\u00f3el, Jeh\u00fa sonur J\u00f3sibja, sonar Saraja, sonar As\u00edel, El\u00ed\u00f3ena\u00ed, Jeak\u00f3ba, J\u00f3s\u00f3haja, Asaja, Ad\u00edel, \u00cdsmael og Benaja, S\u00edsa son S\u00edfe\u00ed, sonar Alon, sonar Jedaja, sonar Simr\u00ed, sonar Semaja. \u00deessir voru \u00feeir nafnkunnugu h\u00f6f\u00f0ingjar \u00ed \u00feeirra \u00e6tt og \u00ed \u00feeirra fe\u00f0ra h\u00fasi og \u00feeir margf\u00f6ldu\u00f0ust mj\u00f6g. <\/p>\n<p>\tOg \u00feeir dr\u00f3gu \u00ed burt svo \u00feeir k\u00e6mi til Gedor a\u00f0 austanver\u00f0um dalnum og leitu\u00f0u a\u00f0 haglendi handa s\u00ednum hj\u00f6r\u00f0um. Og \u00feeir fundu feitt og gott haglendi og eitt land b\u00e6\u00f0i v\u00edtt og breitt, spakt og frj\u00f3samt \u00fev\u00ed a\u00f0 \u00feeir af Kam h\u00f6f\u00f0u b\u00fai\u00f0 \u00fear for\u00f0um. En \u00feeir sem n\u00fa eru skrifa\u00f0ir komu \u00ed Ezechie J\u00fadak\u00f3ngs t\u00ed\u00f0 og sl\u00f3gu hinna annarra tjaldb\u00fa\u00f0ir og heimili sem \u00fear ur\u00f0u fundnir og foreyddu \u00feeim inn til \u00feessa dags og bjuggu \u00ed \u00feeirra st\u00f6\u00f0um \u00fev\u00ed a\u00f0 \u00fear var \u00e1g\u00e6tt haglendi fyrir f\u00e9. Og \u00fear gengu \u00fat af sonum S\u00edmeon fimm hundru\u00f0 manns allt til fjallsins Se\u00edr me\u00f0 s\u00ednum h\u00f6f\u00f0ingjum: Platja, Naerja, Refaja og \u00das\u00edel, synir Jesei, og sl\u00f3gu \u00fe\u00e1 \u00ed hel sem eftir h\u00f6f\u00f0u or\u00f0i\u00f0 af \u00feeim Amalechiter og bjuggu \u00fear inn til \u00feessa dags.<\/p>\n","protected":false},"excerpt":{"rendered":"<p>V. Synir S\u00edmeon voru Nem\u00f3el, Jam\u00edn, Jar\u00edb, Sera og Saul. [ Hans son var Sall\u00fam, hans son var Mibsam en hans son var Misma. En sonur Mismas var Ham\u00fael, hans son var Sak\u00far og hans son var S\u00edme\u00ed. En S\u00edme\u00ed haf\u00f0i sext\u00e1n syni og sex d\u00e6tur en hans br\u00e6\u00f0ur h\u00f6f\u00f0u ekki m\u00f6rg b\u00f6rn. Og hans \u00e6tthringur j\u00f3k sig ekki svo sem J\u00fadasynir. Og \u00feeir bjuggu \u00ed Bersaba, M\u00f3lada, Hasar S\u00faal, B\u00edlha, Esem, T\u00f3lad, Bet\u00fael, Harma, Siklag, Bet Markab\u00f3t, Hasar S\u00fassem, Bet B\u00eder\u00ed, Saara\u00edm. \u00deetta voru \u00feeirra sta\u00f0ir allt til daga Dav\u00ed\u00f0s k\u00f3ngs. \u00dear me\u00f0 \u00feorp \u00feeirra: Etam, A\u00edn, Rimmon, T\u00f3ken, <a href=\"https:\/\/biblian.is\/gudbrandsbiblia\/fyrri-kronikubok-5-kafli\/\"> [&#8230;]<\/a><\/p>\n","protected":false},"author":1,"featured_media":0,"parent":0,"menu_order":0,"comment_status":"open","ping_status":"open","template":"bibliukaflar.php","meta":{"footnotes":""},"class_list":["post-3035","page","type-page","status-publish","hentry"],"_links":{"self":[{"href":"https:\/\/biblian.is\/gudbrandsbiblia\/wp-json\/wp\/v2\/pages\/3035","targetHints":{"allow":["GET"]}}],"collection":[{"href":"https:\/\/biblian.is\/gudbrandsbiblia\/wp-json\/wp\/v2\/pages"}],"about":[{"href":"https:\/\/biblian.is\/gudbrandsbiblia\/wp-json\/wp\/v2\/types\/page"}],"author":[{"embeddable":true,"href":"https:\/\/biblian.is\/gudbrandsbiblia\/wp-json\/wp\/v2\/users\/1"}],"replies":[{"embeddable":true,"href":"https:\/\/biblian.is\/gudbrandsbiblia\/wp-json\/wp\/v2\/comments?post=3035"}],"version-history":[{"count":0,"href":"https:\/\/biblian.is\/gudbrandsbiblia\/wp-json\/wp\/v2\/pages\/3035\/revisions"}],"wp:attachment":[{"href":"https:\/\/biblian.is\/gudbrandsbiblia\/wp-json\/wp\/v2\/media?parent=3035"}],"curies":[{"name":"wp","href":"https:\/\/api.w.org\/{rel}","templated":true}]}}