{"id":2993,"date":"2017-12-18T18:32:21","date_gmt":"2017-12-18T18:32:21","guid":{"rendered":"http:\/\/biblian.is\/gudbrandsbiblia\/fyrri-konungabok-10-kafli\/"},"modified":"2017-12-18T18:32:21","modified_gmt":"2017-12-18T18:32:21","slug":"fyrri-konungabok-10-kafli","status":"publish","type":"page","link":"https:\/\/biblian.is\/gudbrandsbiblia\/fyrri-konungabok-10-kafli\/","title":{"rendered":"Fyrri konungab\u00f3k 10. kafli"},"content":{"rendered":"<p>X.<\/p>\n<p>En sem Sal\u00f3mons rykti \u00fat af nafninu Drottins kom fyrir drottninguna af r\u00edki Arabia \u00fe\u00e1 kom h\u00fan a\u00f0 freista hans me\u00f0 dj\u00fapum spurningum. <span class=\"athugasemd\" title=\"Drottningin af r\u00edki Arabia \/ 2. Para. 9 \/ Math. 12 \/ Luc. 11\">[<\/span> Og h\u00fan kom til Jer\u00fasalem me\u00f0 mj\u00f6g miklu f\u00f6runeyti, me\u00f0 \u00falf\u00f6ldum sem b\u00e1ru jurtir og miki\u00f0 gull og d\u00fdrlega steina. Og sem h\u00fan kom inn til Sal\u00f3mons k\u00f3ngs \u00fe\u00e1 tala\u00f0i h\u00fan vi\u00f0 hann allt \u00fea\u00f0 h\u00fan haf\u00f0i \u00ed s\u00ednu hjarta. Og Sal\u00f3mon sag\u00f0i henni \u00fea\u00f0 allt saman og \u00fear var ekkert huli\u00f0 fyrir k\u00f3nginum a\u00f0 hann sag\u00f0i eigi henni \u00fea\u00f0.<\/p>\n<p>\tEn sem drottningin af Arabiar\u00edki s\u00e1 allan Sal\u00f3mons v\u00edsd\u00f3m og h\u00fasi\u00f0 \u00fea\u00f0 hann haf\u00f0i sm\u00ed\u00f0a\u00f0 og vistir til hans bor\u00f0s og herbergin hans \u00fe\u00e9nara og skipan \u00feeirra er honum \u00fej\u00f3nu\u00f0u og \u00feeirra kl\u00e6\u00f0na\u00f0 og hans skenkjara og hans brennif\u00f3rnir sem hann offra\u00f0i \u00ed Drottins h\u00fas \u00fe\u00e1 gat h\u00fan ekki haldi\u00f0 s\u00e9r lengur og sag\u00f0i til k\u00f3ngsins: &#8222;\u00dea\u00f0 er satt sem eg hefi heyrt \u00ed m\u00ednu landi um \u00fe\u00edna vitru og um \u00feinn v\u00edsd\u00f3m. En eg vilda ekki tr\u00faa \u00fev\u00ed fyrr en eg k\u00e6mi sj\u00e1lf a\u00f0 sj\u00e1 \u00fea\u00f0 me\u00f0 m\u00ednum augum. Og sj\u00e1, \u00fea\u00f0 var m\u00e9r ekki h\u00e1lfpart af sagt, miklu meiri er \u00feinn v\u00edsd\u00f3mur og au\u00f0\u00e6fi en s\u00fa fr\u00e6g\u00f0 sem eg heyr\u00f0a. S\u00e6lir eru \u00fe\u00ednir menn og \u00fe\u00ednir \u00fe\u00e9narar sem a\u00f0 allt\u00ed\u00f0 standa fyrir \u00fe\u00e9r og heyra \u00feinn v\u00edsd\u00f3m. Lofa\u00f0ur ver\u00f0i Drottinn, \u00feinn Gu\u00f0, hverjum \u00fe\u00fa l\u00edka\u00f0ir so vel a\u00f0 hann hefur sett \u00feig upp \u00e1 \u00cdsraels st\u00f3l fyrir \u00fev\u00ed a\u00f0 Drottinn elskar \u00cdsrael \u00e6vinlega og setti \u00feig til k\u00f3ngs a\u00f0 \u00fe\u00fa skulir d\u00e6ma d\u00f3ma og r\u00e9ttindi.&#8220;<\/p>\n<p>\tOg h\u00fan gaf k\u00f3nginum hundra\u00f0 og tuttugu centener gulls og mj\u00f6g margar kostulegar jurtir og d\u00fdrlega gimsteina. \u00dear fluttust ekki s\u00ed\u00f0an svo margar kostulegar jurtir sem drottningin af r\u00edki Arabia gaf Sal\u00f3mon k\u00f3ngi. \u00dear me\u00f0 skip H\u00edram sem f\u00e6r\u00f0u gull af \u00d3f\u00edr, \u00feau fluttu og mj\u00f6g mikil <span class=\"athugasemd\" title=\"a \/ (Hebenus) \/ er tr\u00e9 vex \u00ed Ind\u00edalandi\">[<\/span> hebentr\u00e9 og d\u00fdrlega steina. Og k\u00f3ngurinn l\u00e9t gj\u00f6ra pilara af \u00fev\u00ed sama hebentr\u00e9 \u00ed Drottins h\u00fasi og \u00ed k\u00f3ngsins h\u00fasi, so og h\u00f6rpur og s\u00f6ngf\u00e6ri til s\u00f6ngvaranna. \u00dear komu ekki upp fr\u00e1 \u00fev\u00ed \u00fev\u00edl\u00edk hebentr\u00e9, \u00feau voru og ekki heldur s\u00e9n til \u00feessa dags. Og k\u00f3ng Sal\u00f3mon gaf drottningunni af r\u00edki Arabia allt \u00fea\u00f0 h\u00fan vildi girnast og h\u00fan umba\u00f0, fr\u00e1skildu \u00fev\u00ed sem hann gaf henni sj\u00e1lfur. Og h\u00fan sneri aftur \u00ed sitt land me\u00f0 s\u00ednu f\u00f6runeyti.<\/p>\n<p>\t\u00dea\u00f0 gull sem Sal\u00f3mon f\u00e9kk \u00e1 hverju \u00e1ri var a\u00f0 vigt sex hundru\u00f0 sex og sext\u00edgi centener, umfram \u00fea\u00f0 sem kom fr\u00e1 kr\u00f6murum, kaupm\u00f6nnum og \u00feeim e\u00f0 jurtir seldu og fr\u00e1 \u00f6llum k\u00f3ngum af Arabia og fr\u00e1 \u00feeim voldugu \u00ed l\u00f6ndunum. <span class=\"athugasemd\" title=\"Summa Salomonis gulls\">[<\/span> Og Sal\u00f3mon k\u00f3ngur le\u00b4t gj\u00f6ra tv\u00f6 hundru\u00f0 skj\u00f6ldu af \u00fev\u00ed inu besta gulli og \u00fear voru sex hundru\u00f0 stykki gulls \u00e1 hverjum skildi og \u00ferj\u00fa hundru\u00f0 buklara af \u00fev\u00ed besta gulli, j\u00e1 \u00ferj\u00fa pund gulls til hvers buklara. Og k\u00f3ngurinn lag\u00f0i \u00fe\u00e1 \u00ed h\u00fasi\u00f0 sem gj\u00f6rt var af L\u00edbanonsk\u00f3gi.<\/p>\n<p>\tOg k\u00f3ngurinn gj\u00f6r\u00f0i eitt miki\u00f0 h\u00e1s\u00e6ti af filsbeinum og bj\u00f3 \u00fea\u00f0 allt me\u00f0 \u00fev\u00ed sk\u00e6rasta gulli. Og h\u00e1s\u00e6ti\u00f0 haf\u00f0i sex tr\u00f6ppur og h\u00f6fu\u00f0i\u00f0 \u00e1 st\u00f3lnum var kringl\u00f3tt \u00e1 bak til og \u00fear voru tv\u00e6r br\u00edkur \u00e1 b\u00e1\u00f0ar s\u00ed\u00f0ur h\u00e1s\u00e6tisins og tv\u00e6r le\u00f3nsinnur st\u00f3\u00f0u ofan \u00e1 br\u00edkunum. <span class=\"athugasemd\" title=\"Sal\u00f3mons h\u00e1s\u00e6ti \/ 2. Para. 9\">[<\/span> Og \u00fear st\u00f3\u00f0u t\u00f3lf le\u00f3n \u00e1 \u00feeim sex tr\u00f6ppum \u00e1 b\u00e1\u00f0ar s\u00ed\u00f0ur. \u00dev\u00edl\u00edkt var aldrei gj\u00f6rt \u00ed nokkru k\u00f3ngsr\u00edki.<\/p>\n<p>\t\u00d6ll k\u00f3ng Sal\u00f3mons drykkjarker voru af kl\u00e1ru gulli og \u00f6ll \u00f6nnur ker \u00ed h\u00fasinu L\u00edbanonsk\u00f3gs voru og af kl\u00e1ru gulli. \u00dev\u00ed a\u00f0 ei \u00fe\u00f3tti silfur nokkurs vert \u00ed k\u00f3ng Sal\u00f3mons t\u00ed\u00f0. Fyrir \u00fev\u00ed a\u00f0 k\u00f3ngsins skip sem voru \u00ed samflota me\u00f0 H\u00edrams skipum \u00feau komu eitt sinn \u00ed \u00feremur \u00e1rum og fluttu gull, silfur, f\u00edlsbein, apynjur og p\u00e1fugla.<\/p>\n<p>\tSo mikla\u00f0ist Sal\u00f3mon k\u00f3ngur a\u00f0 au\u00f0\u00e6fum og v\u00edsd\u00f3mi umfram alla a\u00f0ra k\u00f3nga \u00e1 j\u00f6r\u00f0unni. <span class=\"athugasemd\" title=\"Sal\u00f3mons speki og r\u00edkd\u00f3mur\">[<\/span> Og allur heimurinn girntist a\u00f0 sj\u00e1 Sal\u00f3mon svo \u00feeir m\u00e6tti heyra hans v\u00edsd\u00f3m sem Gu\u00f0 haf\u00f0i gefi\u00f0 honum \u00ed hans hjarta. Og hver ma\u00f0ur f\u00e6r\u00f0i honum \u00e1g\u00e6tar g\u00e1fur, silfurker og gullker og brynjur, kl\u00e6\u00f0i, jurtir, hesta og m\u00fala, hvert \u00e1r. Og Sal\u00f3mon safna\u00f0i saman v\u00f6gnum og riddarali\u00f0i svo hann haf\u00f0i \u00fe\u00fasund og fj\u00f6gur hundru\u00f0 vagna og t\u00f3lf \u00fe\u00fasundru\u00f0 riddara og l\u00e9t \u00fe\u00e1 vera \u00ed vagnast\u00f6\u00f0unum og hj\u00e1 k\u00f3nginum \u00ed Jer\u00fasalem. <\/p>\n<p>\tOg k\u00f3ngurinn gj\u00f6r\u00f0i \u00fea\u00f0 a\u00f0 ei var \u00f3n\u00e6gra silfur \u00ed Jer\u00fasalem en steinar og svo mikil sedrustr\u00e9 sem f\u00edkjutr\u00e9 \u00ed ey\u00f0imerkurd\u00f6lum. <span class=\"athugasemd\" title=\"So miki\u00f0 silfur \u00ed Sal\u00f3mons t\u00ed\u00f0 sem steinar\">[<\/span> Og Sal\u00f3moni voru f\u00e6r\u00f0ir hestar af Egyptalandi og allra handa vara. Og k\u00f3ngsins kaupmenn keyptu \u00fe\u00e1 s\u00f6mu v\u00f6ru og f\u00e6r\u00f0u hana af Egyptalandi, j\u00e1 einn hvern vagn fyrir sex hundru\u00f0 silfurpeninga og hvern hest fyrir hundra\u00f0 og fimmt\u00edgi. Svo fluttust honum fyrir \u00feeirra hendur (hestar) fr\u00e1 k\u00f3ngum \u00feeirra Hetiter og k\u00f3ngunum \u00ed Syria.<\/p>\n","protected":false},"excerpt":{"rendered":"<p>X. En sem Sal\u00f3mons rykti \u00fat af nafninu Drottins kom fyrir drottninguna af r\u00edki Arabia \u00fe\u00e1 kom h\u00fan a\u00f0 freista hans me\u00f0 dj\u00fapum spurningum. [ Og h\u00fan kom til Jer\u00fasalem me\u00f0 mj\u00f6g miklu f\u00f6runeyti, me\u00f0 \u00falf\u00f6ldum sem b\u00e1ru jurtir og miki\u00f0 gull og d\u00fdrlega steina. Og sem h\u00fan kom inn til Sal\u00f3mons k\u00f3ngs \u00fe\u00e1 tala\u00f0i h\u00fan vi\u00f0 hann allt \u00fea\u00f0 h\u00fan haf\u00f0i \u00ed s\u00ednu hjarta. Og Sal\u00f3mon sag\u00f0i henni \u00fea\u00f0 allt saman og \u00fear var ekkert huli\u00f0 fyrir k\u00f3nginum a\u00f0 hann sag\u00f0i eigi henni \u00fea\u00f0. En sem drottningin af Arabiar\u00edki s\u00e1 allan Sal\u00f3mons v\u00edsd\u00f3m og h\u00fasi\u00f0 \u00fea\u00f0 hann haf\u00f0i sm\u00ed\u00f0a\u00f0 <a href=\"https:\/\/biblian.is\/gudbrandsbiblia\/fyrri-konungabok-10-kafli\/\"> [&#8230;]<\/a><\/p>\n","protected":false},"author":1,"featured_media":0,"parent":0,"menu_order":0,"comment_status":"open","ping_status":"open","template":"bibliukaflar.php","meta":{"footnotes":""},"class_list":["post-2993","page","type-page","status-publish","hentry"],"_links":{"self":[{"href":"https:\/\/biblian.is\/gudbrandsbiblia\/wp-json\/wp\/v2\/pages\/2993","targetHints":{"allow":["GET"]}}],"collection":[{"href":"https:\/\/biblian.is\/gudbrandsbiblia\/wp-json\/wp\/v2\/pages"}],"about":[{"href":"https:\/\/biblian.is\/gudbrandsbiblia\/wp-json\/wp\/v2\/types\/page"}],"author":[{"embeddable":true,"href":"https:\/\/biblian.is\/gudbrandsbiblia\/wp-json\/wp\/v2\/users\/1"}],"replies":[{"embeddable":true,"href":"https:\/\/biblian.is\/gudbrandsbiblia\/wp-json\/wp\/v2\/comments?post=2993"}],"version-history":[{"count":0,"href":"https:\/\/biblian.is\/gudbrandsbiblia\/wp-json\/wp\/v2\/pages\/2993\/revisions"}],"wp:attachment":[{"href":"https:\/\/biblian.is\/gudbrandsbiblia\/wp-json\/wp\/v2\/media?parent=2993"}],"curies":[{"name":"wp","href":"https:\/\/api.w.org\/{rel}","templated":true}]}}