{"id":2982,"date":"2017-12-18T18:32:18","date_gmt":"2017-12-18T18:32:18","guid":{"rendered":"http:\/\/biblian.is\/gudbrandsbiblia\/sidari-samuelsbok-23-kafli\/"},"modified":"2017-12-18T18:32:18","modified_gmt":"2017-12-18T18:32:18","slug":"sidari-samuelsbok-23-kafli","status":"publish","type":"page","link":"https:\/\/biblian.is\/gudbrandsbiblia\/sidari-samuelsbok-23-kafli\/","title":{"rendered":"S\u00ed\u00f0ari Sam\u00faelsb\u00f3k 23. kafli"},"content":{"rendered":"<p>XXIII.<\/p>\n<p>\u00deessi eru \u00feau s\u00ed\u00f0ustu Dav\u00ed\u00f0s or\u00f0. \u00dea\u00f0 segir Dav\u00ed\u00f0, sonur \u00cdsa\u00ed, \u00fea\u00f0 segir s\u00e1 ma\u00f0ur sem settur er til Krists Gu\u00f0s Jakobs, \u00fea\u00f0 lystilega psalmask\u00e1ldi\u00f0 \u00cdsrael: Andi Drottins tala\u00f0i fyrir mig og hans or\u00f0 er ske\u00f0 vi\u00f0 m\u00edna tungu. <span class=\"athugasemd\" title=\"Gu\u00f0s andi talar me\u00f0 Dav\u00ed\u00f0\">[<\/span> Gu\u00f0 \u00cdsraels sag\u00f0i til m\u00edn, S\u00e1 sterki \u00cdsraels tala\u00f0i, S\u00e1 r\u00e9ttfer\u00f0ugi stj\u00f3rnari \u00e1 me\u00f0al mannanna, S\u00e1 stj\u00f3rnari \u00ed Gu\u00f0s \u00f3tta. Og l\u00edka sem lj\u00f3si\u00f0 er um morgnana n\u00e6r s\u00f3lin gengur upp um morguninn \u00e1n sk\u00fdja \u00fear sem grasi\u00f0 vex af j\u00f6r\u00f0unni af skini hitans eftir regni\u00f0. \u00fev\u00ed mitt h\u00fas er ekki so hj\u00e1 Gu\u00f0i \u00fev\u00ed hann setti vi\u00f0 mig einn s\u00e1ttm\u00e1la sem er eil\u00edfur og \u00ed allan m\u00e1ta vel skikka\u00f0ur og var\u00f0veittur. \u00dev\u00ed \u00f6ll m\u00edn hj\u00e1lp og gj\u00f6rningur er \u00fea\u00f0 og \u00fear er ekkert sem ekki vex.<\/p>\n<p>\tEn Bel\u00edal eru allir saman sem \u00fatkasta\u00f0ir \u00feyrnir hverja e\u00f0 mann kann ekki a\u00f0 taka me\u00f0 h\u00f6ndunum heldur hver sem taka skal \u00e1 honum hann m\u00e1 hafa j\u00e1rn og spj\u00f3tskaft \u00ed hendinni. Og \u00feeir skulu uppbrennast me\u00f0 eldi \u00ed \u00feeirra heimilum.<\/p>\n<p>\t\u00deessi eru n\u00f6fn Dav\u00ed\u00f0s kappa: <span class=\"athugasemd\" title=\"Kapparnir \u00ed Dav\u00ed\u00f0s gar\u00f0i \/ 1. Para. 3; 11\">[<\/span> Jasabeam son Hakm\u00f3n\u00ed, s\u00e1 yppasti \u00e1 me\u00f0al \u00feriggja. Hann upplyfti s\u00ednu spj\u00f3ti og drap \u00e1tta hundru\u00f0 \u00e1 einum t\u00edma.<\/p>\n<p>\tN\u00e6st honum var Eleasar, son D\u00f3d\u00f3, sonar Al\u00f3h\u00ed, me\u00f0al \u00feeirra \u00feriggja kappa Dav\u00ed\u00f0s. \u00deann t\u00ed\u00f0 \u00feeir br\u00edgslu\u00f0u Philisteis og voru \u00fear samankomnir til bardaga og \u00fe\u00e1 \u00cdsraelsmenn f\u00f3ru upp \u00fe\u00e1 st\u00f3\u00f0 hann og sl\u00f3 Philisteos so lengi a\u00f0 hans h\u00f6nd \u00fereyttist og krepptist a\u00f0 sver\u00f0inu svo a\u00f0 hann gat hana ekki hr\u00e6rt. Og Gu\u00f0 gaf eina mikla hj\u00e1lp \u00e1 \u00feeim t\u00edma so a\u00f0 f\u00f3lki\u00f0 sneri aftur a\u00f0 r\u00e6na valinn eftir honum.<\/p>\n<p>\tN\u00e6st honum var Samma, son Age Harariters. <span class=\"athugasemd\" title=\"Samma\">[<\/span> \u00de\u00e1 Philistei s\u00f6fnu\u00f0ust saman \u00ed nokkru \u00feorpi \u00fe\u00e1 var \u00fear einn akur fullur bauna og \u00fe\u00e1 f\u00f3lki\u00f0 fl\u00fd\u00f0i fyrir Philisteis \u00fe\u00e1 gekk hann fram mitt \u00e1 akurinn og frelsa\u00f0i \u00fe\u00e1 og sl\u00f3 Philisteos so Gu\u00f0 gaf eina mikla hj\u00e1lp.<\/p>\n<p>\tOg \u00feessir \u00fer\u00edr yppustu \u00e1 me\u00f0al \u00ferj\u00e1t\u00edgi komu ofan til Dav\u00ed\u00f0s um kornskur\u00f0art\u00edma \u00ed \u00feann hellir Ad\u00fallam en fylkingar \u00feeirra Philistinorum l\u00e1gu \u00ed Betlehem. <span class=\"athugasemd\" title=\"1. Par. 12\">[<\/span> Og Dav\u00ed\u00f0 f\u00e9kk lysting og sag\u00f0i: &#8222;Hver vill s\u00e6kja m\u00e9r vatn a\u00f0 drekka af \u00feeim brunni \u00ed Betlehem sem a\u00f0 stendur hj\u00e1 borgarhli\u00f0i?&#8220; \u00de\u00e1 brutust \u00feeir \u00fer\u00edr kappar \u00ed gegnum Philisteis herb\u00fa\u00f0ir og t\u00f3ku vatni\u00f0 af brunninum \u00feeim sem var \u00ed Betlehem undir portinu, \u00feeir b\u00e1ru og f\u00e6r\u00f0u Dav\u00ed\u00f0 \u00fea\u00f0. En hann vildi ekki drekka \u00fea\u00f0 heldur hellti hann \u00fev\u00ed \u00fat fyrir Drottni og sag\u00f0i: &#8222;Drottinn for\u00f0i m\u00e9r a\u00f0 eg skyldi \u00fea\u00f0 gj\u00f6ra. Er \u00fea\u00f0 ekki \u00feeirra manna bl\u00f3\u00f0 sem settu sig \u00ed l\u00edfsh\u00e1ska og gengu \u00feanga\u00f0?&#8220; Og hann vildi ekki drekka \u00fea\u00f0. \u00deetta gj\u00f6r\u00f0u \u00feeir \u00fer\u00edr kappar.<\/p>\n<p>\tAb\u00edsa\u00ed, J\u00f3bas br\u00f3\u00f0ir, son Ser\u00faja, var og yppastur \u00e1 me\u00f0al \u00feriggja. <span class=\"athugasemd\" title=\"Ab\u00edsa\u00ed\">[<\/span> Hann upplyfti s\u00ednu spj\u00f3ti og sl\u00f3 \u00ferj\u00fa hundru\u00f0. Hann var og nafnkunnigur \u00e1 me\u00f0al \u00feriggja og s\u00e1 inn d\u00fdrlegasti \u00e1 millum \u00feeirra \u00feriggja og var \u00feeirra yppastur en var \u00fe\u00f3 ekki jafn vi\u00f0 hina \u00ferj\u00e1.<\/p>\n<p>\tBenaja, son J\u00f3jada, son \u00cdsahil, var all\u00e1g\u00e6tur \u00ed s\u00ednum gj\u00f6rningum af Papseel. <span class=\"athugasemd\" title=\"Benaja\">[<\/span> Hann drap tv\u00f6 M\u00f3absle\u00f3n og hann gekk og drap eitt le\u00f3n \u00ed einum brunni \u00e1 snj\u00f3t\u00edma. Hann drap einn hr\u00e6\u00f0ilegan egypskan mann hver e\u00f0 haf\u00f0i eitt h\u00f6ggspj\u00f3t \u00ed sinni hendi. En hann gekk ofan til hans me\u00f0 staf og kippti spj\u00f3tinu af \u00feess egypska hendi og drap hann me\u00f0 hans eigin spj\u00f3ti. \u00dea\u00f0 gj\u00f6r\u00f0i Benaja, son J\u00f3jada. Og hann var allfr\u00e6gur \u00e1 millum \u00feeirra \u00feriggja kappa og miklu \u00e1g\u00e6tari en \u00feeir \u00ferj\u00e1t\u00edgi. En ekki kom hann til jafns vi\u00f0 \u00fe\u00e1 \u00ferj\u00e1. Og Dav\u00ed\u00f0 gj\u00f6r\u00f0i hann sitt heimugligt r\u00e1\u00f0.<\/p>\n<p>\tAsahel, br\u00f3\u00f0ir J\u00f3ab, er einn af \u00feeim \u00ferj\u00e1t\u00edgi. <span class=\"athugasemd\" title=\"Asahel \/ 37 kappar Dav\u00ed\u00f0s\">[<\/span> Elhanan, son D\u00f3d\u00f3 af Betlehem. Samma Haraditer. El\u00edka Haraditer. Heles Paltiter. \u00cdra, son \u00cdkes Tekoiter. Ab\u00edeser Anthotiter. Meb\u00fana\u00ed Husathiter. salm\u00f3n Ahohiter. Makera\u00ed Nethophathiter. Heleb son Baena Nethophathiter. \u00cdta\u00ed son R\u00edba\u00ed af Benjam\u00ednsonum \u00ed G\u00edbea. Benaja Pirgathoniter. H\u00edda\u00ed af l\u00e6k Gaas. Abi Albon Arbathiter. Asmavet Barhumiter. El\u00edahaeba Saalboniter. Synir J\u00f3natan og Jasen. Samma Haratiter. Ah\u00edam son Sararar Haratiter. El\u00edfelet son Ahasba\u00ed sonar Maekat\u00ed. El\u00edam son Ak\u00edt\u00f3fel Giloniter. Hesra\u00ed Carmeliter. Paera\u00ed Arbiter. Jegeal son Natan af S\u00f3ba. Ban\u00ed Gaditer. Seleg Ammoniter. Nahara\u00ed Beerothiter. Skjaldvseinn J\u00f3ab, sonar Ser\u00faja. \u00cdra Hethiter. Gareb Jetriter. \u00dar\u00eda Hethiter. \u00deessir allir saman eru a\u00f0 t\u00f6lu sj\u00f6 og \u00ferj\u00e1t\u00edgi.<\/p>\n","protected":false},"excerpt":{"rendered":"<p>XXIII. \u00deessi eru \u00feau s\u00ed\u00f0ustu Dav\u00ed\u00f0s or\u00f0. \u00dea\u00f0 segir Dav\u00ed\u00f0, sonur \u00cdsa\u00ed, \u00fea\u00f0 segir s\u00e1 ma\u00f0ur sem settur er til Krists Gu\u00f0s Jakobs, \u00fea\u00f0 lystilega psalmask\u00e1ldi\u00f0 \u00cdsrael: Andi Drottins tala\u00f0i fyrir mig og hans or\u00f0 er ske\u00f0 vi\u00f0 m\u00edna tungu. [ Gu\u00f0 \u00cdsraels sag\u00f0i til m\u00edn, S\u00e1 sterki \u00cdsraels tala\u00f0i, S\u00e1 r\u00e9ttfer\u00f0ugi stj\u00f3rnari \u00e1 me\u00f0al mannanna, S\u00e1 stj\u00f3rnari \u00ed Gu\u00f0s \u00f3tta. Og l\u00edka sem lj\u00f3si\u00f0 er um morgnana n\u00e6r s\u00f3lin gengur upp um morguninn \u00e1n sk\u00fdja \u00fear sem grasi\u00f0 vex af j\u00f6r\u00f0unni af skini hitans eftir regni\u00f0. \u00fev\u00ed mitt h\u00fas er ekki so hj\u00e1 Gu\u00f0i \u00fev\u00ed hann setti vi\u00f0 mig <a href=\"https:\/\/biblian.is\/gudbrandsbiblia\/sidari-samuelsbok-23-kafli\/\"> [&#8230;]<\/a><\/p>\n","protected":false},"author":1,"featured_media":0,"parent":0,"menu_order":0,"comment_status":"open","ping_status":"open","template":"bibliukaflar.php","meta":{"footnotes":""},"class_list":["post-2982","page","type-page","status-publish","hentry"],"_links":{"self":[{"href":"https:\/\/biblian.is\/gudbrandsbiblia\/wp-json\/wp\/v2\/pages\/2982","targetHints":{"allow":["GET"]}}],"collection":[{"href":"https:\/\/biblian.is\/gudbrandsbiblia\/wp-json\/wp\/v2\/pages"}],"about":[{"href":"https:\/\/biblian.is\/gudbrandsbiblia\/wp-json\/wp\/v2\/types\/page"}],"author":[{"embeddable":true,"href":"https:\/\/biblian.is\/gudbrandsbiblia\/wp-json\/wp\/v2\/users\/1"}],"replies":[{"embeddable":true,"href":"https:\/\/biblian.is\/gudbrandsbiblia\/wp-json\/wp\/v2\/comments?post=2982"}],"version-history":[{"count":0,"href":"https:\/\/biblian.is\/gudbrandsbiblia\/wp-json\/wp\/v2\/pages\/2982\/revisions"}],"wp:attachment":[{"href":"https:\/\/biblian.is\/gudbrandsbiblia\/wp-json\/wp\/v2\/media?parent=2982"}],"curies":[{"name":"wp","href":"https:\/\/api.w.org\/{rel}","templated":true}]}}