{"id":2964,"date":"2017-12-18T18:32:14","date_gmt":"2017-12-18T18:32:14","guid":{"rendered":"http:\/\/biblian.is\/gudbrandsbiblia\/sidari-samuelsbok-5-kafli\/"},"modified":"2017-12-18T18:32:14","modified_gmt":"2017-12-18T18:32:14","slug":"sidari-samuelsbok-5-kafli","status":"publish","type":"page","link":"https:\/\/biblian.is\/gudbrandsbiblia\/sidari-samuelsbok-5-kafli\/","title":{"rendered":"S\u00ed\u00f0ari Sam\u00faelsb\u00f3k 5. kafli"},"content":{"rendered":"<p>V.<\/p>\n<p>Og allir \u00cdsraels kyn\u00fe\u00e6ttir komu til fundar vi\u00f0 Dav\u00ed\u00f0 \u00ed Hebron og s\u00f6g\u00f0u: &#8222;Sj\u00e1 \u00fe\u00fa, v\u00e9r erum \u00fe\u00edn bein og \u00feitt hold. \u00dear me\u00f0 og fyrrum \u00fe\u00e1 Saul var k\u00f3ngur yfir oss \u00fe\u00e1 f\u00e6r\u00f0ir \u00fe\u00fa \u00cdsrael \u00fat og inn. So hefur og Drottinn sagt til \u00fe\u00edn: \u00de\u00fa skalt f\u00e6\u00f0a mitt f\u00f3lk og vera hertugi yfir \u00cdsrael.&#8220; Og allir \u00f6ldungar og \u00feeir inu elstu af \u00cdsrael komu til k\u00f3ngsins \u00ed Hebron. Og k\u00f3ng Dav\u00ed\u00f0 gj\u00f6r\u00f0i eitt s\u00e1ttm\u00e1l vi\u00f0 \u00fe\u00e1 fyrir Drottni \u00ed Hebron og \u00feeir smur\u00f0u Dav\u00ed\u00f0 til k\u00f3ngs yfir \u00cdsrael. <span class=\"athugasemd\" title=\"Dav\u00ed\u00f0 til k\u00f3ngs tekinn yfir \u00cdsrael\">[<\/span> Dav\u00ed\u00f0 var \u00ferj\u00e1t\u00edgi gamall \u00fe\u00e1 hann t\u00f3k k\u00f3ngd\u00f3m og hann r\u00edkti \u00ed fj\u00f6rut\u00edgi \u00e1r. Hann r\u00edkti sj\u00f6 \u00e1r og sex m\u00e1nu\u00f0i yfir J\u00fada en \u00ed Jer\u00fasalem r\u00edkti hann \u00ferett\u00e1n \u00e1r og tuttugu yfir allan \u00cdsrael og J\u00fada.<\/p>\n<p>\tOg Dav\u00ed\u00f0 k\u00f3ngur f\u00f3r til Jer\u00fasalem me\u00f0 s\u00edna menn \u00e1 m\u00f3ti \u00feeim Jebusiter sem bjuggu \u00ed landinu. En \u00feeir s\u00f6g\u00f0u til Dav\u00ed\u00f0s: &#8222;Eigi skalt \u00fe\u00fa koma h\u00e9r inn nema \u00fe\u00fa \u00fatrekir \u00fe\u00e1 <span class=\"athugasemd\" title=\"a \/ \u00deessir blindir og haltir voru sk\u00fargo\u00f0 \u00feeira Jebusiter \u00e1 hver \u00feeir treystu og settu \u00fe\u00e1 upp \u00e1 m\u00farana so sem annan helgid\u00f3m so sem seg\u00f0i \u00feeir so: \u00de\u00fa berst ekki vi\u00f0 oss heldur vi\u00f0 gu\u00f0i vora. En ei k\u00f6llu\u00f0u \u00feeir sk\u00fargo\u00f0 s\u00edn blind n\u00e9 h\u00f6lt heldur andi Gu\u00f0s me\u00f0 \u00feeim sem historiuna hefur skrifa\u00f0, hann hefur nefnt \u00feau go\u00f0 h\u00f6lt og blind\">[<\/span> h\u00f6ltu og blindu.&#8220; \u00dea\u00f0 meintu \u00feeir a\u00f0 Dav\u00ed\u00f0 skyldi ekki koma \u00fear inn en Dav\u00ed\u00f0 yfirvann kastala S\u00edon. \u00dea\u00f0 heitir Dav\u00ed\u00f0s borg. Og Dav\u00ed\u00f0 sag\u00f0i \u00e1 \u00feeim sama degi: &#8222;Hver sem sl\u00e6r \u00fe\u00e1 Jebusiter og getur n\u00e1\u00f0 upp \u00e1 \u00feakrennurnar og rekur burt \u00fe\u00e1 halta og blinda hverja Dav\u00ed\u00f0s \u00f6nd hatar.&#8220; Og \u00fev\u00ed er \u00fea\u00f0 m\u00e1lt\u00e6ki: &#8222;L\u00e1t hverki blinda n\u00e9 halta koma \u00ed h\u00fasi\u00f0.&#8220; Og Dav\u00ed\u00f0 bj\u00f3 \u00ed kastalanum og kalla\u00f0i \u00fea\u00f0 Dav\u00ed\u00f0sborg. Og Dav\u00ed\u00f0 bygg\u00f0i \u00fear allra vegna \u00ed kring fr\u00e1 mill\u00f3 og svo \u00fear innan til. Og Dav\u00ed\u00f0 gekk fram og efldist a\u00f0 styrk og Drottinn Gu\u00f0 Seba\u00f3t var me\u00f0 honum.<\/p>\n<p>\tOg H\u00edram k\u00f3ngur af Tyro sendi bo\u00f0 til Dav\u00ed\u00f0s og sedrustr\u00e9 til \u00feaks og tr\u00e9smi\u00f0i og steinh\u00f6ggvara a\u00f0 \u00feeir skyldu byggja Dav\u00ed\u00f0 eitt h\u00fas.<\/p>\n<p>\tOg Dav\u00ed\u00f0 merkti a\u00f0 Drottinn haf\u00f0i sta\u00f0fest hann til k\u00f3ngs yfir \u00cdsrael og haf\u00f0i upphafi\u00f0 hans konungsr\u00edki fyrir hans f\u00f3lks \u00cdsraels skuld. Og Dav\u00ed\u00f0 t\u00f3k enn fleiri kvinnur og frillur \u00ed Jer\u00fasalem s\u00ed\u00f0an hann var kominn fr\u00e1 Hebron svo hann \u00e1tti enn fleiri syni og d\u00e6tur. Og \u00feetta eru \u00feeirra sona n\u00f6fn sem hann \u00e1tti \u00ed Jer\u00fasalem: Sam\u00faa, S\u00f3bab, Natan, Sal\u00f3mon, Jibehar, El\u00eds\u00faa, Nefeg, Jaf\u00eda, El\u00edsama, Eljada, El\u00edfalet.<\/p>\n<p>\tEn er Philistei heyr\u00f0u \u00fea\u00f0 a\u00f0 Dav\u00ed\u00f0 var smur\u00f0ur til k\u00f3ngs yfir \u00cdsrael \u00fe\u00e1 f\u00f3ru \u00feeir allir upp og leitu\u00f0u vi\u00f0 a\u00f0 n\u00e1 Dav\u00ed\u00f0. En sem Dav\u00ed\u00f0 fornam \u00fea\u00f0 \u00fe\u00e1 f\u00f3r hann og dr\u00f3 ofan \u00ed eitt sterkt v\u00edgi. En Philistei komu og l\u00f6g\u00f0u sig ni\u00f0ur \u00ed dalnum Refa\u00edm. \u00de\u00e1 spur\u00f0i Dav\u00ed\u00f0 Drottin a\u00f0 og sag\u00f0i: <span class=\"athugasemd\" title=\"Dav\u00ed\u00f0 sl\u00e6r Philisteos \/ 1. Para. 15 \/ Infra 38\">[<\/span> &#8222;Skal eg draga \u00fat \u00ed m\u00f3t \u00feeim Philisteis og vilt \u00fe\u00fa gefa \u00fe\u00e1 \u00ed m\u00ednar hendur?&#8220; En Drottinn svara\u00f0i Dav\u00ed\u00f0: &#8222;Far ofan \u00feanga\u00f0, eg vil gefa Philisteos \u00ed \u00fe\u00ednar hendur.&#8220; Og Dav\u00ed\u00f0 kom til Baal Pras\u00edm og sl\u00f3 \u00fe\u00e1 \u00fear og sag\u00f0i: <span class=\"athugasemd\" title=\"Peres kallast slit e\u00f0ur skilna\u00f0ur\">[<\/span> &#8222;Drottinn a\u00f0skildi m\u00edna \u00f3vini fyrir m\u00e9r svo sem \u00fe\u00e1 v\u00f6tn skiljast hvert fr\u00e1 \u00f6\u00f0ru.&#8220; \u00dear af kalla menn \u00feann sama sta\u00f0 Baal Pras\u00edm. Og s\u00edna afgu\u00f0i misstu \u00feeir \u00fear en Dav\u00ed\u00f0 og hans menn t\u00f3ku \u00fe\u00e1 upp.<\/p>\n<p>\tEn Philistei t\u00f3ku sig upp aftur og f\u00f3ru ofan \u00ed dalinn Refa\u00edm. En Dav\u00ed\u00f0 spur\u00f0i Drottin a\u00f0. Hann sag\u00f0i: &#8222;Ekki skalt \u00fe\u00fa fara upp \u00feanga\u00f0 heldur kom \u00fe\u00fa \u00e1 bak vi\u00f0 \u00fe\u00e1 so \u00fe\u00fa komir til \u00feeirra \u00fevert yfir fr\u00e1 \u00fev\u00ed m\u00f3rbertr\u00e9nu. <span class=\"athugasemd\" title=\"Philistei \u00ed anna\u00f0 sinn slegnir af Dav\u00ed\u00f0\">[<\/span> Og \u00fe\u00e1 \u00fe\u00fa heyrir \u00feyt \u00ed m\u00f3rberjavi\u00f0artopp\u00f6num \u00fe\u00e1 fall \u00fe\u00fa yfir \u00fe\u00e1 \u00fev\u00ed a\u00f0 Drottinn er \u00fe\u00e1 \u00fatgenginn fyrir \u00fe\u00e9r a\u00f0 sl\u00e1 her \u00feeirra Philistinorum.&#8220; Dav\u00ed\u00f0 gj\u00f6r\u00f0i sem Drottinn bau\u00f0 honum og sl\u00f3 Philisteos fr\u00e1 Gaba og \u00fear til a\u00f0 komi\u00f0 er til Gaser.<\/p>\n","protected":false},"excerpt":{"rendered":"<p>V. Og allir \u00cdsraels kyn\u00fe\u00e6ttir komu til fundar vi\u00f0 Dav\u00ed\u00f0 \u00ed Hebron og s\u00f6g\u00f0u: &#8222;Sj\u00e1 \u00fe\u00fa, v\u00e9r erum \u00fe\u00edn bein og \u00feitt hold. \u00dear me\u00f0 og fyrrum \u00fe\u00e1 Saul var k\u00f3ngur yfir oss \u00fe\u00e1 f\u00e6r\u00f0ir \u00fe\u00fa \u00cdsrael \u00fat og inn. So hefur og Drottinn sagt til \u00fe\u00edn: \u00de\u00fa skalt f\u00e6\u00f0a mitt f\u00f3lk og vera hertugi yfir \u00cdsrael.&#8220; Og allir \u00f6ldungar og \u00feeir inu elstu af \u00cdsrael komu til k\u00f3ngsins \u00ed Hebron. Og k\u00f3ng Dav\u00ed\u00f0 gj\u00f6r\u00f0i eitt s\u00e1ttm\u00e1l vi\u00f0 \u00fe\u00e1 fyrir Drottni \u00ed Hebron og \u00feeir smur\u00f0u Dav\u00ed\u00f0 til k\u00f3ngs yfir \u00cdsrael. [ Dav\u00ed\u00f0 var \u00ferj\u00e1t\u00edgi gamall \u00fe\u00e1 hann t\u00f3k k\u00f3ngd\u00f3m <a href=\"https:\/\/biblian.is\/gudbrandsbiblia\/sidari-samuelsbok-5-kafli\/\"> [&#8230;]<\/a><\/p>\n","protected":false},"author":1,"featured_media":0,"parent":0,"menu_order":0,"comment_status":"open","ping_status":"open","template":"bibliukaflar.php","meta":{"footnotes":""},"class_list":["post-2964","page","type-page","status-publish","hentry"],"_links":{"self":[{"href":"https:\/\/biblian.is\/gudbrandsbiblia\/wp-json\/wp\/v2\/pages\/2964","targetHints":{"allow":["GET"]}}],"collection":[{"href":"https:\/\/biblian.is\/gudbrandsbiblia\/wp-json\/wp\/v2\/pages"}],"about":[{"href":"https:\/\/biblian.is\/gudbrandsbiblia\/wp-json\/wp\/v2\/types\/page"}],"author":[{"embeddable":true,"href":"https:\/\/biblian.is\/gudbrandsbiblia\/wp-json\/wp\/v2\/users\/1"}],"replies":[{"embeddable":true,"href":"https:\/\/biblian.is\/gudbrandsbiblia\/wp-json\/wp\/v2\/comments?post=2964"}],"version-history":[{"count":0,"href":"https:\/\/biblian.is\/gudbrandsbiblia\/wp-json\/wp\/v2\/pages\/2964\/revisions"}],"wp:attachment":[{"href":"https:\/\/biblian.is\/gudbrandsbiblia\/wp-json\/wp\/v2\/media?parent=2964"}],"curies":[{"name":"wp","href":"https:\/\/api.w.org\/{rel}","templated":true}]}}