{"id":2962,"date":"2017-12-18T18:32:14","date_gmt":"2017-12-18T18:32:14","guid":{"rendered":"http:\/\/biblian.is\/gudbrandsbiblia\/sidari-samuelsbok-3-kafli\/"},"modified":"2017-12-18T18:32:14","modified_gmt":"2017-12-18T18:32:14","slug":"sidari-samuelsbok-3-kafli","status":"publish","type":"page","link":"https:\/\/biblian.is\/gudbrandsbiblia\/sidari-samuelsbok-3-kafli\/","title":{"rendered":"S\u00ed\u00f0ari Sam\u00faelsb\u00f3k 3. kafli"},"content":{"rendered":"<p>III.<\/p>\n<p>Og \u00fear var langur \u00f3fri\u00f0ur \u00ed millum Sauls h\u00fass og Dav\u00ed\u00f0s h\u00fass. <span class=\"athugasemd\" title=\"1. Para. 3\">[<\/span> En Dav\u00ed\u00f0 f\u00f3r og gekk fram og hans afli styrktist en h\u00fas Saul f\u00f3r hnignandi dag fr\u00e1 degi.<\/p>\n<p>\tOg Dav\u00ed\u00f0 \u00e1tti sex sonu \u00ed Hebron. <span class=\"athugasemd\" title=\"Dav\u00ed\u00f0s synir f\u00e6ddir \u00ed Hebron\">[<\/span> Hans frumgetinn son var Ammon, sonur Ah\u00edn\u00f3am af Jesreel. Annar var K\u00edl\u00edab, son Abigail kvinnu Nabal af Karmel. En \u00feri\u00f0ji var Absalom, son Maaka, d\u00f3ttur k\u00f3ngs Talma\u00ed af Ges\u00far. S\u00e1 fj\u00f3r\u00f0i: Ad\u00f3n\u00eda, son Hag\u00edt. S\u00e1 fimmti: Safatja, son Ab\u00edtal. S\u00e1 s\u00e9tti: Jetream af Egla, Dav\u00ed\u00f0s kvinnu. \u00deessa sonu \u00e1tti Dav\u00ed\u00f0 \u00ed Hebron.<\/p>\n<p>\tSem \u00feessi \u00f3fri\u00f0ur var n\u00fa \u00e1 milli Sauls h\u00fass og Dav\u00ed\u00f0s h\u00fass \u00fe\u00e1 styrkti Abner h\u00fas Saul. Saul haf\u00f0i \u00e1tt eina frillu, h\u00fan h\u00e9t Rispa, d\u00f3ttir Aja. <span class=\"athugasemd\" title=\"Rispa frilla Saul\">[<\/span> Og \u00cdsb\u00f3set sag\u00f0i til Abner: &#8222;\u00dev\u00ed sefur \u00fe\u00fa me\u00f0 m\u00edns f\u00f6\u00f0urs frillu?&#8220; \u00deessum or\u00f0um \u00cdsb\u00f3set reiddist Abner mj\u00f6g og svara\u00f0i: &#8222;Er eg \u00fe\u00e1 eitt hundsh\u00f6fu\u00f0 a\u00f0 eg gj\u00f6ri miskunnarverk \u00e1 h\u00fasi Saul \u00fe\u00edns f\u00f6\u00f0urs og \u00e1 hans br\u00e6\u00f0rum og n\u00e1ungum \u00ed m\u00f3ti J\u00fada? Og eg selda \u00feig ekki \u00ed Dav\u00ed\u00f0s hendur. Og \u00fe\u00fa \u00e1v\u00edtar mig \u00ed dag s\u00f6kum einnrar kvinnu? Gu\u00f0 gj\u00f6ri Abner \u00fea\u00f0 og \u00fea\u00f0 ef eg gj\u00f6ri ekki \u00fea\u00f0 sem Drottinn s\u00f3r Dav\u00ed\u00f0 a\u00f0 k\u00f3ngsr\u00edki\u00f0 skal takast fr\u00e1 h\u00fasi Saul en Dav\u00ed\u00f0s h\u00e1s\u00e6ti skal upphefjast yfir \u00cdsrael og J\u00fada fr\u00e1 Dan og allt til Berseba.&#8220; \u00de\u00e1 gat \u00feann ekki svara\u00f0 honum einu or\u00f0i, so hr\u00e6ddur var\u00f0 hann fyrir honum.<\/p>\n<p>\tOg Abner sendi bo\u00f0 til Dav\u00ed\u00f0s undan s\u00e9r og l\u00e9t svo segja honum: &#8222;Hverjum heyrir landi\u00f0 til?&#8220; Og hann sag\u00f0i: &#8222;Gj\u00f6r eitt s\u00e1ttm\u00e1l vi\u00f0 mig: Sj\u00e1, m\u00edn h\u00f6nd skal vera me\u00f0 \u00fe\u00e9r so a\u00f0 eg vil lei\u00f0a allan \u00cdsraelsl\u00fd\u00f0 til \u00fe\u00edn.&#8220; Dav\u00ed\u00f0 svara\u00f0i: &#8222;N\u00fa vel, eg vil binda vin\u00e1ttu vi\u00f0 \u00feig. En einnrar b\u00f3nar bei\u00f0unst eg af \u00fe\u00e9r, a\u00f0 \u00fe\u00fa sj\u00e1ir mitt andlit ekki fyrri en \u00fe\u00fa f\u00e6rir m\u00e9r M\u00edk\u00f3l, d\u00f3ttir Saul, n\u00e6r \u00fe\u00fa kemur a\u00f0 sj\u00e1 mitt auglit.&#8220;<\/p>\n<p>\tDav\u00ed\u00f0 sendi og einnin bo\u00f0 til \u00cdsb\u00f3set, sonar Saul, og l\u00e9t segja honum: &#8222;L\u00e1t mig f\u00e1 m\u00edna kvinnu M\u00edk\u00f3l hverja eg fastna\u00f0i m\u00e9r me\u00f0 hundra\u00f0 yfirh\u00fa\u00f0um Philistinorum.&#8220; <span class=\"athugasemd\" title=\"M\u00edk\u00f3l \/ 1. Reg. 18\">[<\/span>  \u00cdsb\u00f3set sendi af sta\u00f0 og l\u00e9t taka hana fr\u00e1 s\u00ednum manni Palt\u00edel, syni La\u00eds. Og hann fylgdi henni \u00e1 veginn gr\u00e1tandi allt til Bah\u00far\u00edm. \u00de\u00e1 sag\u00f0i Abner til hans: &#8222;Sn\u00fa \u00fe\u00e9r og hverf aftur.&#8220; Og hann hvarf aftur.<\/p>\n<p>\tOg Abner tala\u00f0i vi\u00f0 \u00fe\u00e1 elstu af \u00cdsrael og sag\u00f0i: &#8222;\u00de\u00e9r hafi\u00f0 fyrir l\u00f6ngu tala\u00f0 til a\u00f0 Dav\u00ed\u00f0 skyldi ver\u00f0a k\u00f3ngur yfir y\u00f0ur. \u00de\u00e1 gj\u00f6ri\u00f0 \u00fea\u00f0 n\u00fa \u00fev\u00ed a\u00f0 Drottinn hefur sagt til Dav\u00ed\u00f0s: Eg vil frelsa \u00cdsrael mitt f\u00f3lk fyrir hendur Dav\u00ed\u00f0s m\u00edns \u00fe\u00e9nara af valdi Philistinorum og af allra \u00feeirra \u00f3vina h\u00f6ndum.&#8220; Sl\u00edkt hi\u00f0 sama tala\u00f0i Abner og fyrir eyrum Benjam\u00edn. Og hann gekk \u00fea\u00f0an a\u00f0 kunngj\u00f6ra Dav\u00ed\u00f0 \u00ed Hebron allt \u00fea\u00f0 sem \u00cdsrael og allt Benjam\u00edns h\u00fas vildi vera l\u00e1ta.<\/p>\n<p>\tEn sem Abner kom n\u00fa til Dav\u00ed\u00f0s \u00ed Hebron og tuttugu menn me\u00f0 honum \u00fe\u00e1 gj\u00f6r\u00f0i Dav\u00ed\u00f0 \u00feeim eitt gestabo\u00f0. Og Abner sag\u00f0i til Dav\u00ed\u00f0s: &#8222;Eg mun taka mig upp og samansafna \u00f6llum \u00cdsrael til m\u00edns herra k\u00f3ngs a\u00f0 \u00feeir semji s\u00e1ttm\u00e1l vi\u00f0 \u00feig a\u00f0 \u00fe\u00fa takir r\u00edki yfir \u00feeim \u00f6llum so sem \u00fe\u00fa vilt.&#8220; S\u00ed\u00f0an leiddi Dav\u00ed\u00f0 Abner fr\u00e1 s\u00e9r a\u00f0 hann f\u00f3r burt me\u00f0 fri\u00f0i.<\/p>\n<p>\tOg sj\u00e1, a\u00f0 Dav\u00ed\u00f0s \u00fe\u00e9narar og J\u00f3ab komu fr\u00e1 s\u00ednum herb\u00fa\u00f0um og fluttu me\u00f0 s\u00e9r miki\u00f0 herfang. En Abner var \u00fe\u00e1 ekki hj\u00e1 Dav\u00ed\u00f0 \u00ed Hebron \u00fev\u00ed a\u00f0 k\u00f3ngurinn haf\u00f0i l\u00e1ti\u00f0 hann fr\u00e1 s\u00e9r og hann haf\u00f0i skilist vi\u00f0 k\u00f3nginn me\u00f0 fri\u00f0i. \u00de\u00e1 gekk J\u00f3ab inn fyrir k\u00f3nginn og sag\u00f0i: &#8222;Hva\u00f0 hefur \u00fe\u00fa gj\u00f6rt? Sj\u00e1, Abner er kominn til \u00fe\u00edn. Hvar fyrir l\u00e9stu hann komast fr\u00e1 \u00fe\u00e9r? E\u00f0a \u00feekkir \u00fe\u00fa ekki Abner son Ner? \u00dev\u00ed a\u00f0 til \u00feess er hann kominn a\u00f0 hann vill sv\u00edkja \u00feig og vill vita \u00feinn inngang og \u00fatgang og rannsaka hva\u00f0 \u00fe\u00fa gj\u00f6rir.&#8220;<\/p>\n<p>\tEn sem J\u00f3ab gekk \u00fat fr\u00e1 Dav\u00ed\u00f0 \u00fe\u00e1 sendi hann menn eftir Abner a\u00f0 \u00feeir skyldu s\u00e6kja hann aftur fr\u00e1 Borhas\u00edra. En af \u00feessu vissi ekki Dav\u00ed\u00f0. En sem Abner kom n\u00fa aftur til Hebron \u00fe\u00e1 leiddi J\u00f3ab hann mitt \u00ed borgarhli\u00f0i\u00f0 og l\u00e9t sem hann vildi nokku\u00f0 heimugligt tala vi\u00f0 hann. Og sem \u00feeir komu \u00fear stakk J\u00f3ab hann r\u00e9tt \u00ed kvi\u00f0inn og l\u00e9t Abner \u00fear l\u00edfi\u00f0 vegna Asahels bl\u00f3\u00f0s sem var br\u00f3\u00f0ir J\u00f3ab. <span class=\"athugasemd\" title=\"Abner var sleginn \u00ed hel af J\u00f3ab \/ 3. Reg. 20\">[<\/span> Sem Dav\u00ed\u00f0 f\u00e9kk n\u00fa \u00fea\u00f0 a\u00f0 vita a\u00f0 \u00fev\u00edl\u00edkt var ske\u00f0 \u00fe\u00e1 sag\u00f0i hann: &#8222;Eg er saklaus og mitt k\u00f3ngsr\u00edki fyri Drottni eil\u00edflega af bl\u00f3\u00f0i Abner sonar Ner. En komi \u00fea\u00f0 yfir h\u00f6fu\u00f0 J\u00f3ab og yfir allt hans f\u00f6\u00f0urs h\u00fas so a\u00f0 aldrei missi J\u00f3abs h\u00fas a\u00f0 \u00fear s\u00e9 ei nokkur s\u00e1r og l\u00edk\u00fer\u00e1r og f\u00e1t\u00e6kur og fyrir sver\u00f0i fallandi og brau\u00f0s \u00feurfandi.&#8220; Svo sl\u00f3 J\u00f3ab og hans br\u00f3\u00f0ir Ab\u00edsa\u00ed Abner \u00ed hel \u00fear fyrir a\u00f0 hann haf\u00f0i \u00e1\u00f0ur slegi\u00f0 Asahel \u00feeirra br\u00f3\u00f0ur til dau\u00f0a \u00ed \u00feeim bardaga sem ske\u00f0i hj\u00e1 G\u00edbeon. <span class=\"athugasemd\" title=\"Supra. 2\">[<\/span><\/p>\n<p>\tEn Dav\u00ed\u00f0 sag\u00f0i til J\u00f3ab og til allra \u00feeirra manna sem me\u00f0 honum voru: &#8222;R\u00edfi\u00f0 y\u00f0ar kl\u00e6\u00f0i \u00ed sundur og kl\u00e6\u00f0ist sekkjum og syrgi\u00f0 dau\u00f0a Abner.&#8220; Og k\u00f3ngurinn sj\u00e1lfur gekk eftir l\u00edkb\u00f6runum. En sem \u00feeir j\u00f6r\u00f0u\u00f0u Abner \u00ed Hebron \u00fe\u00e1 upph\u00f3f k\u00f3ngurinn s\u00edna raust og gr\u00e9t vi\u00f0 grauf Abner og allt \u00fea\u00f0 f\u00f3lki\u00f0 sem \u00fear var gr\u00e9t og einnin. Og k\u00f3ngurinn tala\u00f0i me\u00f0 hrygg\u00f0 yfir greftri Abner og sag\u00f0i: <span class=\"athugasemd\" title=\"Dav\u00ed\u00f0s harmur yfir Abner\">[<\/span> &#8222;Eigi d\u00f3 Abner sem einn d\u00e1ri deyr. \u00de\u00ednar hendur voru ekki bundnar, \u00fe\u00ednir f\u00e6tur voru ekki fj\u00f6trum l\u00e6stir. \u00de\u00fa f\u00e9llst so sem einn ma\u00f0ur fellur fyrir vondum sk\u00e1lkum.&#8220; Og allt f\u00f3lki\u00f0 gr\u00e9t hann \u00fe\u00e1 enn meir.<\/p>\n<p>\tOg sem a\u00f0 allt f\u00f3lki\u00f0 kom n\u00fa a\u00f0 eta me\u00f0 Dav\u00ed\u00f0 og \u00fea\u00f0 var um mi\u00f0dagsskei\u00f0 \u00fe\u00e1 s\u00f3r Dav\u00ed\u00f0 og sag\u00f0i: &#8222;Gu\u00f0 l\u00e1ti mig ske \u00fea\u00f0 og \u00fea\u00f0 ef eg smakka brau\u00f0 e\u00f0a nokku\u00f0 anna\u00f0 \u00e1 \u00feessum degi fyrr en s\u00f3l er undir gengin.&#8220; <span class=\"athugasemd\" title=\"Dav\u00ed\u00f0 fastar\">[<\/span> Og allt f\u00f3lki\u00f0 heyr\u00f0i \u00feetta og \u00feeim \u00fe\u00f3kna\u00f0ist vel allt \u00fea\u00f0 sem k\u00f3ngurinn gj\u00f6r\u00f0i fyrir f\u00f3lksins augum. Og allt f\u00f3lki\u00f0 og allur \u00cdsraelsl\u00fd\u00f0ur merkti \u00e1 \u00feeim degi a\u00f0 \u00fea\u00f0 var ei ske\u00f0 me\u00f0 k\u00f3ngsins vilja a\u00f0 Abner var sleginn \u00ed hel. Og k\u00f3ngurinn sag\u00f0i til sinna \u00fe\u00e9nara: &#8222;Viti\u00f0 \u00fe\u00e9r ekki a\u00f0 \u00ed dag er fallinn einn h\u00f6f\u00f0ingi og inn mesti ma\u00f0ur \u00ed \u00cdsrael? En \u00fe\u00f3 a\u00f0 eg s\u00e9 veikur og smur\u00f0ur k\u00f3ngur \u00fe\u00e1 eru \u00feeir Ser\u00fajasynir m\u00e9r har\u00f0ir \u00ed horn a\u00f0 taka. Drottinn endurgjaldi \u00feeim sem illt gj\u00f6ra eftir \u00feeirra illsku.&#8220;<\/p>\n","protected":false},"excerpt":{"rendered":"<p>III. Og \u00fear var langur \u00f3fri\u00f0ur \u00ed millum Sauls h\u00fass og Dav\u00ed\u00f0s h\u00fass. [ En Dav\u00ed\u00f0 f\u00f3r og gekk fram og hans afli styrktist en h\u00fas Saul f\u00f3r hnignandi dag fr\u00e1 degi. Og Dav\u00ed\u00f0 \u00e1tti sex sonu \u00ed Hebron. [ Hans frumgetinn son var Ammon, sonur Ah\u00edn\u00f3am af Jesreel. Annar var K\u00edl\u00edab, son Abigail kvinnu Nabal af Karmel. En \u00feri\u00f0ji var Absalom, son Maaka, d\u00f3ttur k\u00f3ngs Talma\u00ed af Ges\u00far. S\u00e1 fj\u00f3r\u00f0i: Ad\u00f3n\u00eda, son Hag\u00edt. S\u00e1 fimmti: Safatja, son Ab\u00edtal. S\u00e1 s\u00e9tti: Jetream af Egla, Dav\u00ed\u00f0s kvinnu. \u00deessa sonu \u00e1tti Dav\u00ed\u00f0 \u00ed Hebron. Sem \u00feessi \u00f3fri\u00f0ur var n\u00fa \u00e1 milli Sauls <a href=\"https:\/\/biblian.is\/gudbrandsbiblia\/sidari-samuelsbok-3-kafli\/\"> [&#8230;]<\/a><\/p>\n","protected":false},"author":1,"featured_media":0,"parent":0,"menu_order":0,"comment_status":"open","ping_status":"open","template":"bibliukaflar.php","meta":{"footnotes":""},"class_list":["post-2962","page","type-page","status-publish","hentry"],"_links":{"self":[{"href":"https:\/\/biblian.is\/gudbrandsbiblia\/wp-json\/wp\/v2\/pages\/2962","targetHints":{"allow":["GET"]}}],"collection":[{"href":"https:\/\/biblian.is\/gudbrandsbiblia\/wp-json\/wp\/v2\/pages"}],"about":[{"href":"https:\/\/biblian.is\/gudbrandsbiblia\/wp-json\/wp\/v2\/types\/page"}],"author":[{"embeddable":true,"href":"https:\/\/biblian.is\/gudbrandsbiblia\/wp-json\/wp\/v2\/users\/1"}],"replies":[{"embeddable":true,"href":"https:\/\/biblian.is\/gudbrandsbiblia\/wp-json\/wp\/v2\/comments?post=2962"}],"version-history":[{"count":0,"href":"https:\/\/biblian.is\/gudbrandsbiblia\/wp-json\/wp\/v2\/pages\/2962\/revisions"}],"wp:attachment":[{"href":"https:\/\/biblian.is\/gudbrandsbiblia\/wp-json\/wp\/v2\/media?parent=2962"}],"curies":[{"name":"wp","href":"https:\/\/api.w.org\/{rel}","templated":true}]}}