{"id":2961,"date":"2017-12-18T18:32:14","date_gmt":"2017-12-18T18:32:14","guid":{"rendered":"http:\/\/biblian.is\/gudbrandsbiblia\/sidari-samuelsbok-2-kafli\/"},"modified":"2017-12-18T18:32:14","modified_gmt":"2017-12-18T18:32:14","slug":"sidari-samuelsbok-2-kafli","status":"publish","type":"page","link":"https:\/\/biblian.is\/gudbrandsbiblia\/sidari-samuelsbok-2-kafli\/","title":{"rendered":"S\u00ed\u00f0ari Sam\u00faelsb\u00f3k 2. kafli"},"content":{"rendered":"<p>II. <\/p>\n<p>En sem \u00feetta var n\u00fa ske\u00f0 spur\u00f0i Dav\u00ed\u00f0 Drottin a\u00f0 og sag\u00f0i: <span class=\"athugasemd\" title=\"Dav\u00ed\u00f0 til k\u00f3ngs smur\u00f0ur af J\u00fada\">[<\/span> &#8222;Skal eg fara upp til einhverrar borgar \u00ed J\u00fada?&#8220; Og Drottinn sag\u00f0i til hans: &#8222;Far upp \u00feanga\u00f0.&#8220; Dav\u00ed\u00f0 sag\u00f0i: &#8222;Hvert \u00fe\u00e1?&#8220; Hann svara\u00f0i: &#8222;Til Hebron.&#8220; Svo f\u00f3r Dav\u00ed\u00f0 \u00feanga\u00f0 me\u00f0 s\u00ednum tveimur kvinnum, Ah\u00edn\u00f3am af Jesreel og me\u00f0 Abigail Nabal kvinnu af Karmel. \u00dear me\u00f0 haf\u00f0i og Dav\u00ed\u00f0 upp me\u00f0 s\u00e9r \u00fe\u00e1 menn sem voru hj\u00e1 honum, hvern me\u00f0 s\u00ednu hyski, og \u00feeir settust \u00ed Hebronborgir. Og menn af J\u00fada komu \u00feanga\u00f0 og smur\u00f0u Dav\u00ed\u00f0 \u00fear til k\u00f3ngs yfir h\u00fas J\u00fada.<\/p>\n<p>\tN\u00fa sem Dav\u00ed\u00f0 spur\u00f0i a\u00f0 \u00feeir af Jabes \u00ed G\u00edlea\u00f0 h\u00f6f\u00f0u jar\u00f0a\u00f0 Saul \u00fe\u00e1 sendi hann \u00feeim bo\u00f0 og l\u00e9t segja \u00feeim: &#8222;Blessa\u00f0ir s\u00e9u \u00fe\u00e9r af Drottni a\u00f0 \u00fe\u00e9r gj\u00f6r\u00f0u\u00f0 svoddan miskunnarverk \u00e1 Saul y\u00f0rum herra a\u00f0 \u00fe\u00e9r j\u00f6r\u00f0u\u00f0u\u00f0 hann. Svo veiti y\u00f0ur n\u00fa Drottinn miskunn og tr\u00fa. <span class=\"athugasemd\" title=\"1. Reg. 3\">[<\/span> Eg vil og vera y\u00f0ur til g\u00f3\u00f0a fyrir \u00fea\u00f0 \u00fe\u00e9r gj\u00f6r\u00f0u\u00f0 \u00feetta. Styrkist n\u00fa y\u00f0ar hendur og veri \u00fe\u00e9r sj\u00e1lfir hughraustir \u00fev\u00ed \u00fe\u00f3 y\u00f0ar herra Saul s\u00e9 dau\u00f0ur \u00fe\u00e1 hefur h\u00fasi\u00f0 J\u00fada smurt mig til k\u00f3ngs yfir sig.&#8220;<\/p>\n<p>\tEn Abner son Ner sem var hersh\u00f6f\u00f0ingi Saul hann t\u00f3k \u00cdsb\u00f3set son Saul og f\u00e6r\u00f0i hann til Mahana\u00edm og t\u00f3k hann til k\u00f3ngs yfir G\u00edlea\u00f0, Assuri, Jesreel, Efra\u00edm, Benjam\u00edn og yfir allan \u00cdsraelsl\u00fd\u00f0. Og \u00cdsb\u00f3set son Saul var fj\u00f6rut\u00edgi \u00e1ra gamall \u00fe\u00e1 hann t\u00f3k k\u00f3ngd\u00f3m yfir \u00cdsrael og r\u00edkti tv\u00f6 \u00e1r. <span class=\"athugasemd\" title=\"\u00cdsb\u00f3set k\u00f3ngur yfir \u00cdsrael y \u00e1r\">[<\/span> En J\u00fada h\u00fas h\u00e9lt me\u00f0 Dav\u00ed\u00f0. Og allur s\u00e1 t\u00edmi sem Dav\u00ed\u00f0 var k\u00f3ngur \u00ed Hebron yfir h\u00fas J\u00fada var sj\u00f6 \u00e1r og sex m\u00e1nu\u00f0ir.<\/p>\n<p>\tOg \u00fea\u00f0 ske\u00f0i a\u00f0 Abner son Ner dr\u00f3 \u00fat me\u00f0 sveina \u00cdsb\u00f3set sonar Saul af herb\u00fa\u00f0um G\u00edbeon og J\u00f3ab son Ser\u00faja dr\u00f3 \u00fat me\u00f0 Dav\u00ed\u00f0s \u00fe\u00e9nurum og \u00feeir m\u00e6ttust hj\u00e1 G\u00edbeon fiskivatni og \u00feeir settu sig hinumegin fiskivatsins hvorir. <span class=\"athugasemd\" title=\"Abner og J\u00f3ab hnitlast\">[<\/span> Og Abner sag\u00f0i til J\u00f3ab: &#8222;L\u00e1ti\u00f0 sveina standa upp hvorrratveggja og leiki oss til skemmtunar. J\u00f3ab sag\u00f0i: &#8222;\u00dea\u00f0 m\u00e1 vel.&#8220; \u00de\u00e1 st\u00f3\u00f0u \u00feeir upp og gengu fram, t\u00f3lf af hendi \u00cdsb\u00f3set sonar Saul og t\u00f3lf af Dav\u00ed\u00f0s \u00fe\u00e9nurum, og hv\u00f6r greip hendi \u00ed annars h\u00f6fu\u00f0 og lag\u00f0i s\u00ednu sver\u00f0i \u00ed hans s\u00ed\u00f0u og \u00feeir f\u00e9llu svo b\u00e1\u00f0ir. <span class=\"athugasemd\" title=\"Helkat Has\u00far\u00edm kallast Kappaakur\">[<\/span> \u00dear af kallast s\u00e1 sta\u00f0ur Helkat Has\u00far\u00edm sem er \u00ed G\u00edbeon. Og \u00fear h\u00f3fst \u00e1 \u00feeim sama degi hin snarpasta orosta en Abner og \u00cdsraelsmenn fl\u00fd\u00f0u fyrir Dav\u00ed\u00f0s \u00fe\u00e9nurum.<\/p>\n<p>\t\u00dear voru \u00fer\u00edr af Ser\u00fajasonum: J\u00f3ab, Ab\u00edsa\u00ed og Asahel. <span class=\"athugasemd\" title=\"Asahel\">[<\/span> En Asahel var so skj\u00f3tur \u00e1 f\u00e6ti sem eitt hreind\u00fdr \u00e1 sk\u00f3gi og hann rann eftir Abner og veik hverki til hennar h\u00e6gri n\u00e9 vinstri handar fr\u00e1 Abner. \u00de\u00e1 sneri Abner s\u00e9r vi\u00f0 og sag\u00f0i: &#8222;Ert \u00fe\u00fa Asahel?&#8220; Hann sag\u00f0i: &#8222;J\u00e1.&#8220; Abner sag\u00f0i til hans: &#8222;V\u00edk \u00fe\u00fa \u00fe\u00e9r \u00fat af, anna\u00f0hvert til h\u00e6gri e\u00f0ur vinstri handar, og h\u00f6ndla einn af \u00feeim ungu m\u00f6nnum og tak hans herkl\u00e6\u00f0i fr\u00e1 honum.&#8220; En Asahel vildi ekki v\u00edkja fr\u00e1 honum. <span class=\"athugasemd\" title=\"Abner stingur Asahel \u00ed hel\">[<\/span> \u00de\u00e1 sag\u00f0i Abner enn framar til Asahel: &#8222;V\u00edk fr\u00e1 m\u00e9r. \u00dev\u00ed vilt \u00fe\u00fa a\u00f0 eg skuli ney\u00f0ast til a\u00f0 sl\u00e1 \u00feig til jar\u00f0ar og \u00fea\u00f0an af megi eg ekki s\u00ed\u00f0an \u00f3hr\u00e6ddur sj\u00e1 \u00feinn br\u00f3\u00f0\u00edr J\u00f3ab?&#8220; En hann vildi ekki v\u00edkja fr\u00e1 honum. \u00de\u00e1 lag\u00f0i Abner hann \u00e1 bak aftur me\u00f0 einu spj\u00f3ti \u00ed kvi\u00f0inn so a\u00f0 oddurinn gekk \u00fat og hann f\u00e9ll \u00fear og l\u00e9t l\u00edfi\u00f0. Og hver sem kom a\u00f0 \u00feeim sta\u00f0 \u00fear Asahel var dau\u00f0ur s\u00e1 nam \u00fear sta\u00f0ar.<\/p>\n<p>\tEn J\u00f3ab og Ab\u00edsa\u00ed s\u00f3ttu eftir Abner allt til s\u00f3larfalls. Og sem \u00feeir komu \u00e1 h\u00e6\u00f0 Amna sem liggur hj\u00e1 G\u00eda \u00e1 veginum sem liggur til G\u00edbeonau\u00f0nar \u00fe\u00e1 s\u00f6fnu\u00f0ust saman synir Benjam\u00edn til Abner og skutu \u00e1 fylking \u00e1 h\u00e6\u00f0 nokkri. \u00de\u00e1 kalla\u00f0i Abner \u00e1 J\u00f3ab og sag\u00f0i: &#8222;Vilt \u00fe\u00fa \u00f6llu ey\u00f0a me\u00f0 sver\u00f0i? Veist \u00fe\u00fa ekki a\u00f0 h\u00e9r eftir m\u00e1 koma meiri eymd? Hversu lengi vilt \u00fe\u00fa tefja a\u00f0 segja til f\u00f3lksins a\u00f0 \u00feeir l\u00e1ti af a\u00f0 ofs\u00e6kja \u00feeirra br\u00e6\u00f0ur?&#8220; J\u00f3ab svara\u00f0i: &#8222;Svo sannarlega sem Gu\u00f0 lifir, hef\u00f0ir \u00fe\u00fa tala\u00f0 svo fyrr \u00ed dag \u00fe\u00e1 hef\u00f0i f\u00f3lki\u00f0 l\u00e1ti\u00f0 af a\u00f0 elta s\u00edna br\u00e6\u00f0ur.&#8220; \u00de\u00e1 \u00feeytti J\u00f3ab l\u00fa\u00f0ur sinn og st\u00f6\u00f0va\u00f0ist \u00feegar allur l\u00fd\u00f0ur og elti ekki meir \u00cdsrael og bar\u00f0ist ekki lengur.<\/p>\n<p>\tEn Abner og hans menn gengu \u00fe\u00e1 alla n\u00f3tt yfir \u00fea\u00f0 sl\u00e9ttlendi og gengu yfir J\u00f3rdan og fer\u00f0u\u00f0ust \u00ed gegnum allt B\u00edtr\u00f3n og komu \u00ed herb\u00fa\u00f0irnar. J\u00f3ab sneri s\u00e9r fr\u00e1 Abner og samansafna\u00f0i \u00f6llu f\u00f3lkinu. Og \u00fear vanta\u00f0i n\u00edtj\u00e1n menn af Dav\u00ed\u00f0s \u00fe\u00e9n\u00f6rum og Asahel. En Dav\u00ed\u00f0s \u00fe\u00e9narar h\u00f6f\u00f0u slegi\u00f0 af Benjam\u00edn og m\u00f6nnum Abner \u00ferj\u00fa hundru\u00f0 og sext\u00edgi manns. Asahel t\u00f3ku \u00feeir upp og j\u00f6r\u00f0u\u00f0u hann \u00ed s\u00edns f\u00f6\u00f0urs gr\u00f6f \u00ed Betlehem. En J\u00f3ab og hans menn gengu alla \u00fe\u00e1 n\u00f3tt svo a\u00f0 \u00feeir komu \u00ed d\u00f6gun til Hebron.<\/p>\n","protected":false},"excerpt":{"rendered":"<p>II. En sem \u00feetta var n\u00fa ske\u00f0 spur\u00f0i Dav\u00ed\u00f0 Drottin a\u00f0 og sag\u00f0i: [ &#8222;Skal eg fara upp til einhverrar borgar \u00ed J\u00fada?&#8220; Og Drottinn sag\u00f0i til hans: &#8222;Far upp \u00feanga\u00f0.&#8220; Dav\u00ed\u00f0 sag\u00f0i: &#8222;Hvert \u00fe\u00e1?&#8220; Hann svara\u00f0i: &#8222;Til Hebron.&#8220; Svo f\u00f3r Dav\u00ed\u00f0 \u00feanga\u00f0 me\u00f0 s\u00ednum tveimur kvinnum, Ah\u00edn\u00f3am af Jesreel og me\u00f0 Abigail Nabal kvinnu af Karmel. \u00dear me\u00f0 haf\u00f0i og Dav\u00ed\u00f0 upp me\u00f0 s\u00e9r \u00fe\u00e1 menn sem voru hj\u00e1 honum, hvern me\u00f0 s\u00ednu hyski, og \u00feeir settust \u00ed Hebronborgir. Og menn af J\u00fada komu \u00feanga\u00f0 og smur\u00f0u Dav\u00ed\u00f0 \u00fear til k\u00f3ngs yfir h\u00fas J\u00fada. N\u00fa sem Dav\u00ed\u00f0 spur\u00f0i a\u00f0 <a href=\"https:\/\/biblian.is\/gudbrandsbiblia\/sidari-samuelsbok-2-kafli\/\"> [&#8230;]<\/a><\/p>\n","protected":false},"author":1,"featured_media":0,"parent":0,"menu_order":0,"comment_status":"open","ping_status":"open","template":"bibliukaflar.php","meta":{"footnotes":""},"class_list":["post-2961","page","type-page","status-publish","hentry"],"_links":{"self":[{"href":"https:\/\/biblian.is\/gudbrandsbiblia\/wp-json\/wp\/v2\/pages\/2961","targetHints":{"allow":["GET"]}}],"collection":[{"href":"https:\/\/biblian.is\/gudbrandsbiblia\/wp-json\/wp\/v2\/pages"}],"about":[{"href":"https:\/\/biblian.is\/gudbrandsbiblia\/wp-json\/wp\/v2\/types\/page"}],"author":[{"embeddable":true,"href":"https:\/\/biblian.is\/gudbrandsbiblia\/wp-json\/wp\/v2\/users\/1"}],"replies":[{"embeddable":true,"href":"https:\/\/biblian.is\/gudbrandsbiblia\/wp-json\/wp\/v2\/comments?post=2961"}],"version-history":[{"count":0,"href":"https:\/\/biblian.is\/gudbrandsbiblia\/wp-json\/wp\/v2\/pages\/2961\/revisions"}],"wp:attachment":[{"href":"https:\/\/biblian.is\/gudbrandsbiblia\/wp-json\/wp\/v2\/media?parent=2961"}],"curies":[{"name":"wp","href":"https:\/\/api.w.org\/{rel}","templated":true}]}}