{"id":2960,"date":"2017-12-18T18:32:14","date_gmt":"2017-12-18T18:32:14","guid":{"rendered":"http:\/\/biblian.is\/gudbrandsbiblia\/sidari-samuelsbok-1-kafli\/"},"modified":"2017-12-18T18:32:14","modified_gmt":"2017-12-18T18:32:14","slug":"sidari-samuelsbok-1-kafli","status":"publish","type":"page","link":"https:\/\/biblian.is\/gudbrandsbiblia\/sidari-samuelsbok-1-kafli\/","title":{"rendered":"S\u00ed\u00f0ari Sam\u00faelsb\u00f3k 1. kafli"},"content":{"rendered":"<p>Aunnur b\u00f3k Samuelis<\/p>\n<p>I.<\/p>\n<p>\u00de\u00e1 Saul var dau\u00f0ur og Dav\u00ed\u00f0 var fyrir tveimur d\u00f6gum aftur kominn til Siklag fr\u00e1 slagi \u00feeirra Amalek, sj\u00e1, \u00fe\u00e1 kom \u00fear \u00e1 \u00feri\u00f0ja degi einn ma\u00f0ur af her Saul. Hann reif s\u00edn kl\u00e6\u00f0i og j\u00f3s moldu \u00ed h\u00f6fu\u00f0 s\u00e9r og sem hann kom fyrir Dav\u00ed\u00f0 f\u00e9ll hann til jar\u00f0ar og kvaddi hann. Dav\u00ed\u00f0 sag\u00f0i til hans: &#8222;Hva\u00f0an komstu?&#8220; Hann svara\u00f0i: &#8222;Eg komst undan af \u00cdsraelsher.&#8220; Dav\u00ed\u00f0 sag\u00f0i til hans: &#8222;Seg m\u00e9r, hva\u00f0 er \u00fear t\u00ed\u00f0inda?&#8220; Hann svara\u00f0i: &#8222;F\u00f3lki\u00f0 fl\u00fa\u00f0i \u00far bardaga og f\u00e9ll fj\u00f6ldi f\u00f3lks. \u00dear f\u00e9ll og Saul og hans son J\u00f3natan.&#8220;<\/p>\n<p>\tDav\u00ed\u00f0 sag\u00f0i til \u00feessa unga manns sem honum bar t\u00ed\u00f0indin: &#8222;Hvernin veistu \u00fea\u00f0 a\u00f0 Saul og hans son J\u00f3natas eru b\u00e1\u00f0ir dau\u00f0ir?&#8220; <span class=\"athugasemd\" title=\"2. Reg. 20 \/ 2. Para. 16\">[<\/span> S\u00e1 ungi ma\u00f0ur sem honum bar t\u00ed\u00f0indin svara\u00f0i: &#8222;Eg kom \u00f3forvarandis upp \u00e1 fjalli\u00f0 Gilb\u00f3a og sj\u00e1, Saul studdist vi\u00f0 sitt spj\u00f3t en vagnarnir og riddarali\u00f0i\u00f0 var komi\u00f0 svo n\u00e6r honum. Og hann leit vi\u00f0 og s\u00e1 mig og kalla\u00f0i \u00e1 mig og eg svara\u00f0i: H\u00e9r er eg. Og hann sag\u00f0i til m\u00edn: Hver ert \u00fe\u00fa? Eg svara\u00f0i honum: Eg er einn Amalek\u00edta. Og hann sag\u00f0i til m\u00edn: Far hinga\u00f0 til m\u00edn og sl\u00e1 mig \u00ed hel \u00fev\u00ed a\u00f0 enn er \u00f6ll \u00f6nd m\u00edn \u00ed brj\u00f3sti m\u00e9r en \u00ferengsl spenna mig \u00f6llumegin. \u00de\u00e1 gekk eg a\u00f0 honum og sl\u00f3 hann \u00ed hel \u00fev\u00ed eg s\u00e1 a\u00f0 hann m\u00e1tti ekki lifa eftir hans fall. Og eg t\u00f3k k\u00f3r\u00f3nuna af hans h\u00f6f\u00f0i og hringinn af hans armi og haf\u00f0i eg \u00feetta hinga\u00f0 til \u00fe\u00edn, minn herra.&#8220;<\/p>\n<p>\t\u00de\u00e1 hreif Dav\u00ed\u00f0 \u00ed s\u00edn kl\u00e6\u00f0i og sleit \u00feau og allir \u00feeir menn sem voru hj\u00e1 honum me\u00f0 h\u00f6rmuglegri hrygg\u00f0 og f\u00f6stu\u00f0u til aftans og syrg\u00f0u s\u00e1rlega Saul og hans son J\u00f3natan og Drottins f\u00f3lk og \u00cdsraels h\u00fas a\u00f0 \u00feeir h\u00f6f\u00f0u falli\u00f0 fyrir sver\u00f0i.<\/p>\n<p>\tOg Dav\u00ed\u00f0 sag\u00f0i til \u00feess unga manns sem honum undirv\u00edsa\u00f0i \u00feetta: &#8222;Hva\u00f0an ert \u00fe\u00fa?&#8220; Hann svara\u00f0i: &#8222;Eg er \u00fatlendur ma\u00f0ur, sonur eins Amalek\u00edta.&#8220; Dav\u00ed\u00f0 sag\u00f0i til hans: &#8222;\u00dev\u00ed varst \u00fe\u00fa svo djarfur a\u00f0 \u00fe\u00fa \u00feor\u00f0ir a\u00f0 leggja hendur \u00e1 smur\u00f0an Drottins og l\u00edfl\u00e1ta hann?&#8220; Og Dav\u00ed\u00f0 sag\u00f0i til eins af s\u00ednum \u00fe\u00e9nurum: &#8222;Kom hinga\u00f0 og sl\u00e1 hann.&#8220; Og hann sl\u00f3 hann \u00ed hel. \u00de\u00e1 sag\u00f0i Dav\u00ed\u00f0 til hans: &#8222;\u00deitt bl\u00f3\u00f0 veri yfir \u00fe\u00ednu h\u00f6f\u00f0i \u00fev\u00ed \u00feinn munnur tala\u00f0i \u00ed gegn \u00fe\u00e9r sj\u00e1lfum og sag\u00f0ir: Eg hefi \u00ed hel slegi\u00f0 \u00feann smur\u00f0a Drottins.&#8220;<\/p>\n<p>\tOg Dav\u00ed\u00f0 kva\u00f0 \u00feennan harmagr\u00e1t yfir Saul og hans syni J\u00f3natan og bau\u00f0 a\u00f0 kenna sonum J\u00fada \u00feennan <span class=\"athugasemd\" title=\"a \/ (Bogi) \/ So kallast \u00feessi v\u00edsa so sem og hj\u00e1 oss er v\u00edsum og kv\u00e6\u00f0um n\u00f6fn gefin\">[<\/span> boga. Sj\u00e1, hann stendur skrifa\u00f0ur \u00ed B\u00f3k \u00feeirra r\u00e9ttl\u00e1tu.<\/p>\n<p>\t\u00deeir inu \u00e1g\u00e6tustu \u00ed \u00cdsrael eru slegnir \u00e1 \u00fe\u00ednum h\u00e6\u00f0um. Hvernin eru kapparnir fallnir?<\/p>\n<p>\tL\u00e1ti\u00f0 \u00fea\u00f0 ekki spyrjast \u00ed Gat og kunngj\u00f6ri\u00f0 \u00fea\u00f0 ekki \u00e1 str\u00e6tunum \u00ed Askl\u00f3n so a\u00f0 d\u00e6tur Philistinorum gle\u00f0ji sig ekki og a\u00f0 d\u00e6tur \u00feeirra \u00f3umskornu hafi ekki f\u00f6gnu\u00f0 \u00fear af.<\/p>\n<p>\t\u00de\u00e9r Gilb\u00f3afj\u00f6ll, komi hverki d\u00f6gg n\u00e9 regn yfir y\u00f0ur og ei s\u00e9 \u00fear akrar af hverjum a\u00f0 upphafningaroffur komi \u00fev\u00ed a\u00f0 \u00fear voru skildir kappanna klofnir, skj\u00f6ldur Saul so sem a\u00f0 hef\u00f0i hann ekki veri\u00f0 smur\u00f0ur me\u00f0 vi\u00f0smj\u00f6ri?<\/p>\n<p>\tJ\u00f3natas bogi skaut aldrei vint og sver\u00f0 Saul hj\u00f3 aldrei miss af bl\u00f3\u00f0i \u00feeirra \u00ed hel slegnu og af \u00edstri kappanna.<\/p>\n<p>\tSaul og J\u00f3natas voru \u00e1st\u00fa\u00f0legir og elskulegir \u00ed l\u00edfinu, \u00feeir skildu og ekki \u00ed dau\u00f0anum. \u00deeir voru l\u00e9ttf\u00e6rari en ernir og sterkari en le\u00f3n.<\/p>\n<p>\t\u00de\u00e9r \u00cdsraelsd\u00e6tur, syrgi\u00f0 Saul sem a\u00f0 kl\u00e6ddi y\u00f0ur svo pr\u00fd\u00f0ilegar sem r\u00f3sir og pr\u00fdddi y\u00f0ur me\u00f0 gyllini kienodium \u00e1 y\u00f0ar kl\u00e6\u00f0um.<\/p>\n<p>\tMe\u00f0 hverjum h\u00e6tti eru kapparnir fallnir \u00ed bardaga? J\u00f3natas er sleginn \u00e1 \u00fe\u00ednum h\u00e6\u00f0um.<\/p>\n<p>\tSyrgi eg \u00feig, minn br\u00f3\u00f0ir J\u00f3natas. Eg hefi haft st\u00f3ra gle\u00f0i og una\u00f0semd af \u00fe\u00e9r. \u00deinn k\u00e6rleiki var m\u00e9r yndislegri en kvennanna k\u00e6rleiki.<\/p>\n<p>\tMe\u00f0 hverjum h\u00e6tti eru kapparnir fallnir og \u00feeir hraustu hermenn yfirkomnir?<\/p>\n","protected":false},"excerpt":{"rendered":"<p>Aunnur b\u00f3k Samuelis I. \u00de\u00e1 Saul var dau\u00f0ur og Dav\u00ed\u00f0 var fyrir tveimur d\u00f6gum aftur kominn til Siklag fr\u00e1 slagi \u00feeirra Amalek, sj\u00e1, \u00fe\u00e1 kom \u00fear \u00e1 \u00feri\u00f0ja degi einn ma\u00f0ur af her Saul. Hann reif s\u00edn kl\u00e6\u00f0i og j\u00f3s moldu \u00ed h\u00f6fu\u00f0 s\u00e9r og sem hann kom fyrir Dav\u00ed\u00f0 f\u00e9ll hann til jar\u00f0ar og kvaddi hann. Dav\u00ed\u00f0 sag\u00f0i til hans: &#8222;Hva\u00f0an komstu?&#8220; Hann svara\u00f0i: &#8222;Eg komst undan af \u00cdsraelsher.&#8220; Dav\u00ed\u00f0 sag\u00f0i til hans: &#8222;Seg m\u00e9r, hva\u00f0 er \u00fear t\u00ed\u00f0inda?&#8220; Hann svara\u00f0i: &#8222;F\u00f3lki\u00f0 fl\u00fa\u00f0i \u00far bardaga og f\u00e9ll fj\u00f6ldi f\u00f3lks. \u00dear f\u00e9ll og Saul og hans son J\u00f3natan.&#8220; Dav\u00ed\u00f0 sag\u00f0i <a href=\"https:\/\/biblian.is\/gudbrandsbiblia\/sidari-samuelsbok-1-kafli\/\"> [&#8230;]<\/a><\/p>\n","protected":false},"author":1,"featured_media":0,"parent":0,"menu_order":0,"comment_status":"open","ping_status":"open","template":"bibliukaflar.php","meta":{"footnotes":""},"class_list":["post-2960","page","type-page","status-publish","hentry"],"_links":{"self":[{"href":"https:\/\/biblian.is\/gudbrandsbiblia\/wp-json\/wp\/v2\/pages\/2960","targetHints":{"allow":["GET"]}}],"collection":[{"href":"https:\/\/biblian.is\/gudbrandsbiblia\/wp-json\/wp\/v2\/pages"}],"about":[{"href":"https:\/\/biblian.is\/gudbrandsbiblia\/wp-json\/wp\/v2\/types\/page"}],"author":[{"embeddable":true,"href":"https:\/\/biblian.is\/gudbrandsbiblia\/wp-json\/wp\/v2\/users\/1"}],"replies":[{"embeddable":true,"href":"https:\/\/biblian.is\/gudbrandsbiblia\/wp-json\/wp\/v2\/comments?post=2960"}],"version-history":[{"count":0,"href":"https:\/\/biblian.is\/gudbrandsbiblia\/wp-json\/wp\/v2\/pages\/2960\/revisions"}],"wp:attachment":[{"href":"https:\/\/biblian.is\/gudbrandsbiblia\/wp-json\/wp\/v2\/media?parent=2960"}],"curies":[{"name":"wp","href":"https:\/\/api.w.org\/{rel}","templated":true}]}}